000
CXUS52 KFFC 011110
CF6CSG
PRELIMINARY LOCAL CLIMATOLOGICAL DATA (WS FORM: F-6)
STATION: COLUMBUS
MONTH: FEBRUARY
YEAR: 2022
LATITUDE: 32 31 N
LONGITUDE: 84 56 W
TEMPERATURE IN F: :PCPN: SNOW: WIND :SUNSHINE: SKY :PK WND
================================================================================
1 2 3 4 5 6A 6B 7 8 9 10 11 12 13 14 15 16 17 18
12Z AVG MX 2MIN
DY MAX MIN AVG DEP HDD CDD WTR SNW DPTH SPD SPD DIR MIN PSBL S-S WX SPD DR
================================================================================
1 67 38 53 3 12 0 0.00 0.0 M 7.4 18 140 M M 0 8 24 140
2 72 47 60 10 5 0 0.05 M M 9.9 25 150 M M 3 35 160
3 70 60 65 15 0 0 2.54 0.0 M 10.1 21 190 M M 10 13 33 170
4 67 38 53 3 12 0 2.05 M M 9.2 20 240 M M 10 13 29 230
5 51 31 41 -9 24 0 0.00 0.0 M 8.4 17 330 M M 2 26 330
6 56 35 46 -4 19 0 0.00 0.0 M 8.6 17 90 M M 4 24 90
7 53 44 49 -2 16 0 0.00 0.0 M 4.4 12 80 M M 6 15 80
8 60 38 49 -2 16 0 0.00 0.0 M 5.1 16 40 M M 0 25 30
9 64 30 47 -4 18 0 0.00 0.0 M 1.9 15 320 M M 0 19 320
10 69 32 51 0 14 0 0.00 0.0 M 1.8 10 260 M M 0 8 16 260
11 68 34 51 -1 14 0 0.00 0.0 M 2.3 15 230 M M 0 22 270
12 71 37 54 2 11 0 0.00 0.0 M 2.5 12 350 M M 0 16 340
13 54 39 47 -5 18 0 T M M 10.4 23 330 M M 1 32 340
14 60 27 44 -8 21 0 0.00 0.0 M 2.7 16 310 M M 0 21 290
15 67 32 50 -2 15 0 0.00 0.0 M 4.7 14 160 M M 1 8 19 140
16 74 44 59 6 6 0 0.00 0.0 M 8.8 20 190 M M 3 27 180
17 76 57 67 14 0 2 0.01 0.0 M 12.7 25 200 M M 9 36 220
18 71 39 55 2 10 0 0.52 M M 9.3 26 290 M M 5 18 45 280
19 62 32 47 -6 18 0 0.00 0.0 M 7.3 21 20 M M 0 31 30
20 67 32 50 -4 15 0 0.00 0.0 M 3.7 16 100 M M 1 20 100
21 56 50 53 -1 12 0 1.07 0.0 M 5.3 12 100 M M 9 13 16 110
22 78 55 67 13 0 2 T 0.0 M 5.4 17 230 M M 6 1 23 230
23 80 55 68 14 0 3 0.00 0.0 M 4.2 14 240 M M 4 12 21 260
24 82 57 70 16 0 5 0.00 0.0 M 5.0 16 240 M M 4 1 24 240
25 70 54 62 7 3 0 0.02 0.0 M 6.8 16 330 M M 8 1 21 340
26 72 43 58 3 7 0 0.00 0.0 M 4.3 12 330 M M 3 16 310
27 63 52 58 3 7 0 T 0.0 M 5.4 17 330 M M 9 24 350
28 68 49 59 4 6 0 0.00 0.0 M 5.2 17 80 M M 5 25 80
================================================================================
SM 1868 1181 299 12 6.26 0.0 172.8 M 103
================================================================================
AV 66.7 42.2 6.2 FASTST M M 4 MAX(MPH)
MISC ----> 26 290 45 280
================================================================================
NOTES:
# LAST OF SEVERAL OCCURRENCES
COLUMN 17 PEAK WIND IN M.P.H.
PRELIMINARY LOCAL CLIMATOLOGICAL DATA (WS FORM: F-6) , PAGE 2
STATION: COLUMBUS
MONTH: FEBRUARY
YEAR: 2022
LATITUDE: 32 31 N
LONGITUDE: 84 56 W
[TEMPERATURE DATA] [PRECIPITATION DATA] SYMBOLS USED IN COLUMN 16
AVERAGE MONTHLY: 54.4 TOTAL FOR MONTH: 6.26 1 = FOG OR MIST
DPTR FM NORMAL: 2.1 DPTR FM NORMAL: 1.80 2 = FOG REDUCING VISIBILITY
HIGHEST: 82 ON 24 GRTST 24HR 4.56 ON 3- 4 TO 1/4 MILE OR LESS
LOWEST: 27 ON 14 3 = THUNDER
SNOW, ICE PELLETS, HAIL 4 = ICE PELLETS
TOTAL MONTH: 0.0 INCH 5 = HAIL
GRTST 24HR 0.0 6 = FREEZING RAIN OR DRIZZLE
GRTST DEPTH: M ON M 7 = DUSTSTORM OR SANDSTORM:
VSBY 1/2 MILE OR LESS
8 = SMOKE OR HAZE
[NO. OF DAYS WITH] [WEATHER - DAYS WITH] 9 = BLOWING SNOW
X = TORNADO
MAX 32 OR BELOW: 0 0.01 INCH OR MORE: 7
MAX 90 OR ABOVE: 0 0.10 INCH OR MORE: 4
MIN 32 OR BELOW: 7 0.50 INCH OR MORE: 4
MIN 0 OR BELOW: 0 1.00 INCH OR MORE: 3
[HDD (BASE 65) ]
TOTAL THIS MO. 299 CLEAR (SCALE 0-3) 15
DPTR FM NORMAL -62 PTCLDY (SCALE 4-7) 8
TOTAL FM JUL 1 1462 CLOUDY (SCALE 8-10) 5
DPTR FM NORMAL -180
[CDD (BASE 65) ]
TOTAL THIS MO. 12
DPTR FM NORMAL 5 [PRESSURE DATA]
TOTAL FM JAN 1 23 HIGHEST SLP 30.53 ON 15
DPTR FM NORMAL 21 LOWEST SLP 29.87 ON 18
[REMARKS]
#FINAL-02-22#