000
CXUS54 KOUN 010810
CF6CSM
PRELIMINARY LOCAL CLIMATOLOGICAL DATA (WS FORM: F-6)
STATION: CLINTON
MONTH: MARCH
YEAR: 2024
LATITUDE: 35 20 N
LONGITUDE: 99 12 W
TEMPERATURE IN F: :PCPN: SNOW: WIND :SUNSHINE: SKY :PK WND
================================================================================
1 2 3 4 5 6A 6B 7 8 9 10 11 12 13 14 15 16 17 18
12Z AVG MX 2MIN
DY MAX MIN AVG DEP HDD CDD WTR SNW DPTH SPD SPD DIR MIN PSBL S-S WX SPD DR
================================================================================
1 53 33 43 -2 22 0 0.00 M M 11.5 20 170 M M 7 128 25 180
2 75 40 58 12 7 0 0.00 M M 16.1 29 180 M M 0 37 180
3 77 43 60 14 5 0 0.00 M M 16.4 24 170 M M 0 31 210
4 67 43 55 9 10 0 0.00 M M 11.5 21 190 M M 0 27 200
5 62 36 49 2 16 0 0.00 M M 13.2 22 30 M M 0 31 60
6 62 32 47 0 18 0 0.00 M M 7.6 16 170 M M 0 18 20 170
7 72 51 62 15 3 0 0.05 0.0 0 15.0 31 170 M M 4 3 39 170
8 52 34 43 -5 22 0 0.21 0.0 0 21.2 33 350 M M 9 138 42 350
9 55 31 43 -5 22 0 0.00 0.0 0 10.2 29 350 M M 2 35 350
10 62 32 47 -1 18 0 0.00 0.0 0 12.9 22 190 M M 0 29 180
11 66 35 51 2 14 0 0.00 0.0 M 17.7 29 190 M M 0 37 180
12 77 46 62 13 3 0 0.00 0.0 M 13.6 26 200 M M 0 34 200
13 81 48 65 16 0 0 0.00 0.0 M 15.5 33 220 M M 0 44 210
14 75 43 59 9 6 0 0.00 M M 12.5 26 10 M M 0 37 360
15 56 40 48 -2 17 0 T M M 17.0 31 30 M M 7 41 20
16 54 36 45 -5 20 0 0.06 M M 6.3 13 10 M M 7 15 10
17 62 37 50 -1 15 0 T M M 12.2 24 40 M M 4 33 60
18 56 29 43 -8 22 0 0.00 M M 8.1 16 30 M M 0 8 20 50
19 70 36 53 2 12 0 0.00 M M 16.7 24 210 M M 0 32 200
20 74 45 60 8 5 0 T M M 12.8 29 40 M M 1 38 40
21 63 43 53 1 12 0 T M M 7.5 17 70 M M 5 12 23 110
22 66 38 52 0 13 0 0.00 M M 12.2 29 20 M M 5 12 39 20
23 57 29 43 -10 22 0 0.00 M M 11.9 28 160 M M 1 1 35 160
24 65 54 60 7 5 0 0.00 0.0 0 24.7 40 160 M M 7 55 180
25 57 32 45 -8 20 0 T M 0 19.3 26 320 M M 4 37 270
26 53 27 40 -13 25 0 T T M 11.5 23 330 M M 1 8 33 320
27 45 32 39 -15 26 0 0.07 M 0 7.8 15 70 M M 7 19 60
28 67 28 48 -6 17 0 0.00 M M 14.4 26 170 M M 0 1 36 160
29 68 50 59 5 6 0 0.00 M M 19.3 30 190 M M 0 39 190
30 70 46 58 4 7 0 0.00 M M 8.3 15 10 M M 2 128 22 360
31 71 59 65 10 0 0 0.00 M M 14.9 25 160 M M 1 1 35 160
================================================================================
SM 1990 1208 410 0 0.39 T 419.8 M 74
================================================================================
AV 64.2 39.0 13.5 FASTST M M 2 MAX(MPH)
MISC ----> 40 160 55 180
================================================================================
NOTES:
# LAST OF SEVERAL OCCURRENCES
COLUMN 17 PEAK WIND IN M.P.H.
PRELIMINARY LOCAL CLIMATOLOGICAL DATA (WS FORM: F-6) , PAGE 2
STATION: CLINTON
MONTH: MARCH
YEAR: 2024
LATITUDE: 35 20 N
LONGITUDE: 99 12 W
[TEMPERATURE DATA] [PRECIPITATION DATA] SYMBOLS USED IN COLUMN 16
AVERAGE MONTHLY: 51.6 TOTAL FOR MONTH: 0.39 1 = FOG OR MIST
DPTR FM NORMAL: 1.4 DPTR FM NORMAL: -1.01 2 = FOG REDUCING VISIBILITY
HIGHEST: 81 ON 13 GRTST 24HR 0.26 ON 7- 8 TO 1/4 MILE OR LESS
LOWEST: 27 ON 26 3 = THUNDER
SNOW, ICE PELLETS, HAIL 4 = ICE PELLETS
TOTAL MONTH: T 5 = HAIL
GRTST 24HR T ON 26-26 6 = FREEZING RAIN OR DRIZZLE
GRTST DEPTH: 0 7 = DUSTSTORM OR SANDSTORM:
VSBY 1/2 MILE OR LESS
8 = SMOKE OR HAZE
[NO. OF DAYS WITH] [WEATHER - DAYS WITH] 9 = BLOWING SNOW
X = TORNADO
MAX 32 OR BELOW: 0 0.01 INCH OR MORE: 4
MAX 90 OR ABOVE: 0 0.10 INCH OR MORE: 1
MIN 32 OR BELOW: 9 0.50 INCH OR MORE: 0
MIN 0 OR BELOW: 0 1.00 INCH OR MORE: 0
[HDD (BASE 65) ]
TOTAL THIS MO. 410 CLEAR (SCALE 0-3) 20
DPTR FM NORMAL -53 PTCLDY (SCALE 4-7) 10
TOTAL FM JUL 1 3142 CLOUDY (SCALE 8-10) 1
DPTR FM NORMAL -308
[CDD (BASE 65) ]
TOTAL THIS MO. 0
DPTR FM NORMAL -6 [PRESSURE DATA]
TOTAL FM JAN 1 3 HIGHEST SLP M ON M
DPTR FM NORMAL -3 LOWEST SLP 29.24 ON 24
[REMARKS]
#FINAL-03-24#