000
CXUS55 KOHX 011110
CF6CSV
PRELIMINARY LOCAL CLIMATOLOGICAL DATA (WS FORM: F-6)
STATION: CROSSVILLE
MONTH: MAY
YEAR: 2023
LATITUDE: 35 57 N
LONGITUDE: 85 5 W
TEMPERATURE IN F: :PCPN: SNOW: WIND :SUNSHINE: SKY :PK WND
================================================================================
1 2 3 4 5 6A 6B 7 8 9 10 11 12 13 14 15 16 17 18
12Z AVG MX 2MIN
DY MAX MIN AVG DEP HDD CDD WTR SNW DPTH SPD SPD DIR MIN PSBL S-S WX SPD DR
================================================================================
1 59 40 50 -10 15 0 0.00 M M 14.2 29 280 M M 4 43 260
2 59 40 50 -10 15 0 0.00 M M 12.2 29 270 M M M 41 270
3 61 38 50 -10 15 0 0.00 M M 8.5 22 320 M M 0 32 300
4 67 34 51 -9 14 0 0.00 M M 2.5 14 330 M M 0 19 330
5 70 46 58 -3 7 0 0.00 M M 4.1 12 190 M M 4 20 190
6 72 53 63 2 2 0 0.00 M M 5.2 14 140 M M 6 22 190
7 79 58 69 8 0 4 1.06 M M 7.0 24 290 M M 6 138 36 290
8 74 58 66 5 0 1 0.43 M M 4.6 14 270 M M 7 1 20 240
9 77 57 67 5 0 2 0.08 M M 6.7 21 300 M M 3 13 34 300
10 79 51 65 3 0 0 0.00 M M 2.7 12 90 M M 1 1 16 100
11 72 59 66 4 0 1 0.04 M M 3.2 10 180 M M 5 1 18 180
12 71 59 65 3 0 0 0.03 M M 3.6 13 260 M M 5 1 20 150
13 79 57 68 6 0 3 0.04 M M 3.6 14 270 M M 4 12 19 260
14 79 59 69 6 0 4 0.16 M M 3.0 21 340 M M 2 1 30 350
15 79 59 69 6 0 4 0.63 M M 2.3 16 350 M M M 24 260
16 80 63 72 9 0 7 0.37 M M 6.2 21 270 M M M 31 330
17 74 57 66 3 0 1 0.00 M M 6.0 16 50 M M M 22 50
18 74 54 64 0 1 0 0.00 M M 5.3 15 140 M M M 27 130
19 74 55 65 1 0 0 0.00 M M 3.7 13 160 M M M 23 170
20 66 55 61 -3 4 0 0.39 M M 4.6 12 20 M M M 20 20
21 73 49 61 -3 4 0 0.00 M M 6.4 14 20 M M M 21 10
22 77 51 64 0 1 0 0.00 M M 3.0 10 140 M M M 15 130
23 74 53 64 -1 1 0 0.00 M M 2.5 12 20 M M 4 1 17 150
24 75 51 63 -2 2 0 0.00 M M 3.3 15 20 M M 1 1 20 20
25 76 49 63 -2 2 0 0.00 M M 6.2 16 20 M M 1 1 24 20
26 75 51 63 -2 2 0 0.01 M M 2.6 13 280 M M 3 13 18 280
27 73 52 63 -3 2 0 0.00 M M 5.6 14 20 M M 0 1 22 60
28 62 49 56 -10 9 0 0.00 M M 4.8 10 10 M M 7 15 340
29 69 52 61 -5 4 0 0.00 M M 4.4 14 60 M M 9 1 19 30
30 78 51 65 -1 0 0 0.00 M M 1.4 8 240 M M 4 1 13 170
31 78 58 68 1 0 3 0.15 M M 2.0 10 120 M M 6 1 20 120
================================================================================
SM 2255 1618 100 30 3.39 M 151.4 M 82
================================================================================
AV 72.7 52.2 4.9 FASTST M M 4 MAX(MPH)
MISC ----> # 29 280 43 260
================================================================================
NOTES:
# LAST OF SEVERAL OCCURRENCES
COLUMN 17 PEAK WIND IN M.P.H.
PRELIMINARY LOCAL CLIMATOLOGICAL DATA (WS FORM: F-6) , PAGE 2
STATION: CROSSVILLE
MONTH: MAY
YEAR: 2023
LATITUDE: 35 57 N
LONGITUDE: 85 5 W
[TEMPERATURE DATA] [PRECIPITATION DATA] SYMBOLS USED IN COLUMN 16
AVERAGE MONTHLY: 62.5 TOTAL FOR MONTH: 3.39 1 = FOG OR MIST
DPTR FM NORMAL: -0.7 DPTR FM NORMAL: -1.79 2 = FOG REDUCING VISIBILITY
HIGHEST: 80 ON 16 GRTST 24HR 1.49 ON 7- 8 TO 1/4 MILE OR LESS
LOWEST: 34 ON 4 3 = THUNDER
SNOW, ICE PELLETS, HAIL 4 = ICE PELLETS
TOTAL MONTH: M 5 = HAIL
GRTST 24HR M ON M 6 = FREEZING RAIN OR DRIZZLE
GRTST DEPTH: M ON M 7 = DUSTSTORM OR SANDSTORM:
VSBY 1/2 MILE OR LESS
8 = SMOKE OR HAZE
[NO. OF DAYS WITH] [WEATHER - DAYS WITH] 9 = BLOWING SNOW
X = TORNADO
MAX 32 OR BELOW: 0 0.01 INCH OR MORE: 12
MAX 90 OR ABOVE: 0 0.10 INCH OR MORE: 7
MIN 32 OR BELOW: 0 0.50 INCH OR MORE: 2
MIN 0 OR BELOW: 0 1.00 INCH OR MORE: 1
[HDD (BASE 65) ]
TOTAL THIS MO. 100 CLEAR (SCALE 0-3) 9
DPTR FM NORMAL -15 PTCLDY (SCALE 4-7) 12
TOTAL FM JUL 1 3902 CLOUDY (SCALE 8-10) 10
DPTR FM NORMAL -477
[CDD (BASE 65) ]
TOTAL THIS MO. 30
DPTR FM NORMAL -30 [PRESSURE DATA]
TOTAL FM JAN 1 42 HIGHEST SLP 30.23 ON 6
DPTR FM NORMAL -31 LOWEST SLP 29.63 ON 1
[REMARKS]
#FINAL-05-23#