000
CXUS56 KTFX 042152
CF6CTB
PRELIMINARY LOCAL CLIMATOLOGICAL DATA (WS FORM: F-6)
STATION: CUT BANK MT
MONTH: FEBRUARY
YEAR: 2022
LATITUDE: 48 37 N
LONGITUDE: 112 23 W
TEMPERATURE IN F: :PCPN: SNOW: WIND :SUNSHINE: SKY :PK WND
================================================================================
1 2 3 4 5 6A 6B 7 8 9 10 11 12 13 14 15 16 17 18
12Z AVG MX 2MIN
DY MAX MIN AVG DEP HDD CDD WTR SNW DPTH SPD SPD DIR MIN PSBL S-S WX SPD DR
================================================================================
1 5 -9 -2 -24 67 0 0.05 M 1 10.4 22 10 M M 10 18 28 10
2 -2 -19 -10 -32 75 0 0.00 M 2 9.2 21 150 M M 1 18 25 150
3 23 -5 9 -13 56 0 T M 1 12.2 28 260 M M 1 34 260
4 42 -2 20 -2 45 0 0.00 M T 29.8 55 250 M M 0 70 260
5 45 25 35 13 30 0 T M 0 22.1 46 260 M M 4 1 55 260
6 49 29 39 17 26 0 0.00 M 0 26.1 39 260 M M 0 47 260
7 55 37 46 24 19 0 0.00 M 0 32.7 66 250 M M 0 81 240
8 45 34 40 18 25 0 0.00 M 0 30.4 44 260 M M 0 54 260
9 50 35 43 21 22 0 0.00 M 0 30.2 43 250 M M 0 54 250
10 57 33 45 23 20 0 0.00 M 0 27.6 60 270 M M 2 78 260
11 34 13 24 2 41 0 T M T 10.5 30 350 M M 5 12 38 350
12 45 13 29 7 36 0 0.00 M 0 8.4 18 250 M M 0 24 260
13 50 27 39 16 26 0 0.00 M 0 11.8 33 260 M M 0 43 250
14 42 23 33 10 32 0 0.00 M 0 5.5 20 350 M M 5 23 350
15 33 25 29 6 36 0 0.04 M T 11.5 25 340 M M 10 1 31 330
16 25 11 18 -5 47 0 0.10 M 1 9.0 20 260 M M 9 1 24 110
17 39 14 27 4 38 0 0.00 M 1 29.8 47 270 M M 1 8 58 260
18 39 19 29 6 36 0 0.01 M T 16.1 32 270 M M 4 42 260
19 50 32 41 18 24 0 0.00 M T 32.2 59 250 M M 0 72 250
20 33 -4 15 -8 50 0 0.11 M 0 19.3 41 350 M M 8 18 52 330
21 -2 -9 -5 -29 70 0 0.03 M 2 15.0 21 350 M M 10 18 27 350
22 -4 -22 -13 -37 78 0 0.04 M 3 9.0 16 350 M M 8 8 20 350
23 0 -26 -13 -37 78 0 0.00 M 3 6.9 18 150 M M 1 23 160
24 20 -5 8 -16 57 0 T M 2 14.2 26 340 M M 7 18 32 330
25 24 10 17 -7 48 0 0.00 M 2 22.8 33 260 M M 2 43 270
26 39 17 28 3 37 0 0.00 M 2 25.3 40 250 M M 0 49 250
27 43 32 38 13 27 0 0.00 M 2 35.0 53 250 M M 0 65 250
28 48 35 42 17 23 0 0.00 M T 18.9 47 240 M M 0 63 240
================================================================================
SM 927 363 1169 0 0.38 M 531.9 M 88
================================================================================
AV 33.1 13.0 19.0 FASTST M M 3 MAX(MPH)
MISC ----> 66 250 81 240
================================================================================
NOTES:
# LAST OF SEVERAL OCCURRENCES
COLUMN 17 PEAK WIND IN M.P.H.
PRELIMINARY LOCAL CLIMATOLOGICAL DATA (WS FORM: F-6) , PAGE 2
STATION: CUT BANK MT
MONTH: FEBRUARY
YEAR: 2022
LATITUDE: 48 37 N
LONGITUDE: 112 23 W
[TEMPERATURE DATA] [PRECIPITATION DATA] SYMBOLS USED IN COLUMN 16
AVERAGE MONTHLY: 23.0 TOTAL FOR MONTH: 0.38 1 = FOG OR MIST
DPTR FM NORMAL: -0.1 DPTR FM NORMAL: 0.15 2 = FOG REDUCING VISIBILITY
HIGHEST: 57 ON 10 GRTST 24HR 0.11 ON 20-20 TO 1/4 MILE OR LESS
LOWEST: -26 ON 23 3 = THUNDER
SNOW, ICE PELLETS, HAIL 4 = ICE PELLETS
TOTAL MONTH: M 5 = HAIL
GRTST 24HR M ON M 6 = FREEZING RAIN OR DRIZZLE
GRTST DEPTH: 3 ON 23,22 7 = DUSTSTORM OR SANDSTORM:
VSBY 1/2 MILE OR LESS
8 = SMOKE OR HAZE
[NO. OF DAYS WITH] [WEATHER - DAYS WITH] 9 = BLOWING SNOW
X = TORNADO
MAX 32 OR BELOW: 9 0.01 INCH OR MORE: 7
MAX 90 OR ABOVE: 0 0.10 INCH OR MORE: 2
MIN 32 OR BELOW: 23 0.50 INCH OR MORE: 0
MIN 0 OR BELOW: 9 1.00 INCH OR MORE: 0
[HDD (BASE 65) ]
TOTAL THIS MO. 1169 CLEAR (SCALE 0-3) 17
DPTR FM NORMAL -4 PTCLDY (SCALE 4-7) 6
TOTAL FM JUL 1 5841 CLOUDY (SCALE 8-10) 5
DPTR FM NORMAL -234
[CDD (BASE 65) ]
TOTAL THIS MO. 0
DPTR FM NORMAL 0 [PRESSURE DATA]
TOTAL FM JAN 1 0 HIGHEST SLP 30.79 ON 22
DPTR FM NORMAL 0 LOWEST SLP 29.45 ON 19
[REMARKS]
#FINAL-02-22#