000
CXUS56 KTFX 012138
CF6CTB
PRELIMINARY LOCAL CLIMATOLOGICAL DATA (WS FORM: F-6)
STATION: CUT BANK MT
MONTH: JUNE
YEAR: 2020
LATITUDE: 48 37 N
LONGITUDE: 112 23 W
TEMPERATURE IN F: :PCPN: SNOW: WIND :SUNSHINE: SKY :PK WND
================================================================================
1 2 3 4 5 6A 6B 7 8 9 10 11 12 13 14 15 16 17 18
12Z AVG MX 2MIN
DY MAX MIN AVG DEP HDD CDD WTR SNW DPTH SPD SPD DIR MIN PSBL S-S WX SPD DR
================================================================================
1 70 46 58 4 7 0 0.00 M 0 19.8 35 250 M M 1 40 250
2 72 41 57 2 8 0 0.00 M 0 16.1 30 250 M M 0 35 250
3 71 48 60 5 5 0 0.00 M 0 13.7 29 250 M M 0 35 250
4 66 40 53 -2 12 0 0.00 M 0 8.7 25 260 M M 6 32 240
5 73 37 55 0 10 0 0.00 M 0 7.8 23 110 M M 1 29 110
6 64 48 56 0 9 0 0.22 M 0 11.8 22 350 M M 6 1 26 340
7 60 45 53 -3 12 0 0.16 M 0 14.0 24 250 M M 10 1 29 300
8 55 43 49 -7 16 0 0.41 M 0 10.6 31 260 M M 8 1 36 260
9 61 39 50 -6 15 0 0.00 M 0 20.1 33 250 M M 0 8 39 250
10 70 46 58 2 7 0 0.00 M 0 17.3 30 260 M M 2 38 250
11 77 46 62 5 3 0 0.00 M 0 7.0 16 260 M M 0 19 260
12 86 49 68 11 0 3 0.04 M 0 10.3 24 140 M M 0 3 30 140
13 81 50 66 9 0 1 0.00 M 0 17.6 48 260 M M 0 59 260
14 61 45 53 -4 12 0 0.00 M 0 27.4 41 250 M M 0 52 250
15 67 43 55 -3 10 0 0.00 M 0 21.9 39 250 M M 0 47 250
16 65 38 52 -6 13 0 0.15 M 0 12.3 29 340 M M 4 1 34 340
17 61 48 55 -3 10 0 0.05 M 0 17.9 31 360 M M 8 1 39 320
18 63 46 55 -3 10 0 0.08 M 0 11.4 23 360 M M 8 1 28 310
19 70 48 59 1 6 0 0.23 M 0 8.8 29 270 M M 5 13 37 290
20 76 48 62 3 3 0 0.00 M 0 13.6 32 240 M M 2 38 240
21 76 51 64 5 1 0 0.00 M 0 13.5 28 280 M M 5 36 250
22 78 47 63 4 2 0 0.00 M 0 7.9 18 250 M M 1 24 270
23 86 54 70 10 0 5 0.00 M 0 9.5 21 260 M M 0 24 260
24 82 53 68 8 0 3 0.05 M 0 11.0 39 240 M M 3 3 49 240
25 77 49 63 3 2 0 0.00 M 0 7.6 18 320 M M 2 21 320
26 84 51 68 8 0 3 0.00 M 0 11.7 29 250 M M 0 33 250
27 78 51 65 5 0 0 0.00 M 0 16.0 26 360 M M 2 32 360
28 61 45 53 -8 12 0 0.06 M 0 16.4 28 350 M M 6 18 34 350
29 55 49 52 -9 13 0 0.87 M 0 14.0 22 10 M M 10 1 26 360
30 57 48 53 -8 12 0 0.33 M 0 12.6 25 240 M M 9 1 32 240
================================================================================
SM 2103 1392 210 15 2.65 M 408.3 M 99
================================================================================
AV 70.1 46.4 13.6 FASTST M M 3 MAX(MPH)
MISC ----> 48 260 59 260
================================================================================
NOTES:
# LAST OF SEVERAL OCCURRENCES
COLUMN 17 PEAK WIND IN M.P.H.
PRELIMINARY LOCAL CLIMATOLOGICAL DATA (WS FORM: F-6) , PAGE 2
STATION: CUT BANK MT
MONTH: JUNE
YEAR: 2020
LATITUDE: 48 37 N
LONGITUDE: 112 23 W
[TEMPERATURE DATA] [PRECIPITATION DATA] SYMBOLS USED IN COLUMN 16
AVERAGE MONTHLY: 58.3 TOTAL FOR MONTH: 2.65 1 = FOG OR MIST
DPTR FM NORMAL: 0.5 DPTR FM NORMAL: 0.10 2 = FOG REDUCING VISIBILITY
HIGHEST: 86 ON 23,12 GRTST 24HR 1.14 ON 29-30 TO 1/4 MILE OR LESS
LOWEST: 37 ON 5 3 = THUNDER
SNOW, ICE PELLETS, HAIL 4 = ICE PELLETS
TOTAL MONTH: M 5 = HAIL
GRTST 24HR M ON M 6 = FREEZING RAIN OR DRIZZLE
GRTST DEPTH: 0 7 = DUSTSTORM OR SANDSTORM:
VSBY 1/2 MILE OR LESS
8 = SMOKE OR HAZE
[NO. OF DAYS WITH] [WEATHER - DAYS WITH] 9 = BLOWING SNOW
X = TORNADO
MAX 32 OR BELOW: 0 0.01 INCH OR MORE: 12
MAX 90 OR ABOVE: 0 0.10 INCH OR MORE: 7
MIN 32 OR BELOW: 0 0.50 INCH OR MORE: 1
MIN 0 OR BELOW: 0 1.00 INCH OR MORE: 0
[HDD (BASE 65) ]
TOTAL THIS MO. 210 CLEAR (SCALE 0-3) 18
DPTR FM NORMAL -23 PTCLDY (SCALE 4-7) 9
TOTAL FM JUL 1 8889 CLOUDY (SCALE 8-10) 3
DPTR FM NORMAL 369
[CDD (BASE 65) ]
TOTAL THIS MO. 15
DPTR FM NORMAL 0 [PRESSURE DATA]
TOTAL FM JAN 1 15 HIGHEST SLP 30.23 ON 18
DPTR FM NORMAL -2 LOWEST SLP 29.39 ON 13
[REMARKS]
#FINAL-06-20#