480
CXUS52 KTAE 010900
CF6CTY
PRELIMINARY LOCAL CLIMATOLOGICAL DATA (WS FORM: F-6)
STATION: CROSS CITY
MONTH: OCTOBER
YEAR: 2020
LATITUDE: 29 37 N
LONGITUDE: 83 6 W
TEMPERATURE IN F: :PCPN: SNOW: WIND :SUNSHINE: SKY :PK WND
================================================================================
1 2 3 4 5 6A 6B 7 8 9 10 11 12 13 14 15 16 17 18
12Z AVG MX 2MIN
DY MAX MIN AVG DEP HDD CDD WTR SNW DPTH SPD SPD DIR MIN PSBL S-S WX SPD DR
================================================================================
1 79 51 65 -10 0 0 0.00 0.0 M 2.3 8 20 M M 0 8 M M
2 M M M M M M M M M M M M M M M M M
3 79 59 69 -5 0 4 0.00 0.0 M 8.0 13 40 M M 1 18 40
4 68 63 66 -8 0 1 0.21 0.0 M 6.9 9 30 M M 8 1 M M
5 73 65 69 -5 0 4 0.09 0.0 0 7.3 12 40 M M 8 17 60
6 90 71 81 7 0 16 0.00 0.0 0 5.8 13 40 M M 6 18 M M
7 91 73 82 9 0 17 0.31 0.0 M 4.5 13 160 M M 7 1 18 160
8 88 76 82 9 0 17 0.00 0.0 M 3.2 7 240 M M 5 8 M M
9 90 75 83 11 0 18 0.00 0.0 M 4.2 8 110 M M 5 M M
10 90 74 82 10 0 17 0.00 0.0 M 7.4 16 200 M M 4 22 170
11 87 71 79 7 0 14 0.05 0.0 M 7.3 15 250 M M 4 21 250
12 86 67 77 5 0 12 0.00 0.0 M 4.7 15 270 M M 4 20 270
13 90 64 77 6 0 12 0.00 0.0 M 3.4 12 340 M M 2 12 22 340
14 90 67 79 8 0 14 0.00 0.0 M 2.7 6 240 M M 1 1 M M
15 86 67 77 6 0 12 0.00 0.0 M 2.3 8 210 M M 2 1 M M
16 88 66 77 7 0 12 0.00 0.0 M 4.2 9 360 M M 4 12 M M
17 83 59 71 1 0 6 0.00 0.0 M 8.7 12 30 M M 0 17 10
18 86 64 75 5 0 10 0.00 0.0 M 8.0 M M M M 4 M M
19 88 69 79 10 0 14 0.01 0.0 M 8.4 M M M M 5 3 M 70
20 87 72 80 11 0 15 0.01 0.0 M 7.8 13 40 M M 5 20 40
21 87 72 80 11 0 15 0.05 0.0 M 7.1 12 40 M M 4 20 60
22 87 71 79 10 0 14 0.00 0.0 M 8.2 14 70 M M 5 23 50
23 88 70 79 11 0 14 0.00 0.0 M 5.3 8 50 M M 3 17 50
24 88 66 77 9 0 12 0.40 0.0 M 4.1 16 300 M M 3 18 21 300
25 87 64 76 8 0 11 0.00 0.0 M 3.1 8 340 M M 2 1 M M
26 88 68 78 10 0 13 0.00 0.0 M 5.2 13 70 M M 5 1 M M
27 91 74 83 16 0 18 0.53 0.0 M 5.6 10 110 M M 8 1 21 230
28 91 74 83 16 0 18 0.00 0.0 M 4.8 9 140 M M 5 17 120
29 87 67 77 10 0 12 0.05 0.0 M 12.2 20 200 M M 7 1 35 220
30 73 52 63 -3 2 0 0.00 0.0 M 5.9 15 20 M M 0 18 350
31 84 50 67 1 0 2 0.00 0.0 M 5.6 13 30 M M 1 18 30
================================================================================
SM 2570 2001 2 344 1.71 0.0 174.2 M 118
================================================================================
AV 85.7 66.7 5.8 FASTST M M 4 MAX(MPH)
MISC ----> 20 200 35 220
================================================================================
NOTES:
# LAST OF SEVERAL OCCURRENCES
COLUMN 17 PEAK WIND IN M.P.H.
PRELIMINARY LOCAL CLIMATOLOGICAL DATA (WS FORM: F-6) , PAGE 2
STATION: CROSS CITY
MONTH: OCTOBER
YEAR: 2020
LATITUDE: 29 37 N
LONGITUDE: 83 6 W
[TEMPERATURE DATA] [PRECIPITATION DATA] SYMBOLS USED IN COLUMN 16
AVERAGE MONTHLY: 76.2 TOTAL FOR MONTH: 1.71 1 = FOG OR MIST
DPTR FM NORMAL: 5.8 DPTR FM NORMAL: -1.69 2 = FOG REDUCING VISIBILITY
HIGHEST: 91 ON 28,27 GRTST 24HR 0.53 ON 27-27 TO 1/4 MILE OR LESS
LOWEST: 50 ON 31 3 = THUNDER
SNOW, ICE PELLETS, HAIL 4 = ICE PELLETS
TOTAL MONTH: 0.0 INCH 5 = HAIL
GRTST 24HR 0.0 6 = FREEZING RAIN OR DRIZZLE
GRTST DEPTH: 0 7 = DUSTSTORM OR SANDSTORM:
VSBY 1/2 MILE OR LESS
8 = SMOKE OR HAZE
[NO. OF DAYS WITH] [WEATHER - DAYS WITH] 9 = BLOWING SNOW
X = TORNADO
MAX 32 OR BELOW: 0 0.01 INCH OR MORE: 10
MAX 90 OR ABOVE: 8 0.10 INCH OR MORE: 4
MIN 32 OR BELOW: 0 0.50 INCH OR MORE: 1
MIN 0 OR BELOW: 0 1.00 INCH OR MORE: 0
[HDD (BASE 65) ]
TOTAL THIS MO. 2 CLEAR (SCALE 0-3) 10
DPTR FM NORMAL -30 PTCLDY (SCALE 4-7) 19
TOTAL FM JUL 1 2 CLOUDY (SCALE 8-10) 2
DPTR FM NORMAL -29
[CDD (BASE 65) ]
TOTAL THIS MO. 344
DPTR FM NORMAL 143 [PRESSURE DATA]
TOTAL FM JAN 1 2975 HIGHEST SLP M ON M
DPTR FM NORMAL 432 LOWEST SLP M ON M
[REMARKS]
#FINAL-10-20#