000
CXUS55 KCAE 011400
CF6CUB
PRELIMINARY LOCAL CLIMATOLOGICAL DATA (WS FORM: F-6)
STATION: HAMILTON - OWENS AIRPORT SC
MONTH: JUNE
YEAR: 2020
LATITUDE: 33 58 N
LONGITUDE: 80 59 W
TEMPERATURE IN F: :PCPN: SNOW: WIND :SUNSHINE: SKY :PK WND
================================================================================
1 2 3 4 5 6A 6B 7 8 9 10 11 12 13 14 15 16 17 18
12Z AVG MX 2MIN
DY MAX MIN AVG DEP HDD CDD WTR SNW DPTH SPD SPD DIR MIN PSBL S-S WX SPD DR
================================================================================
1 83 62 73 -3 0 8 0.00 M M 2.4 12 180 M M 2 14 40
2 86 61 74 -3 0 9 0.00 M M 4.0 13 220 M M 2 17 190
3 90 68 79 2 0 14 0.00 M M 7.1 15 200 M M 0 18 220
4 88 70 79 2 0 14 0.03 M M 5.9 18 180 M M 3 18 29 170
5 89 71 80 2 0 15 0.09 M M 4.9 15 230 M M 4 18 26 270
6 90 73 82 4 0 17 0.00 M M 3.5 9 290 M M 0 17 300
7 89 72 81 3 0 16 0.00 M M 3.6 10 190 M M 1 15 180
8 88 72 80 2 0 15 0.00 M M 3.3 15 180 M M 3 18 180
9 93 75 84 6 0 19 0.45 M M 2.4 21 250 M M 7 138 27 260
10 90 72 81 2 0 16 0.21 M M 4.4 17 190 M M 3 138 24 190
11 93 74 84 5 0 19 0.28 M M 3.2 13 160 M M 4 138 16 150
12 89 74 82 3 0 17 0.00 M M 3.7 12 70 M M 3 19 60
13 88 70 79 0 0 14 0.00 M M 2.8 12 70 M M 2 22 60
14 85 66 76 -3 0 11 0.00 M M 4.4 14 70 M M 1 22 60
15 71 62 67 -13 0 2 0.00 M M 5.5 10 20 M M 9 1 20 10
16 67 62 65 -15 0 0 0.00 M M 5.1 10 40 M M 10 8 18 30
17 73 61 67 -13 0 2 0.00 M M 2.7 10 280 M M 8 1 14 280
18 80 63 72 -8 0 7 T M M 1.8 13 150 M M 7 19 150
19 87 67 77 -3 0 12 0.08 M M 2.8 17 200 M M 4 138 25 210
20 91 66 79 -1 0 14 0.01 M M 2.9 10 290 M M 1 18 270
21 96 69 83 3 0 18 0.00 M M 3.3 13 160 M M 1 16 160
22 96 71 84 3 0 19 0.06 M M 3.4 21 290 M M 2 38 34 290
23 91 72 82 1 0 17 0.62 M M 5.3 26 260 M M 3 13 36 250
24 90 71 81 0 0 16 1.74 M M 3.6 24 310 M M 1 13 34 310
25 89 70 80 -1 0 15 1.15 M M 5.1 14 250 M M 4 13 20 250
26 91 71 81 0 0 16 0.34 M M 2.8 24 250 M M 3 13 32 270
27 91 72 82 1 0 17 0.05 M M 8.5 28 270 M M 1 8 37 250
28 94 71 83 1 0 18 T M M 7.2 17 260 M M 2 3 29 320
29 95 74 85 3 0 20 0.00 M M 4.5 17 270 M M 2 21 280
30 93 74 84 2 0 19 0.82 M M 2.0 18 340 M M 1 138 33 310
================================================================================
SM 2636 2076 0 416 5.93 M 122.1 M 94
================================================================================
AV 87.9 69.2 4.1 FASTST M M 3 MAX(MPH)
MISC ----> # 28 270 # 37 250
================================================================================
NOTES:
# LAST OF SEVERAL OCCURRENCES
COLUMN 17 PEAK WIND IN M.P.H.
PRELIMINARY LOCAL CLIMATOLOGICAL DATA (WS FORM: F-6) , PAGE 2
STATION: HAMILTON - OWENS AIRPORT SC
MONTH: JUNE
YEAR: 2020
LATITUDE: 33 58 N
LONGITUDE: 80 59 W
[TEMPERATURE DATA] [PRECIPITATION DATA] SYMBOLS USED IN COLUMN 16
AVERAGE MONTHLY: 78.5 TOTAL FOR MONTH: 5.93 1 = FOG OR MIST
DPTR FM NORMAL: -1.0 DPTR FM NORMAL: 1.02 2 = FOG REDUCING VISIBILITY
HIGHEST: 96 ON 22,21 GRTST 24HR 1.74 ON 24-24 TO 1/4 MILE OR LESS
LOWEST: 61 ON 17, 2 3 = THUNDER
SNOW, ICE PELLETS, HAIL 4 = ICE PELLETS
TOTAL MONTH: M 5 = HAIL
GRTST 24HR M ON M 6 = FREEZING RAIN OR DRIZZLE
GRTST DEPTH: M ON M 7 = DUSTSTORM OR SANDSTORM:
VSBY 1/2 MILE OR LESS
8 = SMOKE OR HAZE
[NO. OF DAYS WITH] [WEATHER - DAYS WITH] 9 = BLOWING SNOW
X = TORNADO
MAX 32 OR BELOW: 0 0.01 INCH OR MORE: 14
MAX 90 OR ABOVE: 15 0.10 INCH OR MORE: 8
MIN 32 OR BELOW: 0 0.50 INCH OR MORE: 4
MIN 0 OR BELOW: 0 1.00 INCH OR MORE: 2
[HDD (BASE 65) ]
TOTAL THIS MO. 0 CLEAR (SCALE 0-3) 21
DPTR FM NORMAL 0 PTCLDY (SCALE 4-7) 6
TOTAL FM JUL 1 1797 CLOUDY (SCALE 8-10) 3
DPTR FM NORMAL -518
[CDD (BASE 65) ]
TOTAL THIS MO. 416
DPTR FM NORMAL -17 [PRESSURE DATA]
TOTAL FM JAN 1 814 HIGHEST SLP 30.16 ON 26
DPTR FM NORMAL 45 LOWEST SLP 29.84 ON 30
[REMARKS]
#FINAL-06-20#