000
CXUS53 KUNR 010930
CF6CUT
PRELIMINARY LOCAL CLIMATOLOGICAL DATA (WS FORM: F-6)
STATION: CUSTER COUNTY AIRPORT SD
MONTH: MAY
YEAR: 2023
LATITUDE: 43 43 N
LONGITUDE: 103 37 W
TEMPERATURE IN F: :PCPN: SNOW: WIND :SUNSHINE: SKY :PK WND
================================================================================
1 2 3 4 5 6A 6B 7 8 9 10 11 12 13 14 15 16 17 18
12Z AVG MX 2MIN
DY MAX MIN AVG DEP HDD CDD WTR SNW DPTH SPD SPD DIR MIN PSBL S-S WX SPD DR
================================================================================
1 60 24 42 -1 23 0 0.00 M M 6.2 14 70 M M 0 20 100
2 61 26 44 0 21 0 0.00 M M 4.5 14 110 M M 0 23 130
3 73 35 54 10 11 0 0.01 M M 5.7 15 80 M M 1 3 23 110
4 68 38 53 9 12 0 0.00 M M 10.1 21 60 M M 0 32 70
5 62 44 53 8 12 0 0.11 M M 8.7 21 70 M M 6 1 29 70
6 62 34 48 3 17 0 T M M 7.2 24 280 M M 3 39 270
7 63 33 48 3 17 0 0.00 M M 7.5 21 270 M M 2 12 30 270
8 64 33 49 3 16 0 0.00 M M 6.1 16 240 M M 2 12 25 280
9 70 40 55 9 10 0 0.05 M M 5.6 17 270 M M 2 1 26 160
10 69 42 56 10 9 0 0.34 M M 8.3 21 100 M M 2 13 28 80
11 56 49 53 6 12 0 1.25 M M 5.9 15 70 M M 10 12 22 60
12 50 48 49 2 16 0 0.46 M M 10.0 22 10 M M 10 1 35 360
13 59 47 53 5 12 0 0.05 M M 9.2 20 350 M M 10 1 35 320
14 48 42 45 -3 20 0 0.06 M M 10.8 21 40 M M 10 1 28 50
15 61 33 47 -1 18 0 0.00 M M 3.8 12 170 M M 1 1 19 210
16 67 38 53 4 12 0 0.05 M M 3.2 10 170 M M 2 17 170
17 70 42 56 7 9 0 0.58 M M 5.3 18 70 M M 5 138 26 270
18 59 36 48 -1 17 0 0.06 M M 3.1 13 310 M M 8 18 23 320
19 55 35 45 -5 20 0 0.00 M M 4.7 10 100 M M 3 18 17 110
20 73 38 56 6 9 0 0.00 M M 7.0 15 60 M M 0 23 270
21 72 45 59 9 6 0 0.00 M M 5.4 15 100 M M 1 8 24 100
22 76 43 60 9 5 0 0.00 M M 5.6 8 220 M M 1 18 21 99
23 76 48 62 11 3 0 0.00 M M 4.2 14 100 M M 0 8 22 100
24 71 46 59 8 6 0 0.00 M M 6.7 15 130 M M 4 1 23 200
25 71 51 61 9 4 0 T M M 7.5 16 130 M M 2 1 29 120
26 67 47 57 5 8 0 0.98 M M 6.1 20 300 M M 9 123 30 320
27 70 46 58 6 7 0 0.28 M M 6.4 24 280 M M 6 123 35 270
28 66 46 56 3 9 0 0.05 M M 5.1 15 260 M M 8 3 24 270
29 70 44 57 4 8 0 0.00 M M 6.0 17 270 M M 1 3 27 270
30 77 42 60 7 5 0 0.07 M M 4.5 16 60 M M 2 3 22 100
31 73 44 59 5 6 0 0.28 M M 7.2 20 50 M M 2 3 31 20
================================================================================
SM 2039 1259 360 0 4.68 M 197.6 M 113
================================================================================
AV 65.8 40.6 6.4 FASTST M M 4 MAX(MPH)
MISC ----> # 24 280 39 270
================================================================================
NOTES:
# LAST OF SEVERAL OCCURRENCES
COLUMN 17 PEAK WIND IN M.P.H.
PRELIMINARY LOCAL CLIMATOLOGICAL DATA (WS FORM: F-6) , PAGE 2
STATION: CUSTER COUNTY AIRPORT SD
MONTH: MAY
YEAR: 2023
LATITUDE: 43 43 N
LONGITUDE: 103 37 W
[TEMPERATURE DATA] [PRECIPITATION DATA] SYMBOLS USED IN COLUMN 16
AVERAGE MONTHLY: 53.2 TOTAL FOR MONTH: 4.68 1 = FOG OR MIST
DPTR FM NORMAL: 4.6 DPTR FM NORMAL: 1.71 2 = FOG REDUCING VISIBILITY
HIGHEST: 77 ON 30 GRTST 24HR 1.58 ON 11-12 TO 1/4 MILE OR LESS
LOWEST: 24 ON 1 3 = THUNDER
SNOW, ICE PELLETS, HAIL 4 = ICE PELLETS
TOTAL MONTH: M 5 = HAIL
GRTST 24HR M ON M 6 = FREEZING RAIN OR DRIZZLE
GRTST DEPTH: M ON M 7 = DUSTSTORM OR SANDSTORM:
VSBY 1/2 MILE OR LESS
8 = SMOKE OR HAZE
[NO. OF DAYS WITH] [WEATHER - DAYS WITH] 9 = BLOWING SNOW
X = TORNADO
MAX 32 OR BELOW: 0 0.01 INCH OR MORE: 16
MAX 90 OR ABOVE: 0 0.10 INCH OR MORE: 8
MIN 32 OR BELOW: 2 0.50 INCH OR MORE: 3
MIN 0 OR BELOW: 0 1.00 INCH OR MORE: 1
[HDD (BASE 65) ]
TOTAL THIS MO. 360 CLEAR (SCALE 0-3) 20
DPTR FM NORMAL -151 PTCLDY (SCALE 4-7) 5
TOTAL FM JUL 1 8033 CLOUDY (SCALE 8-10) 6
DPTR FM NORMAL 91
[CDD (BASE 65) ]
TOTAL THIS MO. 0
DPTR FM NORMAL -1 [PRESSURE DATA]
TOTAL FM JAN 1 0 HIGHEST SLP 30.53 ON 15
DPTR FM NORMAL -1 LOWEST SLP 29.71 ON 6
[REMARKS]
#FINAL-05-23#