000
CXUS52 KCHS 010815
CF6CXM
PRELIMINARY LOCAL CLIMATOLOGICAL DATA (WS FORM: F-6)
STATION: DOWNTOWN CHARLESTON SC
MONTH: JULY
YEAR: 2022
LATITUDE: 32 46 N
LONGITUDE: 79 56 W
TEMPERATURE IN F: :PCPN: SNOW: WIND :SUNSHINE: SKY :PK WND
================================================================================
1 2 3 4 5 6A 6B 7 8 9 10 11 12 13 14 15 16 17 18
12Z AVG MX 2MIN
DY MAX MIN AVG DEP HDD CDD WTR SNW DPTH SPD SPD DIR MIN PSBL S-S WX SPD DR
================================================================================
1 81 73 77 -5 0 12 1.50 M M 11.6 29 130 M M M 34 130
2 88 74 81 -1 0 16 0.01 M M 6.6 12 180 M M M 16 210
3 87 78 83 1 0 18 0.00 M M 6.8 14 180 M M M 18 190
4 88 81 85 3 0 20 0.00 M M 5.6 12 30 M M M 20 30
5 86 80 83 1 0 18 0.00 M M 6.7 13 190 M M M 17 190
6 88 80 84 2 0 19 0.00 M M 7.0 14 180 M M M 17 190
7 89 82 86 4 0 21 0.00 M M 5.9 11 170 M M M 15 180
8 87 79 83 1 0 18 0.00 M M 6.4 18 200 M M M 24 210
9 89 77 83 1 0 18 0.22 M M 6.3 16 190 M M M 23 240
10 88 75 82 0 0 17 1.22 M M 6.1 19 10 M M M 24 10
11 81 75 78 -4 0 13 0.01 M M 6.7 10 20 M M M 13 20
12 87 78 83 1 0 18 0.00 M M 6.5 15 180 M M M 18 220
13 87 78 83 1 0 18 0.00 M M 6.6 15 200 M M M 20 210
14 89 77 83 1 0 18 0.00 M M 6.0 16 180 M M M 19 180
15 86 75 81 -1 0 16 0.00 M M 4.1 9 180 M M M 13 330
16 86 74 80 -2 0 15 0.23 M M 4.8 9 180 M M M 14 290
17 84 76 80 -2 0 15 0.01 M M 5.6 22 130 M M M 25 130
18 86 78 82 0 0 17 0.00 M M 7.4 16 200 M M M 25 200
19 88 76 82 -1 0 17 0.31 M M 7.5 19 270 M M M 28 270
20 87 75 81 -2 0 16 1.26 M M 6.1 12 230 M M M 18 220
21 87 77 82 -1 0 17 0.00 M M 8.4 18 210 M M M 25 210
22 88 71 80 -3 0 15 1.59 M M 7.9 21 10 M M M 33 10
23 89 73 81 -2 0 16 0.08 M M 5.1 14 160 M M M 18 50
24 85 78 82 -1 0 17 0.01 M M 7.1 16 170 M M M 19 170
25 88 80 84 1 0 19 0.00 M M 8.3 14 180 M M M 19 180
26 88 82 85 3 0 20 0.00 M M 8.8 15 170 M M M 18 190
27 89 81 85 3 0 20 0.00 M M 8.2 15 190 M M M 19 200
28 90 81 86 4 0 21 0.00 M M 7.4 15 192 M M M 18 201
29 90 81 86 4 0 21 0.00 M M 8.7 16 200 M M M 20 200
30 90 80 85 3 0 20 0.00 M M 6.8 15 40 M M M 34 0
31 91 82 87 5 0 22 0.00 M M 7.5 14 190 M M M 20 210
================================================================================
SM 2707 2407 0 548 6.45 M 214.5 M M
================================================================================
AV 87.3 77.6 6.9 FASTST M M M MAX(MPH)
MISC ----> 29 130 # 34 130
================================================================================
NOTES:
# LAST OF SEVERAL OCCURRENCES
COLUMN 17 PEAK WIND IN M.P.H.
PRELIMINARY LOCAL CLIMATOLOGICAL DATA (WS FORM: F-6) , PAGE 2
STATION: DOWNTOWN CHARLESTON SC
MONTH: JULY
YEAR: 2022
LATITUDE: 32 46 N
LONGITUDE: 79 56 W
[TEMPERATURE DATA] [PRECIPITATION DATA] SYMBOLS USED IN COLUMN 16
AVERAGE MONTHLY: 82.5 TOTAL FOR MONTH: 6.45 1 = FOG OR MIST
DPTR FM NORMAL: 0.2 DPTR FM NORMAL: 1.37 2 = FOG REDUCING VISIBILITY
HIGHEST: 91 ON 31 GRTST 24HR 1.59 ON 22-22 TO 1/4 MILE OR LESS
LOWEST: 71 ON 22 3 = THUNDER
SNOW, ICE PELLETS, HAIL 4 = ICE PELLETS
TOTAL MONTH: M 5 = HAIL
GRTST 24HR M ON M 6 = FREEZING RAIN OR DRIZZLE
GRTST DEPTH: M ON M 7 = DUSTSTORM OR SANDSTORM:
VSBY 1/2 MILE OR LESS
8 = SMOKE OR HAZE
[NO. OF DAYS WITH] [WEATHER - DAYS WITH] 9 = BLOWING SNOW
X = TORNADO
MAX 32 OR BELOW: 0 0.01 INCH OR MORE: 12
MAX 90 OR ABOVE: 4 0.10 INCH OR MORE: 7
MIN 32 OR BELOW: 0 0.50 INCH OR MORE: 4
MIN 0 OR BELOW: 0 1.00 INCH OR MORE: 4
[HDD (BASE 65) ]
TOTAL THIS MO. 0 CLEAR (SCALE 0-3) 0
DPTR FM NORMAL 0 PTCLDY (SCALE 4-7) 0
TOTAL FM JUL 1 0 CLOUDY (SCALE 8-10) 31
DPTR FM NORMAL 0
[CDD (BASE 65) ]
TOTAL THIS MO. 548
DPTR FM NORMAL 12 [PRESSURE DATA]
TOTAL FM JAN 1 1501 HIGHEST SLP M ON M
DPTR FM NORMAL 150 LOWEST SLP 29.72 ON 10
[REMARKS]
#FINAL-07-22#