000
CXUS54 KHGX 011410
CF6CXO
PRELIMINARY LOCAL CLIMATOLOGICAL DATA (WS FORM: F-6)
STATION: CONROE
MONTH: OCTOBER
YEAR: 2022
LATITUDE: 30 21 N
LONGITUDE: 95 25 W
TEMPERATURE IN F: :PCPN: SNOW: WIND :SUNSHINE: SKY :PK WND
================================================================================
1 2 3 4 5 6A 6B 7 8 9 10 11 12 13 14 15 16 17 18
12Z AVG MX 2MIN
DY MAX MIN AVG DEP HDD CDD WTR SNW DPTH SPD SPD DIR MIN PSBL S-S WX SPD DR
================================================================================
1 85 46 66 -8 0 1 0.00 0.0 0 3.4 10 90 M M 0 16 40
2 85 47 66 -8 0 1 0.00 0.0 0 3.3 9 50 M M 0 15 40
3 89 50 70 -4 0 5 0.00 0.0 0 2.8 9 70 M M 0 14 110
4 85 54 70 -3 0 5 0.00 0.0 0 1.6 12 150 M M 0 15 120
5 88 51 70 -3 0 5 0.00 0.0 0 1.7 10 70 M M 0 16 80
6 89 54 72 0 0 7 0.00 0.0 0 3.2 14 70 M M 0 1 20 70
7 84 55 70 -2 0 5 0.00 0.0 0 2.2 9 340 M M 0 13 350
8 89 61 75 3 0 10 0.00 0.0 0 4.5 13 90 M M 1 21 90
9 87 56 72 0 0 7 0.00 0.0 0 1.2 9 140 M M 0 13 130
10 86 54 70 -1 0 5 0.00 0.0 0 4.8 15 160 M M 0 1 21 120
11 84 54 69 -2 0 4 T 0.0 0 4.7 17 160 M M 1 24 130
12 93 63 78 8 0 13 0.01 0.0 0 4.6 15 140 M M 5 13 21 360
13 87 58 73 3 0 8 0.00 0.0 0 4.2 10 70 M M 3 17 10
14 88 53 71 1 0 6 0.00 0.0 0 3.9 13 150 M M 0 17 150
15 92 57 75 6 0 10 0.00 0.0 0 5.1 17 150 M M 0 1 22 150
16 91 63 77 8 0 12 T 0.0 0 3.3 12 190 M M 5 123 17 160
17 74 55 65 -4 0 0 0.59 0.0 0 6.3 13 10 M M 5 13 19 10
18 67 41 54 -14 11 0 0.00 0.0 0 6.8 17 340 M M 0 28 330
19 68 35 52 -16 13 0 0.00 0.0 0 3.1 10 350 M M 0 16 350
20 82 39 61 -7 4 0 0.00 0.0 0 4.8 16 210 M M 0 22 210
21 84 58 71 4 0 6 0.00 0.0 0 9.1 17 180 M M 0 25 160
22 86 54 70 3 0 5 0.00 0.0 0 9.2 22 170 M M 1 33 170
23 86 60 73 7 0 8 0.00 0.0 0 10.3 26 170 M M 4 1 35 170
24 82 58 70 4 0 5 0.21 0.0 0 13.5 28 300 M M 8 1 45 270
25 72 44 58 -8 7 0 0.21 0.0 0 15.3 23 330 M M 3 13 35 310
26 74 39 57 -8 8 0 0.00 0.0 0 4.5 10 130 M M 0 16 100
27 77 41 59 -6 6 0 0.07 0.0 0 5.8 12 90 M M 2 1 17 120
28 68 58 63 -2 2 0 0.83 0.0 0 7.1 16 300 M M 10 1 25 290
29 63 52 58 -6 7 0 T 0.0 0 7.0 15 300 M M 9 1 23 310
30 74 48 61 -3 4 0 0.00 0.0 0 3.1 12 270 M M 1 1 18 290
31 79 47 63 -1 2 0 0.00 0.0 0 0.6 7 110 M M 0 1 10 150
================================================================================
SM 2538 1605 64 128 1.92 0.0 161.0 M 58
================================================================================
AV 81.9 51.8 5.2 FASTST M M 2 MAX(MPH)
MISC ----> 28 300 45 270
================================================================================
NOTES:
# LAST OF SEVERAL OCCURRENCES
COLUMN 17 PEAK WIND IN M.P.H.
PRELIMINARY LOCAL CLIMATOLOGICAL DATA (WS FORM: F-6) , PAGE 2
STATION: CONROE
MONTH: OCTOBER
YEAR: 2022
LATITUDE: 30 21 N
LONGITUDE: 95 25 W
[TEMPERATURE DATA] [PRECIPITATION DATA] SYMBOLS USED IN COLUMN 16
AVERAGE MONTHLY: 66.8 TOTAL FOR MONTH: 1.92 1 = FOG OR MIST
DPTR FM NORMAL: -2.1 DPTR FM NORMAL: -3.60 2 = FOG REDUCING VISIBILITY
HIGHEST: 93 ON 12 GRTST 24HR 0.90 ON 27-28 TO 1/4 MILE OR LESS
LOWEST: 35 ON 19 3 = THUNDER
SNOW, ICE PELLETS, HAIL 4 = ICE PELLETS
TOTAL MONTH: 0.0 INCH 5 = HAIL
GRTST 24HR 0.0 6 = FREEZING RAIN OR DRIZZLE
GRTST DEPTH: 0 7 = DUSTSTORM OR SANDSTORM:
VSBY 1/2 MILE OR LESS
8 = SMOKE OR HAZE
[NO. OF DAYS WITH] [WEATHER - DAYS WITH] 9 = BLOWING SNOW
X = TORNADO
MAX 32 OR BELOW: 0 0.01 INCH OR MORE: 6
MAX 90 OR ABOVE: 3 0.10 INCH OR MORE: 4
MIN 32 OR BELOW: 0 0.50 INCH OR MORE: 2
MIN 0 OR BELOW: 0 1.00 INCH OR MORE: 0
[HDD (BASE 65) ]
TOTAL THIS MO. 64 CLEAR (SCALE 0-3) 24
DPTR FM NORMAL 14 PTCLDY (SCALE 4-7) 5
TOTAL FM JUL 1 64 CLOUDY (SCALE 8-10) 2
DPTR FM NORMAL 14
[CDD (BASE 65) ]
TOTAL THIS MO. 128
DPTR FM NORMAL -44 [PRESSURE DATA]
TOTAL FM JAN 1 3045 HIGHEST SLP 30.38 ON 19
DPTR FM NORMAL 383 LOWEST SLP 29.73 ON 24
[REMARKS]
#FINAL-10-22#