000
CXUS55 KCYS 031125 CCA
CF6CYS
PRELIMINARY LOCAL CLIMATOLOGICAL DATA (WS FORM: F-6)...CORRECTED
STATION: CHEYENNE WYOMING AIRPORT
MONTH: MAY
YEAR: 2022
LATITUDE: 41 9 N
LONGITUDE: 104 49 W
TEMPERATURE IN F: :PCPN: SNOW: WIND :SUNSHINE: SKY :PK WND
================================================================================
1 2 3 4 5 6A 6B 7 8 9 10 11 12 13 14 15 16 17 18
12Z AVG MX 2MIN
DY MAX MIN AVG DEP HDD CDD WTR SNW DPTH SPD SPD DIR MIN PSBL S-S WX SPD DR
================================================================================
1 58 30 44 -2 21 0 0.12 0.0 0 14.1 28 150 M M 3 1 41 140
2 40 32 36 -11 29 0 0.30 0.7 1 8.7 15 180 M M 10 1 21 30
3 48 32 40 -7 25 0 0.26 0.0 0 14.9 24 150 M M 10 12 33 150
4 50 36 43 -5 22 0 0.17 0.0 0 6.8 15 330 M M 10 12 20 130
5 66 37 52 4 13 0 0.00 0.0 0 12.2 25 330 M M 3 38 320
6 75 46 61 13 4 0 0.00 0.0 0 12.9 31 280 M M 1 41 270
7 80 46 63 14 2 0 T 0.0 0 15.7 39 280 M M 3 56 290
8 67 41 54 5 11 0 0.10 0.0 0 15.7 33 140 M M 8 13 42 150
9 65 39 52 2 13 0 T 0.0 0 19.1 40 260 M M 4 13 53 260
10 63 36 50 0 15 0 0.00 0.0 0 10.8 26 180 M M 2 38 170
11 78 40 59 9 6 0 0.00 0.0 0 11.0 22 360 M M 1 34 40
12 60 45 53 2 12 0 0.04 0.0 0 19.9 49 280 M M 5 13 68 280
13 66 41 54 3 11 0 0.00 0.0 0 21.1 40 280 M M 0 58 280
14 71 48 60 8 5 0 0.00 0.0 0 11.7 30 260 M M 2 39 260
15 70 44 57 5 8 0 0.00 0.0 0 9.5 20 160 M M 0 27 150
16 81 42 62 10 3 0 T 0.0 0 8.8 24 140 M M 1 3 36 360
17 77 48 63 10 2 0 T 0.0 0 11.6 29 330 M M 2 46 10
18 79 46 63 10 2 0 0.00 0.0 0 10.8 30 280 M M 0 37 280
19 80 33 57 3 8 0 T T 0 18.8 40 250 M M 3 1 55 240
20 38 29 34 -20 31 0 0.20 2.0 2 12.5 25 360 M M 6 18 35 360
21 52 24 38 -16 27 0 0.00 0.0 0 5.6 13 70 M M 2 26 30
22 55 26 41 -14 24 0 0.17 0.0 0 12.7 31 160 M M 5 1 42 170
23 52 33 43 -12 22 0 0.31 T 0 12.3 28 140 M M 8 18 35 130
24 56 33 45 -11 20 0 T 0.0 0 7.1 22 120 M M 5 123 26 130
25 67 36 52 -4 13 0 0.00 0.0 0 12.9 26 340 M M 0 41 340
26 79 39 59 3 6 0 0.00 0.0 0 8.2 21 310 M M 0 31 330
27 86 47 67 10 0 2 T 0.0 0 10.2 26 270 M M 0 3 41 240
28 77 54 66 9 0 1 0.00 0.0 0 10.5 30 280 M M 3 52 220
29 73 48 61 4 4 0 0.08 0.0 0 12.2 33 270 M M 5 3 47 280
30 58 45 52 -6 13 0 0.00 0.0 0 17.1 32 290 M M 5 44 310
31 53 42 48 -10 17 0 0.03 0.0 0 12.6 23 360 M M 7 35 20
================================================================================
SM 2020 1218 389 3 1.78 2.7 388.0 M 114
================================================================================
AV 65.2 39.3 12.5 FASTST M M 4 MAX(MPH)
MISC ----> 49 280 68 280
================================================================================
NOTES:
# LAST OF SEVERAL OCCURRENCES
COLUMN 17 PEAK WIND IN M.P.H.
PRELIMINARY LOCAL CLIMATOLOGICAL DATA (WS FORM: F-6) , PAGE 2
STATION: CHEYENNE WYOMING AIRPORT
MONTH: MAY
YEAR: 2022
LATITUDE: 41 9 N
LONGITUDE: 104 49 W
[TEMPERATURE DATA] [PRECIPITATION DATA] SYMBOLS USED IN COLUMN 16
AVERAGE MONTHLY: 52.2 TOTAL FOR MONTH: 1.78 1 = FOG OR MIST
DPTR FM NORMAL: -0.1 DPTR FM NORMAL: -0.66 2 = FOG REDUCING VISIBILITY
HIGHEST: 86 ON 27 GRTST 24HR 0.48 ON 22-23 TO 1/4 MILE OR LESS
LOWEST: 24 ON 21 3 = THUNDER
SNOW, ICE PELLETS, HAIL 4 = ICE PELLETS
TOTAL MONTH: 2.7 INCHES 5 = HAIL
GRTST 24HR 2.0 ON 20-20 6 = FREEZING RAIN OR DRIZZLE
GRTST DEPTH: 2 ON 20 7 = DUSTSTORM OR SANDSTORM:
VSBY 1/2 MILE OR LESS
8 = SMOKE OR HAZE
[NO. OF DAYS WITH] [WEATHER - DAYS WITH] 9 = BLOWING SNOW
X = TORNADO
MAX 32 OR BELOW: 0 0.01 INCH OR MORE: 11
MAX 90 OR ABOVE: 0 0.10 INCH OR MORE: 8
MIN 32 OR BELOW: 6 0.50 INCH OR MORE: 0
MIN 0 OR BELOW: 0 1.00 INCH OR MORE: 0
[HDD (BASE 65) ]
TOTAL THIS MO. 389 CLEAR (SCALE 0-3) 17
DPTR FM NORMAL -9 PTCLDY (SCALE 4-7) 10
TOTAL FM JUL 1 6386 CLOUDY (SCALE 8-10) 4
DPTR FM NORMAL -459
[CDD (BASE 65) ]
TOTAL THIS MO. 3
DPTR FM NORMAL -1 [PRESSURE DATA]
TOTAL FM JAN 1 3 HIGHEST SLP 30.31 ON 21
DPTR FM NORMAL -1 LOWEST SLP 29.19 ON 19
[REMARKS]
MAY 22...RECORD LOW 26 DEGREES (PREVIOUS 29 DEGREES IN 1930)
#FINAL-05-22#