000
CXUS53 KUNR 010930
CF6D07
PRELIMINARY LOCAL CLIMATOLOGICAL DATA (WS FORM: F-6)
STATION: FAITH SD
MONTH: MAY
YEAR: 2023
LATITUDE: 45 1 N
LONGITUDE: 102 1 W
TEMPERATURE IN F: :PCPN: SNOW: WIND :SUNSHINE: SKY :PK WND
================================================================================
1 2 3 4 5 6A 6B 7 8 9 10 11 12 13 14 15 16 17 18
12Z AVG MX 2MIN
DY MAX MIN AVG DEP HDD CDD WTR SNW DPTH SPD SPD DIR MIN PSBL S-S WX SPD DR
================================================================================
1 61 32 47 -3 18 0 0.00 M M 6.5 14 40 M M M 22 40
2 65 29 47 -3 18 0 0.00 M M 10.1 17 140 M M M 26 140
3 79 38 59 9 6 0 0.00 M M 10.6 22 180 M M M 27 170
4 78 43 61 10 4 0 0.00 M M 11.8 22 70 M M M 30 70
5 73 39 56 5 9 0 0.00 M M 9.6 18 80 M M M 25 80
6 62 44 53 1 12 0 0.29 M M 8.1 26 90 M M M 32 130
7 65 39 52 0 13 0 0.42 M M 6.1 35 320 M M M 46 330
8 67 44 56 4 9 0 0.00 M M 8.0 17 200 M M M 20 130
9 76 50 63 10 2 0 0.00 M M 12.5 30 180 M M M 39 190
10 79 50 65 12 0 0 0.00 M M 9.3 17 180 M M M 24 150
11 71 55 63 10 2 0 0.40 M M 11.5 29 240 M M M 38 240
12 64 54 59 5 6 0 0.67 M M 16.1 29 10 M M M 38 10
13 64 52 58 4 7 0 0.29 M M 14.9 22 60 M M M 26 50
14 68 52 60 6 5 0 0.04 M M 11.8 22 70 M M M 28 90
15 69 46 58 3 7 0 0.00 M M 6.4 14 190 M M M 18 200
16 73 49 61 6 4 0 0.00 M M 8.1 14 170 M M M 16 160
17 74 48 61 6 4 0 0.00 M M 13.8 24 340 M M M 31 310
18 64 39 52 -4 13 0 0.00 M M 13.5 28 10 M M M 35 10
19 64 35 50 -6 15 0 0.00 M M 7.3 16 20 M M M 23 330
20 77 38 58 2 7 0 0.00 M M 11.6 21 170 M M M 27 170
21 77 51 64 7 1 0 0.02 M M 8.7 15 160 M M M 19 290
22 78 50 64 7 1 0 0.00 M M 8.8 16 150 M M M 24 150
23 85 57 71 14 0 6 0.03 M M 13.0 22 190 M M M 30 190
24 80 56 68 10 0 3 0.00 M M 16.1 28 170 M M M 37 160
25 82 59 71 13 0 6 0.00 M M 18.3 30 160 M M M 41 160
26 78 56 67 9 0 2 0.01 M M 17.6 28 160 M M M 38 150
27 84 58 71 12 0 6 0.03 M M 16.9 30 240 M M M 43 240
28 72 56 64 5 1 0 0.03 M M 6.9 17 140 M M M 23 140
29 80 52 66 7 0 1 0.00 M M 7.5 15 250 M M M 20 250
30 85 52 69 9 0 4 0.00 M M 7.0 17 230 M M M 22 330
31 82 55 69 9 0 4 0.00 M M 9.1 18 140 M M M 27 120
================================================================================
SM 2276 1478 164 32 2.23 M 337.5 M M
================================================================================
AV 73.4 47.7 10.9 FASTST M M M MAX(MPH)
MISC ----> 35 320 46 330
================================================================================
NOTES:
# LAST OF SEVERAL OCCURRENCES
COLUMN 17 PEAK WIND IN M.P.H.
PRELIMINARY LOCAL CLIMATOLOGICAL DATA (WS FORM: F-6) , PAGE 2
STATION: FAITH SD
MONTH: MAY
YEAR: 2023
LATITUDE: 45 1 N
LONGITUDE: 102 1 W
[TEMPERATURE DATA] [PRECIPITATION DATA] SYMBOLS USED IN COLUMN 16
AVERAGE MONTHLY: 60.5 TOTAL FOR MONTH: 2.23 1 = FOG OR MIST
DPTR FM NORMAL: 5.5 DPTR FM NORMAL: -0.97 2 = FOG REDUCING VISIBILITY
HIGHEST: 85 ON 30,23 GRTST 24HR 1.03 ON 11-12 TO 1/4 MILE OR LESS
LOWEST: 29 ON 2 3 = THUNDER
SNOW, ICE PELLETS, HAIL 4 = ICE PELLETS
TOTAL MONTH: M 5 = HAIL
GRTST 24HR M ON M 6 = FREEZING RAIN OR DRIZZLE
GRTST DEPTH: M ON M 7 = DUSTSTORM OR SANDSTORM:
VSBY 1/2 MILE OR LESS
8 = SMOKE OR HAZE
[NO. OF DAYS WITH] [WEATHER - DAYS WITH] 9 = BLOWING SNOW
X = TORNADO
MAX 32 OR BELOW: 0 0.01 INCH OR MORE: 11
MAX 90 OR ABOVE: 0 0.10 INCH OR MORE: 5
MIN 32 OR BELOW: 2 0.50 INCH OR MORE: 1
MIN 0 OR BELOW: 0 1.00 INCH OR MORE: 0
[HDD (BASE 65) ]
TOTAL THIS MO. 164 CLEAR (SCALE 0-3) 0
DPTR FM NORMAL -159 PTCLDY (SCALE 4-7) 0
TOTAL FM JUL 1 7739 CLOUDY (SCALE 8-10) 31
DPTR FM NORMAL 191
[CDD (BASE 65) ]
TOTAL THIS MO. 32
DPTR FM NORMAL 19 [PRESSURE DATA]
TOTAL FM JAN 1 32 HIGHEST SLP 30.53 ON 14
DPTR FM NORMAL 18 LOWEST SLP 29.72 ON 29
[REMARKS]
#FINAL-05-23#