000
CXUS53 KUNR 010930
CF6D07
PRELIMINARY LOCAL CLIMATOLOGICAL DATA (WS FORM: F-6)
STATION: FAITH SD
MONTH: OCTOBER
YEAR: 2022
LATITUDE: 45 1 N
LONGITUDE: 102 1 W
TEMPERATURE IN F: :PCPN: SNOW: WIND :SUNSHINE: SKY :PK WND
================================================================================
1 2 3 4 5 6A 6B 7 8 9 10 11 12 13 14 15 16 17 18
12Z AVG MX 2MIN
DY MAX MIN AVG DEP HDD CDD WTR SNW DPTH SPD SPD DIR MIN PSBL S-S WX SPD DR
================================================================================
1 75 51 63 9 2 0 0.00 M M 10.4 22 40 M M M 27 40
2 79 50 65 11 0 0 0.00 M M 10.3 23 160 M M M 31 130
3 70 50 60 7 5 0 0.00 M M 10.1 20 350 M M M 24 350
4 64 50 57 4 8 0 0.23 M M 5.5 12 330 M M M 15 330
5 78 47 63 11 2 0 0.00 M M 10.1 18 30 M M M 23 350
6 49 29 39 -13 26 0 0.27 M M 10.7 24 50 M M M 30 50
7 51 26 39 -12 26 0 0.00 M M 8.0 14 190 M M M 18 210
8 68 36 52 1 13 0 0.00 M M 8.9 18 300 M M M 23 300
9 72 43 58 8 7 0 0.00 M M 9.3 18 140 M M M 26 130
10 76 42 59 9 6 0 0.00 M M 10.4 17 160 M M M 23 150
11 63 40 52 3 13 0 0.00 M M 17.1 37 310 M M M 50 320
12 59 42 51 2 14 0 0.00 M M 25.5 47 310 M M M 61 310
13 57 38 48 0 17 0 0.00 M M 26.9 46 320 M M M 62 330
14 60 39 50 2 15 0 0.00 M M 14.9 30 340 M M M 40 340
15 64 40 52 5 13 0 0.00 M M 18.3 30 340 M M M 39 340
16 47 27 37 -10 28 0 0.00 M M 11.5 24 350 M M M 31 350
17 46 27 37 -9 28 0 0.00 M M 7.4 16 140 M M M 22 130
18 52 22 37 -9 28 0 0.00 M M 13.6 18 170 M M M 24 160
19 74 29 52 7 13 0 0.00 M M 12.1 28 360 M M M 34 350
20 79 44 62 17 3 0 0.00 M M 12.3 24 270 M M M 32 270
21 67 40 54 10 11 0 0.00 M M 11.8 24 170 M M M 35 180
22 58 41 50 6 15 0 0.00 M M 10.6 20 340 M M M 27 340
23 54 36 45 2 20 0 0.00 M M 19.0 41 300 M M M 57 310
24 38 29 34 -9 31 0 0.15 M M 20.7 40 300 M M M 55 280
25 53 29 41 -1 24 0 0.00 M M 12.5 26 300 M M M 35 300
26 57 29 43 1 22 0 0.10 M M 9.5 22 170 M M M 29 160
27 58 31 45 3 20 0 0.00 M M 7.7 16 180 M M M 17 140
28 63 32 48 7 17 0 0.00 M M 9.6 17 190 M M M 22 190
29 63 34 49 8 16 0 0.00 M M 10.2 21 320 M M M 25 320
30 64 33 49 9 16 0 0.00 M M 8.1 14 220 M M M 15 170
31 68 38 53 13 12 0 0.00 M M 8.9 22 250 M M M 27 250
================================================================================
SM 1926 1144 471 0 0.75 M 381.9 M M
================================================================================
AV 62.1 36.9 12.3 FASTST M M M MAX(MPH)
MISC ----> 47 310 62 330
================================================================================
NOTES:
# LAST OF SEVERAL OCCURRENCES
COLUMN 17 PEAK WIND IN M.P.H.
PRELIMINARY LOCAL CLIMATOLOGICAL DATA (WS FORM: F-6) , PAGE 2
STATION: FAITH SD
MONTH: OCTOBER
YEAR: 2022
LATITUDE: 45 1 N
LONGITUDE: 102 1 W
[TEMPERATURE DATA] [PRECIPITATION DATA] SYMBOLS USED IN COLUMN 16
AVERAGE MONTHLY: 49.5 TOTAL FOR MONTH: 0.75 1 = FOG OR MIST
DPTR FM NORMAL: 2.7 DPTR FM NORMAL: -0.61 2 = FOG REDUCING VISIBILITY
HIGHEST: 79 ON 20, 2 GRTST 24HR 0.27 ON 6- 6 TO 1/4 MILE OR LESS
LOWEST: 22 ON 18 3 = THUNDER
SNOW, ICE PELLETS, HAIL 4 = ICE PELLETS
TOTAL MONTH: M 5 = HAIL
GRTST 24HR M ON M 6 = FREEZING RAIN OR DRIZZLE
GRTST DEPTH: M ON M 7 = DUSTSTORM OR SANDSTORM:
VSBY 1/2 MILE OR LESS
8 = SMOKE OR HAZE
[NO. OF DAYS WITH] [WEATHER - DAYS WITH] 9 = BLOWING SNOW
X = TORNADO
MAX 32 OR BELOW: 0 0.01 INCH OR MORE: 4
MAX 90 OR ABOVE: 0 0.10 INCH OR MORE: 4
MIN 32 OR BELOW: 11 0.50 INCH OR MORE: 0
MIN 0 OR BELOW: 0 1.00 INCH OR MORE: 0
[HDD (BASE 65) ]
TOTAL THIS MO. 471 CLEAR (SCALE 0-3) 0
DPTR FM NORMAL -97 PTCLDY (SCALE 4-7) 0
TOTAL FM JUL 1 548 CLOUDY (SCALE 8-10) 31
DPTR FM NORMAL -215
[CDD (BASE 65) ]
TOTAL THIS MO. 0
DPTR FM NORMAL -4 [PRESSURE DATA]
TOTAL FM JAN 1 874 HIGHEST SLP 30.66 ON 7
DPTR FM NORMAL 218 LOWEST SLP 29.26 ON 23
[REMARKS]
#FINAL-10-22#