000
CXUS54 KFWD 072138
CF6DAL
PRELIMINARY LOCAL CLIMATOLOGICAL DATA (WS FORM: F-6)
STATION: DALLAS LOVE FIELD
MONTH: APRIL
YEAR: 2022
LATITUDE: 32 50 N
LONGITUDE: 96 51 W
TEMPERATURE IN F: :PCPN: SNOW: WIND :SUNSHINE: SKY :PK WND
================================================================================
1 2 3 4 5 6A 6B 7 8 9 10 11 12 13 14 15 16 17 18
12Z AVG MX 2MIN
DY MAX MIN AVG DEP HDD CDD WTR SNW DPTH SPD SPD DIR MIN PSBL S-S WX SPD DR
================================================================================
1 74 48 61 -3 4 0 0.03 0.0 0 10.1 22 150 M M 3 30 140
2 78 53 66 2 0 1 0.03 0.0 0 6.2 15 20 M M 2 30 40
3 84 59 72 8 0 7 0.00 0.0 0 11.5 23 170 M M 2 34 160
4 79 60 70 5 0 5 1.48 0.0 0 10.8 22 180 M M 8 13 36 180
5 93 60 77 12 0 12 0.00 0.0 0 8.2 24 180 M M 3 35 170
6 78 56 67 2 0 2 0.00 0.0 0 16.1 33 360 M M 0 53 360
7 71 49 60 -5 5 0 0.00 0.0 0 16.1 37 330 M M 4 52 320
8 69 48 59 -7 6 0 0.00 0.0 0 13.5 30 320 M M 2 46 320
9 86 44 65 -1 0 0 0.00 0.0 0 9.6 21 180 M M 0 35 190
10 83 62 73 7 0 8 0.00 0.0 0 18.4 30 160 M M 5 49 140
11 87 70 79 13 0 14 T 0.0 0 14.0 23 180 M M 6 37 180
12 81 69 75 9 0 10 0.05 0.0 0 13.9 25 110 M M 8 38 36 110
13 81 58 70 4 0 5 0.03 0.0 0 15.2 30 330 M M 5 13 43 360
14 76 50 63 -4 2 0 0.00 0.0 0 8.6 16 140 M M 1 25 150
15 81 58 70 3 0 5 0.00 0.0 0 12.3 20 160 M M 6 29 170
16 81 57 69 2 0 4 T 0.0 0 10.3 20 330 M M 9 18 31 20
17 79 56 68 1 0 3 0.00 0.0 0 7.8 17 310 M M 6 32 30
18 74 51 63 -5 2 0 0.00 0.0 0 8.1 15 40 M M 4 31 70
19 73 55 64 -4 1 0 T 0.0 0 12.7 23 140 M M 7 35 120
20 88 64 76 8 0 11 T 0.0 0 15.7 25 190 M M 7 1 42 180
21 84 72 78 10 0 13 0.00 0.0 0 14.2 23 150 M M 8 34 180
22 85 71 78 10 0 13 0.00 0.0 0 16.8 28 170 M M 6 41 160
23 83 69 76 7 0 11 0.00 0.0 0 16.1 24 170 M M 9 38 170
24 83 60 72 3 0 7 0.45 0.0 0 12.3 26 320 M M 9 1 39 140
25 68 58 63 -6 2 0 0.89 0.0 0 9.4 20 10 M M 9 13 33 20
26 75 48 62 -7 3 0 0.00 0.0 0 6.0 14 80 M M 2 24 70
27 78 56 67 -3 0 2 0.00 0.0 0 9.1 16 150 M M 4 24 150
28 82 63 73 3 0 8 0.00 0.0 0 11.8 22 170 M M 7 30 170
29 81 69 75 5 0 10 0.00 0.0 0 15.1 24 180 M M 7 37 150
30 84 68 76 6 0 11 0.00 0.0 0 10.2 22 180 M M 4 40 10
================================================================================
SM 2399 1761 25 162 2.96 0.0 360.1 M 153
================================================================================
AV 80.0 58.7 12.0 FASTST M M 5 MAX(MPH)
MISC ----> 37 330 53 360
================================================================================
NOTES:
# LAST OF SEVERAL OCCURRENCES
COLUMN 17 PEAK WIND IN M.P.H.
PRELIMINARY LOCAL CLIMATOLOGICAL DATA (WS FORM: F-6) , PAGE 2
STATION: DALLAS LOVE FIELD
MONTH: APRIL
YEAR: 2022
LATITUDE: 32 50 N
LONGITUDE: 96 51 W
[TEMPERATURE DATA] [PRECIPITATION DATA] SYMBOLS USED IN COLUMN 16
AVERAGE MONTHLY: 69.3 TOTAL FOR MONTH: 2.96 1 = FOG OR MIST
DPTR FM NORMAL: 2.2 DPTR FM NORMAL: -0.19 2 = FOG REDUCING VISIBILITY
HIGHEST: 93 ON 5 GRTST 24HR 1.48 ON 4- 4 TO 1/4 MILE OR LESS
LOWEST: 44 ON 9 3 = THUNDER
SNOW, ICE PELLETS, HAIL 4 = ICE PELLETS
TOTAL MONTH: 0.0 INCH 5 = HAIL
GRTST 24HR 0.0 6 = FREEZING RAIN OR DRIZZLE
GRTST DEPTH: 0 7 = DUSTSTORM OR SANDSTORM:
VSBY 1/2 MILE OR LESS
8 = SMOKE OR HAZE
[NO. OF DAYS WITH] [WEATHER - DAYS WITH] 9 = BLOWING SNOW
X = TORNADO
MAX 32 OR BELOW: 0 0.01 INCH OR MORE: 7
MAX 90 OR ABOVE: 1 0.10 INCH OR MORE: 3
MIN 32 OR BELOW: 0 0.50 INCH OR MORE: 2
MIN 0 OR BELOW: 0 1.00 INCH OR MORE: 1
[HDD (BASE 65) ]
TOTAL THIS MO. 25 CLEAR (SCALE 0-3) 7
DPTR FM NORMAL -40 PTCLDY (SCALE 4-7) 17
TOTAL FM JUL 1 1836 CLOUDY (SCALE 8-10) 6
DPTR FM NORMAL -150
[CDD (BASE 65) ]
TOTAL THIS MO. 162
DPTR FM NORMAL 34 [PRESSURE DATA]
TOTAL FM JAN 1 202 HIGHEST SLP 30.40 ON 26
DPTR FM NORMAL 12 LOWEST SLP 29.38 ON 5
[REMARKS]
#FINAL-04-22#