000
CXUS51 KRNK 010759
CF6DAN
PRELIMINARY LOCAL CLIMATOLOGICAL DATA (WS FORM: F-6)
STATION: DANVILLE VA
MONTH: APRIL
YEAR: 2021
LATITUDE: 36 34 N
LONGITUDE: 79 20 W
TEMPERATURE IN F: :PCPN: SNOW: WIND :SUNSHINE: SKY :PK WND
================================================================================
1 2 3 4 5 6A 6B 7 8 9 10 11 12 13 14 15 16 17 18
12Z AVG MX 2MIN
DY MAX MIN AVG DEP HDD CDD WTR SNW DPTH SPD SPD DIR MIN PSBL S-S WX SPD DR
================================================================================
1 53 34 44 -10 21 0 T 0.0 0 12.4 23 340 M M 6 33 330
2 49 27 38 -16 27 0 0.00 0.0 0 10.1 20 310 M M 1 28 10
3 59 25 42 -12 23 0 0.00 0.0 0 3.0 10 250 M M 0 17 210
4 75 31 53 -2 12 0 0.00 0.0 0 5.9 18 270 M M 0 25 270
5 77 41 59 4 6 0 0.00 0.0 0 3.5 10 250 M M 0 13 240
6 82 45 64 8 1 0 0.00 0.0 0 5.0 15 320 M M 0 19 320
7 85 50 68 12 0 3 0.00 0.0 0 4.0 13 360 M M 1 20 300
8 79 50 65 9 0 0 T 0.0 0 4.9 12 60 M M 5 18 90
9 79 55 67 11 0 2 0.14 0.0 0 5.2 22 340 M M 6 123 30 350
10 76 54 65 8 0 0 0.35 0.0 0 4.3 26 250 M M 8 12 34 240
11 77 52 65 8 0 0 0.00 0.0 0 8.7 21 230 M M 4 1 27 240
12 78 45 62 5 3 0 0.00 0.0 0 6.3 18 320 M M 1 27 320
13 75 47 61 3 4 0 0.00 0.0 0 4.2 15 350 M M 0 19 340
14 82 47 65 7 0 0 0.03 0.0 0 3.5 22 270 M M 6 3 31 300
15 67 48 58 0 7 0 0.00 0.0 0 7.4 17 320 M M 6 1 24 290
16 69 35 52 -7 13 0 0.00 0.0 0 6.1 15 240 M M 0 20 260
17 66 38 52 -7 13 0 T 0.0 0 4.4 14 250 M M 5 19 250
18 70 41 56 -3 9 0 0.00 0.0 0 1.5 12 260 M M 5 15 230
19 68 45 57 -2 8 0 0.03 0.0 0 5.2 16 350 M M 5 22 340
20 75 38 57 -3 8 0 0.00 0.0 0 5.7 18 220 M M 1 1 26 220
21 71 38 55 -5 10 0 0.00 0.0 0 11.2 26 330 M M 1 36 320
22 59 30 45 -15 20 0 0.00 0.0 0 8.2 22 320 M M 2 30 290
23 63 28 46 -14 19 0 0.00 0.0 0 4.3 15 250 M M 1 20 240
24 57 38 48 -13 17 0 0.62 0.0 0 2.8 12 70 M M 7 1 17 60
25 69 48 59 -2 6 0 0.00 0.0 0 8.2 21 320 M M 5 29 320
26 76 40 58 -3 7 0 0.00 0.0 0 3.2 10 360 M M 0 13 330
27 84 45 65 3 0 0 0.00 0.0 0 7.4 18 230 M M 0 24 230
28 85 57 71 9 0 6 0.00 0.0 0 7.0 16 220 M M 0 23 240
29 85 66 76 14 0 11 T 0.0 0 10.8 25 230 M M 3 35 240
30 77 57 67 5 0 2 T 0.0 0 13.0 23 300 M M 2 34 310
================================================================================
SM 2167 1295 234 24 1.17 0.0 187.4 M 81
================================================================================
AV 72.2 43.2 6.2 FASTST M M 3 MAX(MPH)
MISC ----> # 26 250 36 320
================================================================================
NOTES:
# LAST OF SEVERAL OCCURRENCES
COLUMN 17 PEAK WIND IN M.P.H.
PRELIMINARY LOCAL CLIMATOLOGICAL DATA (WS FORM: F-6) , PAGE 2
STATION: DANVILLE VA
MONTH: APRIL
YEAR: 2021
LATITUDE: 36 34 N
LONGITUDE: 79 20 W
[TEMPERATURE DATA] [PRECIPITATION DATA] SYMBOLS USED IN COLUMN 16
AVERAGE MONTHLY: 57.7 TOTAL FOR MONTH: 1.17 1 = FOG OR MIST
DPTR FM NORMAL: -0.6 DPTR FM NORMAL: -2.29 2 = FOG REDUCING VISIBILITY
HIGHEST: 85 ON 29,28 GRTST 24HR 0.62 ON 24-24 TO 1/4 MILE OR LESS
LOWEST: 25 ON 3 3 = THUNDER
SNOW, ICE PELLETS, HAIL 4 = ICE PELLETS
TOTAL MONTH: 0.0 INCH 5 = HAIL
GRTST 24HR 0.0 6 = FREEZING RAIN OR DRIZZLE
GRTST DEPTH: 0 7 = DUSTSTORM OR SANDSTORM:
VSBY 1/2 MILE OR LESS
8 = SMOKE OR HAZE
[NO. OF DAYS WITH] [WEATHER - DAYS WITH] 9 = BLOWING SNOW
X = TORNADO
MAX 32 OR BELOW: 0 0.01 INCH OR MORE: 5
MAX 90 OR ABOVE: 0 0.10 INCH OR MORE: 3
MIN 32 OR BELOW: 5 0.50 INCH OR MORE: 1
MIN 0 OR BELOW: 0 1.00 INCH OR MORE: 0
[HDD (BASE 65) ]
TOTAL THIS MO. 234 CLEAR (SCALE 0-3) 18
DPTR FM NORMAL 2 PTCLDY (SCALE 4-7) 11
TOTAL FM JUL 1 3456 CLOUDY (SCALE 8-10) 1
DPTR FM NORMAL -286
[CDD (BASE 65) ]
TOTAL THIS MO. 24
DPTR FM NORMAL -7 [PRESSURE DATA]
TOTAL FM JAN 1 28 HIGHEST SLP 30.49 ON 3
DPTR FM NORMAL -6 LOWEST SLP 29.46 ON 11
[REMARKS]
#FINAL-04-21#