108
CXUS51 KRNK 011425
CLSDAN
CLIMATE REPORT
NATIONAL WEATHER SERVICE BLACKSBURG VA
925 AM EST SUN MAR 1 2020
...................................
...THE DANVILLE VA CLIMATE SUMMARY FOR THE SEASON, FROM
12/1/2019 TO 2/29/2020...
CLIMATE NORMAL PERIOD 1981 TO 2010
CLIMATE RECORD PERIOD 1916 TO 2020
WEATHER OBSERVED NORMAL DEPART LAST YEAR`S
VALUE DATE(S) VALUE FROM VALUE
NORMAL
.............................................................
TEMPERATURE (F)
RECORD
HIGH 99 01/12/2020
LOW -5 01/21/1985
HIGHEST 74 01/12 80
LOWEST 18 01/22 13
AVG. MAXIMUM 54.1 48.7 5.4 51.9
AVG. MINIMUM 32.9 30.4 2.5 31.7
MEAN 43.5 39.5 4.0 41.8
DAYS MAX >= 90 0 0.0 0.0 0
DAYS MAX <= 32 0 4.7 -4.7 1
DAYS MIN <= 32 47 55.6 -8.6 49
DAYS MIN <= 0 0 0.0 0.0 0
PRECIPITATION (INCHES)
RECORD
MAXIMUM 18.47 1997
MINIMUM 5.01 2011
TOTALS 13.34 9.70 3.64 14.86
DAILY AVG. 0.15 0.11 0.04 0.17
DAYS >= .01 34 28.9 5.1 37
DAYS >= .10 27 18.5 8.5 29
DAYS >= .50 8 7.5 0.5 9
DAYS >= 1.00 3 2.3 0.7 4
GREATEST
24 HR. TOTAL 3.18 1.88
SNOWFALL (INCHES)
TOTALS 1.6 15.2
DAYS >= TRACE 3 6
DAYS >= 1.0 1 1
GREATEST
24 HR TOTAL 1.6 15.2
DEGREE_DAYS
HEATING TOTAL 1939 2293 -354 2081
COOLING TOTAL 0 0 0 7
..............................................................
WIND (MPH)
AVERAGE WIND SPEED 5.2
HIGHEST WIND SPEED/DIRECTION 35/290 DATE 02/06
HIGHEST GUST SPEED/DIRECTION 45/290 DATE 02/06
SKY COVER
AVERAGE SKY COVER 0.40
AVERAGE RH (PERCENT) 68
WEATHER CONDITIONS. NUMBER OF DAYS WITH
0
17
0
0
1
1
4
HAZE 1
- INDICATES NEGATIVE NUMBERS.
R INDICATES RECORD WAS SET OR TIED.
MM INDICATES DATA IS MISSING.
T INDICATES TRACE AMOUNT.
$$