000
CXUS51 KILN 010542
CF6DAY
PRELIMINARY LOCAL CLIMATOLOGICAL DATA (WS FORM: F-6)
STATION: DAYTON OH
MONTH: DECEMBER
YEAR: 2022
LATITUDE: 39 54 N
LONGITUDE: 84 12 W
TEMPERATURE IN F: :PCPN: SNOW: WIND :SUNSHINE: SKY :PK WND
================================================================================
1 2 3 4 5 6A 6B 7 8 9 10 11 12 13 14 15 16 17 18
12Z AVG MX 2MIN
DY MAX MIN AVG DEP HDD CDD WTR SNW DPTH SPD SPD DIR MIN PSBL S-S WX SPD DR
================================================================================
1 36 17 27 -11 38 0 0.00 0.0 0 7.6 17 280 M M 2 22 280
2 56 28 42 4 23 0 0.01 0.0 0 15.4 32 200 M M 8 45 200
3 55 23 39 1 26 0 0.03 0.0 0 15.8 37 280 M M 5 1 48 290
4 41 16 29 -8 36 0 0.00 0.0 0 7.4 15 250 M M 2 19 260
5 48 28 38 1 27 0 0.01 0.0 0 8.4 15 160 M M 7 1 18 200
6 52 43 48 11 17 0 0.03 0.0 0 2.9 9 210 M M 10 12 11 200
7 51 44 48 12 17 0 0.02 0.0 0 5.0 12 330 M M 10 12 13 330
8 45 36 41 5 24 0 T 0.0 0 6.9 13 50 M M 10 18 15 40
9 50 35 43 7 22 0 0.08 0.0 0 9.0 18 110 M M 9 18 22 110
10 43 38 41 5 24 0 T 0.0 0 3.9 9 20 M M 10 18 12 10
11 43 39 41 6 24 0 0.01 0.0 0 5.6 12 300 M M 10 18 14 320
12 41 37 39 4 26 0 0.00 0.0 0 7.5 13 80 M M 10 18 16 80
13 40 34 37 2 28 0 0.00 0.0 0 11.0 17 120 M M 9 21 120
14 45 37 41 6 24 0 0.27 0.0 0 16.1 23 120 M M 10 1 28 110
15 54 37 46 12 19 0 0.21 T 0 11.3 28 260 M M 9 1 33 250
16 39 29 34 0 31 0 T T 0 14.8 25 220 M M 10 31 250
17 33 26 30 -4 35 0 T 0.1 0 13.7 24 260 M M 10 8 29 270
18 32 20 26 -8 39 0 0.01 0.1 T 12.6 21 270 M M 7 26 260
19 31 14 23 -10 42 0 0.00 0.0 0 5.2 9 90 M M 6 11 260
20 41 20 31 -2 34 0 0.00 0.0 0 3.3 10 110 M M 6 12 100
21 41 21 31 -2 34 0 0.00 0.0 0 5.7 13 120 M M 6 18 15 20
22 45 13 29 -4 36 0 0.25 1.1 0 11.5 29 300 M M 10 18 34 300
23 13 -9 2 -30 63 0 0.03 1.7 3 24.4 33 250 M M 10 19 45 250
24 13 -1 6 -26 59 0 0.00 0.0 3 18.9 24 240 M M 9 89 33 240
25 14 5 10 -22 55 0 0.00 0.0 3 11.3 21 240 M M 2 26 240
26 23 10 17 -15 48 0 0.01 0.1 3 7.8 12 160 M M 10 168 12 160
27 32 23 28 -4 37 0 T T 3 7.4 21 200 M M 10 18 26 200
28 47 28 38 6 27 0 0.00 0.0 3 14.9 21 200 M M 5 18 27 200
29 59 43 51 20 14 0 0.00 0.0 T 16.0 25 190 M M 8 32 200
30 63 51 57 26 8 0 0.07 0.0 0 12.3 23 220 M M 9 1 31 210
31 55 38 47 16 18 0 0.46 0.0 0 6.8 17 210 M M 9 1 22 200
================================================================================
SM 1281 823 955 0 1.50 3.1 320.4 M 248
================================================================================
AV 41.3 26.5 10.3 FASTST M M 8 MAX(MPH)
MISC ----> 37 280 48 290
================================================================================
NOTES:
# LAST OF SEVERAL OCCURRENCES
COLUMN 17 PEAK WIND IN M.P.H.
PRELIMINARY LOCAL CLIMATOLOGICAL DATA (WS FORM: F-6) , PAGE 2
STATION: DAYTON OH
MONTH: DECEMBER
YEAR: 2022
LATITUDE: 39 54 N
LONGITUDE: 84 12 W
[TEMPERATURE DATA] [PRECIPITATION DATA] SYMBOLS USED IN COLUMN 16
AVERAGE MONTHLY: 33.9 TOTAL FOR MONTH: 1.50 1 = FOG OR MIST
DPTR FM NORMAL: -0.4 DPTR FM NORMAL: -1.55 2 = FOG REDUCING VISIBILITY
HIGHEST: 63 ON 30 GRTST 24HR 0.52 ON 30-31 TO 1/4 MILE OR LESS
LOWEST: -9 ON 23 3 = THUNDER
SNOW, ICE PELLETS, HAIL 4 = ICE PELLETS
TOTAL MONTH: 3.1 INCHES 5 = HAIL
GRTST 24HR 1.7 ON 23-23 6 = FREEZING RAIN OR DRIZZLE
GRTST DEPTH: 3 ON 28,27 7 = DUSTSTORM OR SANDSTORM:
VSBY 1/2 MILE OR LESS
8 = SMOKE OR HAZE
[NO. OF DAYS WITH] [WEATHER - DAYS WITH] 9 = BLOWING SNOW
X = TORNADO
MAX 32 OR BELOW: 7 0.01 INCH OR MORE: 15
MAX 90 OR ABOVE: 0 0.10 INCH OR MORE: 4
MIN 32 OR BELOW: 18 0.50 INCH OR MORE: 0
MIN 0 OR BELOW: 2 1.00 INCH OR MORE: 0
[HDD (BASE 65) ]
TOTAL THIS MO. 955 CLEAR (SCALE 0-3) 3
DPTR FM NORMAL 3 PTCLDY (SCALE 4-7) 8
TOTAL FM JUL 1 1913 CLOUDY (SCALE 8-10) 20
DPTR FM NORMAL -29
[CDD (BASE 65) ]
TOTAL THIS MO. 0
DPTR FM NORMAL 0 [PRESSURE DATA]
TOTAL FM JAN 1 1230 HIGHEST SLP 30.59 ON 1
DPTR FM NORMAL 77 LOWEST SLP 29.53 ON 15
[REMARKS]
#FINAL-12-22#