000
CXUS54 KHUN 031554
CF6DCU
PRELIMINARY LOCAL CLIMATOLOGICAL DATA (WS FORM: F-6)
STATION: DECATUR
MONTH: SEPTEMBER
YEAR: 2023
LATITUDE: 34 39 N
LONGITUDE: 86 56 W
TEMPERATURE IN F: :PCPN: SNOW: WIND :SUNSHINE: SKY :PK WND
================================================================================
1 2 3 4 5 6A 6B 7 8 9 10 11 12 13 14 15 16 17 18
12Z AVG MX 2MIN
DY MAX MIN AVG DEP HDD CDD WTR SNW DPTH SPD SPD DIR MIN PSBL S-S WX SPD DR
================================================================================
1 85 65 75 -2 0 10 0.00 0.0 0 5.8 16 140 M M 6 23 150
2 84 66 75 -2 0 10 0.84 0.0 0 5.6 16 150 M M 6 1 23 160
3 90 65 78 2 0 13 0.00 0.0 0 1.9 8 110 M M 3 14 170
4 92 67 80 4 0 15 0.00 0.0 0 2.7 12 160 M M 2 16 160
5 93 73 83 7 0 18 0.10 0.0 0 2.0 13 260 M M 3 13 17 260
6 92 68 80 4 0 15 0.13 0.0 0 5.0 26 210 M M 2 138 38 210
7 85 61 73 -3 0 8 0.00 0.0 0 4.2 13 270 M M 2 1 19 260
8 86 58 72 -3 0 7 0.00 0.0 0 4.8 12 330 M M 2 18 18 340
9 89 65 77 2 0 12 0.00 0.0 0 4.9 12 20 M M 3 3 16 290
10 87 63 75 0 0 10 0.00 0.0 0 4.0 10 350 M M 4 15 360
11 91 62 77 2 0 12 0.00 0.0 0 1.8 8 320 M M 0 1 13 220
12 90 64 77 3 0 12 0.00 0.0 0 4.8 15 340 M M 2 1 21 20
13 86 64 75 1 0 10 0.00 0.0 0 7.6 15 20 M M 6 19 10
14 87 62 75 1 0 10 0.00 0.0 0 6.0 14 10 M M 2 20 350
15 88 62 75 1 0 10 0.30 0.0 0 3.6 14 140 M M 7 13 18 140
16 81 68 75 2 0 10 0.10 0.0 0 2.8 8 330 M M 9 1 13 110
17 83 59 71 -2 0 6 0.00 0.0 0 4.3 15 330 M M 4 12 22 330
18 83 55 69 -4 0 4 0.00 0.0 0 4.7 15 310 M M 1 1 19 300
19 83 51 67 -5 0 2 0.00 0.0 0 2.1 10 260 M M 1 18 15 280
20 87 57 72 0 0 7 0.00 0.0 0 6.2 17 170 M M 0 25 160
21 87 59 73 1 0 8 T 0.0 0 2.2 10 350 M M 4 16 140
22 88 56 72 1 0 7 0.00 0.0 0 2.5 10 200 M M 1 16 40
23 89 54 72 1 0 7 0.00 0.0 0 4.4 15 340 M M 1 1 25 330
24 89 51 70 -1 0 5 0.00 0.0 0 2.6 13 250 M M 0 16 270
25 91 58 75 5 0 10 0.00 0.0 0 1.6 8 150 M M 0 13 10
26 91 56 74 4 0 9 0.00 0.0 0 2.7 9 240 M M 0 15 280
27 89 65 77 7 0 12 0.00 0.0 0 8.3 17 150 M M 1 25 170
28 85 61 73 4 0 8 0.00 0.0 0 4.6 16 150 M M 0 20 130
29 82 58 70 1 0 5 T 0.0 0 1.7 10 160 M M 3 1 13 160
30 91 56 74 6 0 9 0.00 0.0 0 2.2 9 230 M M 2 12 14 240
================================================================================
SM 2624 1829 0 281 1.47 0.0 117.6 M 77
================================================================================
AV 87.5 61.0 3.9 FASTST M M 3 MAX(MPH)
MISC ----> 26 210 38 210
================================================================================
NOTES:
# LAST OF SEVERAL OCCURRENCES
COLUMN 17 PEAK WIND IN M.P.H.
PRELIMINARY LOCAL CLIMATOLOGICAL DATA (WS FORM: F-6) , PAGE 2
STATION: DECATUR
MONTH: SEPTEMBER
YEAR: 2023
LATITUDE: 34 39 N
LONGITUDE: 86 56 W
[TEMPERATURE DATA] [PRECIPITATION DATA] SYMBOLS USED IN COLUMN 16
AVERAGE MONTHLY: 74.2 TOTAL FOR MONTH: 1.47 1 = FOG OR MIST
DPTR FM NORMAL: 1.1 DPTR FM NORMAL: -1.74 2 = FOG REDUCING VISIBILITY
HIGHEST: 93 ON 5 GRTST 24HR 0.84 ON 2- 2 TO 1/4 MILE OR LESS
LOWEST: 51 ON 24,19 3 = THUNDER
SNOW, ICE PELLETS, HAIL 4 = ICE PELLETS
TOTAL MONTH: 0.0 INCH 5 = HAIL
GRTST 24HR 0.0 6 = FREEZING RAIN OR DRIZZLE
GRTST DEPTH: 0 7 = DUSTSTORM OR SANDSTORM:
VSBY 1/2 MILE OR LESS
8 = SMOKE OR HAZE
[NO. OF DAYS WITH] [WEATHER - DAYS WITH] 9 = BLOWING SNOW
X = TORNADO
MAX 32 OR BELOW: 0 0.01 INCH OR MORE: 5
MAX 90 OR ABOVE: 9 0.10 INCH OR MORE: 5
MIN 32 OR BELOW: 0 0.50 INCH OR MORE: 1
MIN 0 OR BELOW: 0 1.00 INCH OR MORE: 0
[HDD (BASE 65) ]
TOTAL THIS MO. 0 CLEAR (SCALE 0-3) 20
DPTR FM NORMAL -13 PTCLDY (SCALE 4-7) 9
TOTAL FM JUL 1 0 CLOUDY (SCALE 8-10) 1
DPTR FM NORMAL -10
[CDD (BASE 65) ]
TOTAL THIS MO. 281
DPTR FM NORMAL 23 [PRESSURE DATA]
TOTAL FM JAN 1 1771 HIGHEST SLP 30.21 ON 2
DPTR FM NORMAL 13 LOWEST SLP 29.85 ON 7
[REMARKS]
#FINAL-09-23#