000
CXUS53 KDDC 011444
CF6DDC
PRELIMINARY LOCAL CLIMATOLOGICAL DATA (WS FORM: F-6)
STATION: DODGE CITY KS
MONTH: AUGUST
YEAR: 2023
LATITUDE: 37 46 N
LONGITUDE: 99 58 W
TEMPERATURE IN F: :PCPN: SNOW: WIND :SUNSHINE: SKY :PK WND
================================================================================
1 2 3 4 5 6A 6B 7 8 9 10 11 12 13 14 15 16 17 18
12Z AVG MX 2MIN
DY MAX MIN AVG DEP HDD CDD WTR SNW DPTH SPD SPD DIR MIN PSBL S-S WX SPD DR
================================================================================
1 101 71 86 6 0 21 0.00 0.0 0 9.2 18 180 M M 0 38 28 160
2 101 70 86 6 0 21 T 0.0 0 8.7 26 230 M M 1 138 42 220
3 99 72 86 6 0 21 0.00 0.0 0 10.0 23 20 M M 0 8 33 350
4 93 65 79 -1 0 14 0.13 0.0 0 8.0 36 320 M M 0 138 52 320
5 89 67 78 -2 0 13 0.28 0.0 0 9.4 26 230 M M 4 13 37 230
6 86 64 75 -5 0 10 0.06 0.0 0 10.1 28 240 M M 3 13 39 240
7 85 61 73 -7 0 8 0.04 0.0 0 9.7 35 40 M M 3 138 47 30
8 85 63 74 -6 0 9 0.19 0.0 0 10.9 23 140 M M 2 138 30 150
9 88 63 76 -3 0 11 T 0.0 0 9.7 23 30 M M 2 1 32 40
10 91 64 78 -1 0 13 0.00 0.0 0 11.1 21 200 M M 0 29 190
11 92 71 82 3 0 17 0.31 0.0 0 9.0 26 290 M M 1 3 37 280
12 89 68 79 0 0 14 0.15 0.0 0 8.1 24 250 M M 2 138 33 260
13 91 67 79 0 0 14 T 0.0 0 9.2 25 30 M M 3 18 39 30
14 84 58 71 -8 0 6 0.00 0.0 0 10.0 20 350 M M 1 29 10
15 89 57 73 -5 0 8 0.00 0.0 0 6.6 14 180 M M 0 8 20 280
16 95 63 79 1 0 14 0.00 0.0 0 15.0 24 190 M M 0 33 200
17 89 65 77 -1 0 12 0.00 0.0 0 11.7 28 40 M M 0 39 30
18 95 60 78 0 0 13 0.00 0.0 0 13.5 23 180 M M 0 8 34 150
19 107 71 89 11 0 24 0.00 0.0 0 11.8 22 260 M M 0 31 220
20 103 69 86 8 0 21 0.00 0.0 0 8.7 18 180 M M 0 8 26 180
21 102 70 86 9 0 21 0.00 0.0 0 10.1 18 160 M M 0 8 26 180
22 101 71 86 9 0 21 0.00 0.0 0 7.9 15 140 M M 0 8 22 190
23 100 73 87 10 0 22 0.00 0.0 0 10.6 21 200 M M 0 8 29 180
24 99 69 84 7 0 19 0.00 0.0 0 10.2 22 190 M M 1 8 32 160
25 102 72 87 11 0 22 0.01 0.0 0 10.6 24 180 M M 2 38 35 190
26 82 62 72 -4 0 7 0.00 0.0 0 11.6 20 360 M M 6 18 26 360
27 88 54 71 -5 0 6 0.00 0.0 0 5.2 12 70 M M 1 18 17 110
28 93 58 76 0 0 11 0.00 0.0 0 5.6 15 50 M M 0 8 24 80
29 92 63 78 2 0 13 0.01 0.0 0 5.4 18 40 M M 1 8 25 50
30 90 59 75 0 0 10 0.00 0.0 0 6.9 14 180 M M 0 8 20 150
31 95 59 77 2 0 12 0.00 0.0 0 14.6 24 150 M M 0 8 35 180
================================================================================
SM 2896 2019 0 448 1.18 0.0 299.1 M 33
================================================================================
AV 93.4 65.1 9.6 FASTST M M 1 MAX(MPH)
MISC ----> 36 320 52 320
================================================================================
NOTES:
# LAST OF SEVERAL OCCURRENCES
COLUMN 17 PEAK WIND IN M.P.H.
PRELIMINARY LOCAL CLIMATOLOGICAL DATA (WS FORM: F-6) , PAGE 2
STATION: DODGE CITY KS
MONTH: AUGUST
YEAR: 2023
LATITUDE: 37 46 N
LONGITUDE: 99 58 W
[TEMPERATURE DATA] [PRECIPITATION DATA] SYMBOLS USED IN COLUMN 16
AVERAGE MONTHLY: 79.3 TOTAL FOR MONTH: 1.18 1 = FOG OR MIST
DPTR FM NORMAL: 1.2 DPTR FM NORMAL: -1.81 2 = FOG REDUCING VISIBILITY
HIGHEST: 107 ON 19 GRTST 24HR 0.31 ON 11-11 TO 1/4 MILE OR LESS
LOWEST: 54 ON 27 3 = THUNDER
SNOW, ICE PELLETS, HAIL 4 = ICE PELLETS
TOTAL MONTH: 0.0 INCH 5 = HAIL
GRTST 24HR 0.0 6 = FREEZING RAIN OR DRIZZLE
GRTST DEPTH: 0 7 = DUSTSTORM OR SANDSTORM:
VSBY 1/2 MILE OR LESS
8 = SMOKE OR HAZE
[NO. OF DAYS WITH] [WEATHER - DAYS WITH] 9 = BLOWING SNOW
X = TORNADO
MAX 32 OR BELOW: 0 0.01 INCH OR MORE: 9
MAX 90 OR ABOVE: 20 0.10 INCH OR MORE: 5
MIN 32 OR BELOW: 0 0.50 INCH OR MORE: 0
MIN 0 OR BELOW: 0 1.00 INCH OR MORE: 0
[HDD (BASE 65) ]
TOTAL THIS MO. 0 CLEAR (SCALE 0-3) 29
DPTR FM NORMAL -2 PTCLDY (SCALE 4-7) 2
TOTAL FM JUL 1 0 CLOUDY (SCALE 8-10) 0
DPTR FM NORMAL -3
[CDD (BASE 65) ]
TOTAL THIS MO. 448
DPTR FM NORMAL 42 [PRESSURE DATA]
TOTAL FM JAN 1 1251 HIGHEST SLP 30.22 ON 14
DPTR FM NORMAL -61 LOWEST SLP 29.73 ON 11
[REMARKS]
#FINAL-08-23#