000
CXUS55 KALY 010710
CF6DDH
PRELIMINARY LOCAL CLIMATOLOGICAL DATA (WS FORM: F-6)
STATION: BENNINGTON VT
MONTH: MAY
YEAR: 2022
LATITUDE: 42 53 N
LONGITUDE: 73 15 W
TEMPERATURE IN F: :PCPN: SNOW: WIND :SUNSHINE: SKY :PK WND
================================================================================
1 2 3 4 5 6A 6B 7 8 9 10 11 12 13 14 15 16 17 18
12Z AVG MX 2MIN
DY MAX MIN AVG DEP HDD CDD WTR SNW DPTH SPD SPD DIR MIN PSBL S-S WX SPD DR
================================================================================
1 70 29 50 -2 15 0 0.00 M M 2.5 13 270 M M 0 16 270
2 57 42 50 -2 15 0 0.14 M M 4.7 16 130 M M 9 1 24 140
3 64 46 55 3 10 0 0.00 M M 7.4 18 130 M M 8 1 23 120
4 56 50 53 0 12 0 0.32 M M 5.2 18 130 M M 8 1 26 140
5 66 45 56 3 9 0 0.00 M M 4.5 14 360 M M 2 20 360
6 64 43 54 1 11 0 0.00 M M 1.4 7 360 M M 1 10 10
7 58 44 51 -3 14 0 0.00 M M 8.4 20 110 M M 0 31 120
8 65 37 51 -3 14 0 0.00 M M 4.3 15 130 M M 0 21 100
9 73 31 52 -2 13 0 0.00 M M 6.9 15 110 M M 0 25 50
10 74 36 55 0 10 0 0.00 M M 5.2 16 140 M M 0 20 100
11 81 35 58 3 7 0 0.00 M M 3.5 12 130 M M 0 15 360
12 85 39 62 7 3 0 0.00 M M 3.4 12 140 M M 1 16 150
13 85 54 70 14 0 5 0.00 M M 4.4 12 210 M M 3 17 200
14 84 57 71 15 0 6 0.15 M M 2.8 14 230 M M 3 1 20 230
15 80 60 70 14 0 5 0.12 M M 2.1 12 190 M M 8 12 15 200
16 82 54 68 12 0 3 0.46 M M 4.2 28 190 M M 8 12 35 190
17 64 50 57 0 8 0 0.02 M M 9.5 20 280 M M 8 33 270
18 67 40 54 -3 11 0 0.04 M M 4.5 13 350 M M 2 1 19 290
19 60 47 54 -3 11 0 0.28 M M 3.2 13 240 M M 9 18 18 240
20 80 42 61 3 4 0 0.00 M M 6.9 23 170 M M 4 1 31 190
21 91 60 76 18 0 11 0.00 M M 3.2 13 200 M M 1 1 16 200
22 89 60 75 17 0 10 1.02 M M 5.2 18 170 M M 5 1 24 240
23 67 48 58 0 7 0 0.00 M M 6.0 15 330 M M 2 21 320
24 71 43 57 -2 8 0 0.00 M M 2.3 10 100 M M 3 15 120
25 75 50 63 4 2 0 0.00 M M 1.9 9 280 M M 4 12 270
26 74 56 65 6 0 0 0.00 M M 8.2 22 180 M M 3 29 180
27 78 65 72 13 0 7 T M M 10.7 18 190 M M 5 26 170
28 75 51 63 3 2 0 0.10 M M 3.2 16 350 M M 6 1 23 340
29 77 45 61 1 4 0 0.00 M M 1.9 9 300 M M 0 1 14 270
30 83 48 66 6 0 1 0.00 M M 2.8 10 260 M M 0 1 M M
31 88 60 74 14 0 9 0.00 M M 3.5 12 360 M M 3 1 16 350
================================================================================
SM 2283 1467 190 57 2.65 M 143.9 M 106
================================================================================
AV 73.6 47.3 4.6 FASTST M M 3 MAX(MPH)
MISC ----> 28 190 35 190
================================================================================
NOTES:
# LAST OF SEVERAL OCCURRENCES
COLUMN 17 PEAK WIND IN M.P.H.
PRELIMINARY LOCAL CLIMATOLOGICAL DATA (WS FORM: F-6) , PAGE 2
STATION: BENNINGTON VT
MONTH: MAY
YEAR: 2022
LATITUDE: 42 53 N
LONGITUDE: 73 15 W
[TEMPERATURE DATA] [PRECIPITATION DATA] SYMBOLS USED IN COLUMN 16
AVERAGE MONTHLY: 60.5 TOTAL FOR MONTH: 2.65 1 = FOG OR MIST
DPTR FM NORMAL: 4.2 DPTR FM NORMAL: -0.82 2 = FOG REDUCING VISIBILITY
HIGHEST: 91 ON 21 GRTST 24HR 1.02 ON 22-22 TO 1/4 MILE OR LESS
LOWEST: 29 ON 1 3 = THUNDER
SNOW, ICE PELLETS, HAIL 4 = ICE PELLETS
TOTAL MONTH: M 5 = HAIL
GRTST 24HR M ON M 6 = FREEZING RAIN OR DRIZZLE
GRTST DEPTH: M ON M 7 = DUSTSTORM OR SANDSTORM:
VSBY 1/2 MILE OR LESS
8 = SMOKE OR HAZE
[NO. OF DAYS WITH] [WEATHER - DAYS WITH] 9 = BLOWING SNOW
X = TORNADO
MAX 32 OR BELOW: 0 0.01 INCH OR MORE: 10
MAX 90 OR ABOVE: 1 0.10 INCH OR MORE: 8
MIN 32 OR BELOW: 2 0.50 INCH OR MORE: 1
MIN 0 OR BELOW: 0 1.00 INCH OR MORE: 1
[HDD (BASE 65) ]
TOTAL THIS MO. 190 CLEAR (SCALE 0-3) 17
DPTR FM NORMAL -97 PTCLDY (SCALE 4-7) 10
TOTAL FM JUL 1 6394 CLOUDY (SCALE 8-10) 4
DPTR FM NORMAL -539
[CDD (BASE 65) ]
TOTAL THIS MO. 57
DPTR FM NORMAL 40 [PRESSURE DATA]
TOTAL FM JAN 1 57 HIGHEST SLP M ON M
DPTR FM NORMAL 38 LOWEST SLP 29.60 ON 17
[REMARKS]
#FINAL-05-22#