000
CXUS53 KARX 010930
CF6DEH
PRELIMINARY LOCAL CLIMATOLOGICAL DATA (WS FORM: F-6)
STATION: DECORAH IA
MONTH: AUGUST
YEAR: 2020
LATITUDE: 43 16 N
LONGITUDE: 91 44 W
TEMPERATURE IN F: :PCPN: SNOW: WIND :SUNSHINE: SKY :PK WND
================================================================================
1 2 3 4 5 6A 6B 7 8 9 10 11 12 13 14 15 16 17 18
12Z AVG MX 2MIN
DY MAX MIN AVG DEP HDD CDD WTR SNW DPTH SPD SPD DIR MIN PSBL S-S WX SPD DR
================================================================================
1 81 55 68 M 0 3 0.00 0.0 0 2.8 7 20 M M 1 14 330
2 72 61 67 M 0 2 0.00 0.0 0 9.3 15 350 M M 8 23 10
3 68 52 60 M 5 0 0.00 0.0 0 7.2 13 50 M M 2 23 30
4 73 46 60 M 5 0 0.00 0.0 0 3.3 10 340 M M 2 16 340
5 75 52 64 M 1 0 0.00 0.0 0 3.2 9 220 M M 3 15 190
6 75 59 67 M 0 2 0.00 0.0 0 5.8 12 160 M M 6 17 160
7 81 61 71 M 0 6 0.00 0.0 0 8.9 14 160 M M 3 27 160
8 86 70 78 M 0 13 0.00 0.0 0 7.4 10 210 M M 5 18 180
9 81 70 76 M 0 11 0.21 0.0 0 5.7 21 110 M M 2 1 27 110
10 79 59 69 M 0 4 0.25 0.0 0 5.4 16 350 M M 2 1 23 350
11 79 54 67 M 0 2 0.00 0.0 0 0.7 5 160 M M 0 M M
12 79 55 67 M 0 2 0.00 0.0 0 5.4 13 130 M M 0 21 160
13 82 66 74 M 0 9 0.00 0.0 0 6.5 12 160 M M 4 16 99
14 82 64 73 M 0 8 0.17 0.0 0 6.2 10 160 M M 2 8 17 160
15 75 59 67 M 0 2 0.02 0.0 0 7.5 15 330 M M 3 24 360
16 82 57 70 M 0 5 0.00 0.0 0 4.3 14 340 M M 1 23 330
17 79 61 70 M 0 5 0.00 0.0 0 6.7 15 340 M M 2 1 22 350
18 75 52 64 M 1 0 0.00 0.0 0 2.3 10 350 M M 0 14 10
19 79 54 67 M 0 2 0.00 0.0 0 3.7 8 220 M M 0 12 99
20 81 63 72 M 0 7 0.00 0.0 0 6.9 9 200 M M 0 20 200
21 82 61 72 M 0 7 0.00 0.0 0 5.4 9 170 M M 1 16 220
22 81 64 73 M 0 8 0.12 0.0 0 5.4 17 180 M M 4 25 180
23 88 63 76 M 0 11 0.00 0.0 0 1.6 6 99 M M 1 1 M M
24 90 64 77 M 0 12 0.00 0.0 0 3.5 9 160 M M 0 1 17 170
25 90 72 81 M 0 16 0.00 0.0 0 5.2 8 190 M M 0 13 210
26 90 72 81 M 0 16 0.00 0.0 0 7.0 10 230 M M 1 22 230
27 91 72 82 M 0 17 0.00 0.0 0 5.3 8 220 M M 2 16 99
28 84 68 76 M 0 11 0.18 0.0 0 6.7 14 330 M M 3 22 99
29 75 54 65 M 0 0 0.00 0.0 0 8.8 15 320 M M 1 24 340
30 75 52 64 M 1 0 0.00 0.0 0 6.1 13 160 M M 1 21 160
31 73 52 63 M 2 0 0.20 0.0 0 7.1 18 330 M M 4 1 24 330
================================================================================
SM 2483 1864 15 181 1.15 0.0 171.3 M 64
================================================================================
AV 80.1 60.1 5.5 FASTST M M 2 MAX(MPH)
MISC ----> # 21 110 # 27 160
================================================================================
NOTES:
# LAST OF SEVERAL OCCURRENCES
COLUMN 17 PEAK WIND IN M.P.H.
PRELIMINARY LOCAL CLIMATOLOGICAL DATA (WS FORM: F-6) , PAGE 2
STATION: DECORAH IA
MONTH: AUGUST
YEAR: 2020
LATITUDE: 43 16 N
LONGITUDE: 91 44 W
[TEMPERATURE DATA] [PRECIPITATION DATA] SYMBOLS USED IN COLUMN 16
AVERAGE MONTHLY: 70.1 TOTAL FOR MONTH: 1.15 1 = FOG OR MIST
DPTR FM NORMAL: M DPTR FM NORMAL: M 2 = FOG REDUCING VISIBILITY
HIGHEST: 91 ON 27 GRTST 24HR 0.25 ON 10-10 TO 1/4 MILE OR LESS
LOWEST: 46 ON 4 3 = THUNDER
SNOW, ICE PELLETS, HAIL 4 = ICE PELLETS
TOTAL MONTH: 0.0 INCH 5 = HAIL
GRTST 24HR 0.0 6 = FREEZING RAIN OR DRIZZLE
GRTST DEPTH: 0 7 = DUSTSTORM OR SANDSTORM:
VSBY 1/2 MILE OR LESS
8 = SMOKE OR HAZE
[NO. OF DAYS WITH] [WEATHER - DAYS WITH] 9 = BLOWING SNOW
X = TORNADO
MAX 32 OR BELOW: 0 0.01 INCH OR MORE: 7
MAX 90 OR ABOVE: 4 0.10 INCH OR MORE: 6
MIN 32 OR BELOW: 0 0.50 INCH OR MORE: 0
MIN 0 OR BELOW: 0 1.00 INCH OR MORE: 0
[HDD (BASE 65) ]
TOTAL THIS MO. 15 CLEAR (SCALE 0-3) 24
DPTR FM NORMAL M PTCLDY (SCALE 4-7) 7
TOTAL FM JUL 1 16 CLOUDY (SCALE 8-10) 0
DPTR FM NORMAL M
[CDD (BASE 65) ]
TOTAL THIS MO. 181
DPTR FM NORMAL M [PRESSURE DATA]
TOTAL FM JAN 1 643 HIGHEST SLP M ON M
DPTR FM NORMAL M LOWEST SLP M ON M
[REMARKS]
#FINAL-08-20#