000
CXUS55 KBOU 011918 CCA
CF6DEN
PRELIMINARY LOCAL CLIMATOLOGICAL DATA (WS FORM: F-6)
STATION: DENVER CO
MONTH: NOVEMBER
YEAR: 2023
LATITUDE: 39 52 N
LONGITUDE: 104 40 W
TEMPERATURE IN F: :PCPN: SNOW: WIND :SUNSHINE: SKY :PK WND
================================================================================
1 2 3 4 5 6A 6B 7 8 9 10 11 12 13 14 15 16 17 18
12Z AVG MX 2MIN
DY MAX MIN AVG DEP HDD CDD WTR SNW DPTH SPD SPD DIR MIN PSBL S-S WX SPD DR
================================================================================
1 63 31 47 2 18 0 0.00 0.0 T 6.6 15 210 M M 6 21 210
2 70 31 51 7 14 0 0.00 0.0 0 9.7 18 260 M M 3 27 270
3 69 42 56 12 9 0 0.00 0.0 0 8.0 15 270 M M 7 20 270
4 65 32 49 5 16 0 0.00 0.0 0 9.7 16 200 M M 4 21 200
5 78 46 62 19 3 0 0.00 0.0 0 10.8 25 300 M M 8 33 300
6 75 39 57 14 8 0 0.00 0.0 0 9.2 18 160 M M 5 24 160
7 76 41 59 16 6 0 0.00 0.0 0 11.7 23 70 M M 2 30 50
8 47 32 40 -2 25 0 T 0.0 0 8.5 23 360 M M 8 31 20
9 50 27 39 -3 26 0 0.00 0.0 0 8.6 15 180 M M 2 23 40
10 55 24 40 -2 25 0 0.00 0.0 0 8.2 15 190 M M 2 19 200
11 62 24 43 2 22 0 0.00 0.0 0 9.6 22 280 M M 3 30 280
12 63 35 49 8 16 0 0.00 0.0 0 12.1 21 190 M M 1 27 180
13 65 32 49 9 16 0 0.00 0.0 0 7.9 17 160 M M 3 22 170
14 70 37 54 14 11 0 0.00 0.0 0 7.6 18 180 M M 5 8 25 170
15 69 33 51 11 14 0 0.00 0.0 0 10.1 16 170 M M 6 19 100
16 70 35 53 14 12 0 0.00 0.0 0 11.0 32 310 M M 5 41 290
17 65 31 48 9 17 0 0.00 0.0 0 6.8 14 80 M M 3 12 18 120
18 60 32 46 8 19 0 0.00 0.0 0 7.0 13 240 M M 4 14 250
19 59 27 43 5 22 0 0.00 0.0 0 7.0 18 310 M M 6 27 320
20 45 33 39 1 26 0 0.01 T 0 20.0 35 340 M M 8 47 360
21 56 26 41 4 24 0 0.00 0.0 0 8.1 17 210 M M 2 21 30
22 68 35 52 15 13 0 0.00 0.0 0 8.1 18 220 M M 3 27 220
23 44 22 33 -4 32 0 0.01 T 0 9.8 22 100 M M 8 16 27 90
24 25 16 21 -15 44 0 0.07 1.9 1 10.9 18 100 M M 10 18 23 110
25 21 12 17 -19 48 0 0.09 1.0 2 8.2 14 220 M M 8 1 17 340
26 39 14 27 -8 38 0 0.00 0.0 2 9.0 16 70 M M 1 21 220
27 43 10 27 -8 38 0 0.00 0.0 2 8.9 18 210 M M 1 22 220
28 57 25 41 6 24 0 0.00 0.0 1 9.2 20 210 M M 1 25 210
29 59 22 41 7 24 0 0.00 0.0 T 8.3 16 240 M M 4 20 250
30 40 20 30 -4 35 0 0.00 0.0 0 7.7 14 160 M M 7 18 60
================================================================================
SM 1728 866 645 0 0.18 2.9 278.3 M 136
================================================================================
AV 57.6 28.9 9.3 FASTST M M 5 MAX(MPH)
MISC ----> 35 340 47 360
================================================================================
NOTES:
# LAST OF SEVERAL OCCURRENCES
COLUMN 17 PEAK WIND IN M.P.H.
PRELIMINARY LOCAL CLIMATOLOGICAL DATA (WS FORM: F-6) , PAGE 2
STATION: DENVER CO
MONTH: NOVEMBER
YEAR: 2023
LATITUDE: 39 52 N
LONGITUDE: 104 40 W
[TEMPERATURE DATA] [PRECIPITATION DATA] SYMBOLS USED IN COLUMN 16
AVERAGE MONTHLY: 43.2 TOTAL FOR MONTH: 0.18 1 = FOG OR MIST
DPTR FM NORMAL: 3.8 DPTR FM NORMAL: -0.46 2 = FOG REDUCING VISIBILITY
HIGHEST: 78 ON 5 GRTST 24HR 0.09 ON 25-25 TO 1/4 MILE OR LESS
LOWEST: 10 ON 27 3 = THUNDER
SNOW, ICE PELLETS, HAIL 4 = ICE PELLETS
TOTAL MONTH: 2.9 INCHES 5 = HAIL
GRTST 24HR 1.9 ON 24-24 6 = FREEZING RAIN OR DRIZZLE
GRTST DEPTH: 2 ON 26,25 7 = DUSTSTORM OR SANDSTORM:
VSBY 1/2 MILE OR LESS
8 = SMOKE OR HAZE
[NO. OF DAYS WITH] [WEATHER - DAYS WITH] 9 = BLOWING SNOW
X = TORNADO
MAX 32 OR BELOW: 2 0.01 INCH OR MORE: 4
MAX 90 OR ABOVE: 0 0.10 INCH OR MORE: 0
MIN 32 OR BELOW: 20 0.50 INCH OR MORE: 0
MIN 0 OR BELOW: 0 1.00 INCH OR MORE: 0
[HDD (BASE 65) ]
TOTAL THIS MO. 645 CLEAR (SCALE 0-3) 13
DPTR FM NORMAL -122 PTCLDY (SCALE 4-7) 11
TOTAL FM JUL 1 1077 CLOUDY (SCALE 8-10) 6
DPTR FM NORMAL -242
[CDD (BASE 65) ]
TOTAL THIS MO. 0
DPTR FM NORMAL 0 [PRESSURE DATA]
TOTAL FM JAN 1 791 HIGHEST SLP 30.51 ON 21
DPTR FM NORMAL -58 LOWEST SLP 29.52 ON 7
[REMARKS]
#FINAL-11-23#