000
CXUS54 KSHV 040436
CF6DEQ
PRELIMINARY LOCAL CLIMATOLOGICAL DATA (WS FORM: F-6)
STATION: DE QUEEN
MONTH: OCTOBER
YEAR: 2020
LATITUDE: 34 2 N
LONGITUDE: 94 24 W
TEMPERATURE IN F: :PCPN: SNOW: WIND :SUNSHINE: SKY :PK WND
================================================================================
1 2 3 4 5 6A 6B 7 8 9 10 11 12 13 14 15 16 17 18
12Z AVG MX 2MIN
DY MAX MIN AVG DEP HDD CDD WTR SNW DPTH SPD SPD DIR MIN PSBL S-S WX SPD DR
================================================================================
1 79 53 66 -2 0 1 0.00 0.0 0 2.3 10 60 M M 1 12 15 70
2 72 46 59 -8 6 0 0.00 0.0 0 1.6 9 190 M M 0 12 120
3 74 48 61 -6 4 0 0.00 0.0 0 3.2 10 170 M M 0 1 15 170
4 77 51 64 -3 1 0 0.00 0.0 0 2.9 10 330 M M 2 1 16 350
5 72 46 59 -7 6 0 0.00 0.0 0 1.9 10 110 M M 0 1 14 90
6 80 47 64 -2 1 0 0.00 0.0 0 0.6 6 190 M M 0 1 7 200
7 84 51 68 2 0 3 0.00 0.0 0 1.1 6 170 M M 1 12 8 200
8 82 59 71 6 0 6 0.00 0.0 0 2.4 10 110 M M 4 18 13 100
9 76 66 71 6 0 6 0.00 0.0 0 4.5 13 110 M M 7 15 110
10 87 62 75 10 0 10 0.00 0.0 0 2.5 12 40 M M 1 1 16 30
11 87 58 73 8 0 8 0.00 0.0 0 3.2 10 130 M M 2 12 14 140
12 81 49 65 1 0 0 0.00 0.0 0 3.9 16 320 M M 1 128 23 310
13 80 45 63 -1 2 0 0.00 0.0 0 1.3 9 130 M M 0 1 12 160
14 81 45 63 -1 2 0 0.00 0.0 0 3.2 12 160 M M 0 1 16 140
15 68 59 64 0 1 0 0.02 0.0 0 3.8 17 40 M M 8 1 24 50
16 71 45 58 -5 7 0 0.00 0.0 0 2.2 12 90 M M 2 17 90
17 69 41 55 -8 10 0 T 0.0 0 4.0 14 180 M M 5 1 18 150
18 82 62 72 9 0 7 T 0.0 0 5.6 15 190 M M 9 21 190
19 82 63 73 11 0 8 T 0.0 0 4.9 17 260 M M 6 1 22 260
20 85 64 75 13 0 10 0.00 0.0 0 3.8 13 130 M M 4 1 19 120
21 86 61 74 12 0 9 0.00 0.0 0 2.8 12 190 M M 2 12 15 170
22 87 61 74 12 0 9 0.00 0.0 0 4.0 13 170 M M 2 12 16 170
23 77 50 64 3 1 0 T 0.0 0 5.5 15 320 M M 5 1 22 330
24 55 50 53 -8 12 0 0.00 0.0 0 3.0 10 30 M M 10 1 14 40
25 58 50 54 -7 11 0 T 0.0 0 5.3 12 70 M M 10 1 17 80
26 53 50 52 -8 13 0 0.17 0.0 0 6.1 10 60 M M 10 1 15 60
27 55 50 53 -7 12 0 0.02 0.0 0 6.5 13 80 M M 10 1 18 80
28 57 44 51 -9 14 0 2.28 0.0 0 6.5 20 260 M M 10 12 24 270
29 56 38 47 -12 18 0 0.00 0.0 0 7.0 17 270 M M 7 12 24 250
30 67 35 51 -8 14 0 0.00 0.0 0 1.7 9 110 M M 3 12 12 120
31 65 37 51 -8 14 0 0.00 0.0 0 2.0 10 190 M M 2 12 12 200
================================================================================
SM 2285 1586 149 77 2.49 0.0 109.3 M 124
================================================================================
AV 73.7 51.2 3.5 FASTST M M 4 MAX(MPH)
MISC ----> # 20 260 # 24 50
================================================================================
NOTES:
# LAST OF SEVERAL OCCURRENCES
COLUMN 17 PEAK WIND IN M.P.H.
PRELIMINARY LOCAL CLIMATOLOGICAL DATA (WS FORM: F-6) , PAGE 2
STATION: DE QUEEN
MONTH: OCTOBER
YEAR: 2020
LATITUDE: 34 2 N
LONGITUDE: 94 24 W
[TEMPERATURE DATA] [PRECIPITATION DATA] SYMBOLS USED IN COLUMN 16
AVERAGE MONTHLY: 62.4 TOTAL FOR MONTH: 2.49 1 = FOG OR MIST
DPTR FM NORMAL: -0.8 DPTR FM NORMAL: -2.03 2 = FOG REDUCING VISIBILITY
HIGHEST: 87 ON 22,11 GRTST 24HR 2.28 ON 28-28 TO 1/4 MILE OR LESS
LOWEST: 35 ON 30 3 = THUNDER
SNOW, ICE PELLETS, HAIL 4 = ICE PELLETS
TOTAL MONTH: 0.0 INCH 5 = HAIL
GRTST 24HR 0.0 6 = FREEZING RAIN OR DRIZZLE
GRTST DEPTH: 0 7 = DUSTSTORM OR SANDSTORM:
VSBY 1/2 MILE OR LESS
8 = SMOKE OR HAZE
[NO. OF DAYS WITH] [WEATHER - DAYS WITH] 9 = BLOWING SNOW
X = TORNADO
MAX 32 OR BELOW: 0 0.01 INCH OR MORE: 4
MAX 90 OR ABOVE: 0 0.10 INCH OR MORE: 2
MIN 32 OR BELOW: 0 0.50 INCH OR MORE: 1
MIN 0 OR BELOW: 0 1.00 INCH OR MORE: 1
[HDD (BASE 65) ]
TOTAL THIS MO. 149 CLEAR (SCALE 0-3) 17
DPTR FM NORMAL 25 PTCLDY (SCALE 4-7) 8
TOTAL FM JUL 1 155 CLOUDY (SCALE 8-10) 6
DPTR FM NORMAL 22
[CDD (BASE 65) ]
TOTAL THIS MO. 77
DPTR FM NORMAL 8 [PRESSURE DATA]
TOTAL FM JAN 1 2034 HIGHEST SLP 30.39 ON 16
DPTR FM NORMAL 100 LOWEST SLP 29.72 ON 28
[REMARKS]
#FINAL-10-20#