000
CXUS56 KOTX 010900
CF6DEW
PRELIMINARY LOCAL CLIMATOLOGICAL DATA (WS FORM: F-6)
STATION: DEER_PARK WA AIRPORT
MONTH: FEBRUARY
YEAR: 2020
LATITUDE: 47 58 N
LONGITUDE: 117 25 W
TEMPERATURE IN F: :PCPN: SNOW: WIND :SUNSHINE: SKY :PK WND
================================================================================
1 2 3 4 5 6A 6B 7 8 9 10 11 12 13 14 15 16 17 18
12Z AVG MX 2MIN
DY MAX MIN AVG DEP HDD CDD WTR SNW DPTH SPD SPD DIR MIN PSBL S-S WX SPD DR
================================================================================
1 53 34 44 15 21 0 0.02 M M 17.9 32 240 M M 5 44 210
2 38 13 26 -3 39 0 0.00 M M 1.6 9 240 M M 0 10 230
3 37 10 24 -5 41 0 0.00 M M 2.6 12 330 M M 3 15 310
4 28 7 18 -11 47 0 0.01 M M 2.6 10 200 M M 5 1 M M
5 33 27 30 1 35 0 0.26 M M 1.9 12 180 M M 10 12 13 170
6 33 25 29 0 36 0 0.19 M M 1.0 7 260 M M 9 12 7 270
7 37 31 34 5 31 0 0.05 M M 1.7 20 220 M M 10 12 23 220
8 42 25 34 5 31 0 0.01 M M 7.2 17 210 M M 6 12 22 200
9 35 17 26 -4 39 0 0.00 M M 5.7 14 200 M M 7 12 26 120
10 41 17 29 -1 36 0 0.00 M M 2.1 8 160 M M 2 1 29 80
11 46 21 34 4 31 0 0.00 M M 4.2 14 200 M M 3 17 210
12 45 17 31 1 34 0 0.00 M M 2.7 10 210 M M 0 12 200
13 43 19 31 1 34 0 0.01 M M 4.6 16 210 M M 5 20 210
14 45 25 35 5 30 0 T M M 6.9 16 290 M M 6 1 19 290
15 40 30 35 5 30 0 0.04 M M 9.0 18 200 M M 10 1 23 200
16 41 25 33 3 32 0 0.06 M M 5.1 18 350 M M 8 1 24 360
17 42 20 31 1 34 0 0.00 M M 3.4 20 320 M M 4 25 320
18 41 17 29 -2 36 0 0.00 M M 2.9 16 320 M M 2 20 320
19 39 14 27 -4 38 0 0.00 M M 1.9 8 20 M M 0 11 10
20 43 20 32 1 33 0 0.00 M M 3.9 10 30 M M 0 13 20
21 46 15 31 0 34 0 0.00 M M 1.8 7 180 M M 0 14 300
22 49 22 36 5 29 0 0.00 M M 3.1 16 220 M M 2 21 220
23 42 27 35 3 30 0 0.17 M M 7.5 22 260 M M 7 1 28 190
24 43 24 34 2 31 0 0.00 M M 6.6 15 180 M M 6 19 200
25 40 19 30 -2 35 0 0.00 M M 2.1 8 20 M M 4 12 170
26 48 26 37 5 28 0 0.00 M M 1.7 12 230 M M 6 17 190
27 46 26 36 3 29 0 0.00 M M 2.9 8 220 0 0 0 M M
28 60 25 43 10 22 0 0.00 M M 8.7 25 200 M M 0 34 200
29 48 23 36 3 29 0 0.00 M M 9.9 22 220 M M 3 29 220
================================================================================
SM 1224 621 955 0 0.82 M 133.2 0 123
================================================================================
AV 42.2 21.4 4.6 FASTST 0 0 4 MAX(MPH)
MISC ----> # 32 240 # 44 210
================================================================================
NOTES:
# LAST OF SEVERAL OCCURRENCES
COLUMN 17 PEAK WIND IN M.P.H.
PRELIMINARY LOCAL CLIMATOLOGICAL DATA (WS FORM: F-6) , PAGE 2
STATION: DEER_PARK WA AIRPORT
MONTH: FEBRUARY
YEAR: 2020
LATITUDE: 47 58 N
LONGITUDE: 117 25 W
[TEMPERATURE DATA] [PRECIPITATION DATA] SYMBOLS USED IN COLUMN 16
AVERAGE MONTHLY: 31.8 TOTAL FOR MONTH: 0.82 1 = FOG OR MIST
DPTR FM NORMAL: 1.4 DPTR FM NORMAL: -0.78 2 = FOG REDUCING VISIBILITY
HIGHEST: 60 ON 28 GRTST 24HR 0.26 ON 5- 5 TO 1/4 MILE OR LESS
LOWEST: 7 ON 4 3 = THUNDER
SNOW, ICE PELLETS, HAIL 4 = ICE PELLETS
TOTAL MONTH: M 5 = HAIL
GRTST 24HR M ON M 6 = FREEZING RAIN OR DRIZZLE
GRTST DEPTH: M ON M 7 = DUSTSTORM OR SANDSTORM:
VSBY 1/2 MILE OR LESS
8 = SMOKE OR HAZE
[NO. OF DAYS WITH] [WEATHER - DAYS WITH] 9 = BLOWING SNOW
X = TORNADO
MAX 32 OR BELOW: 1 0.01 INCH OR MORE: 10
MAX 90 OR ABOVE: 0 0.10 INCH OR MORE: 3
MIN 32 OR BELOW: 28 0.50 INCH OR MORE: 0
MIN 0 OR BELOW: 0 1.00 INCH OR MORE: 0
[HDD (BASE 65) ]
TOTAL THIS MO. 955 CLEAR (SCALE 0-3) 13
DPTR FM NORMAL -14 PTCLDY (SCALE 4-7) 11
TOTAL FM JUL 1 5090 CLOUDY (SCALE 8-10) 5
DPTR FM NORMAL -307
[CDD (BASE 65) ]
TOTAL THIS MO. 0
DPTR FM NORMAL 0 [PRESSURE DATA]
TOTAL FM JAN 1 0 HIGHEST SLP 0.00 ON 27
DPTR FM NORMAL 0 LOWEST SLP 29.76 ON M
[REMARKS]
#FINAL-02-20#