000
CXUS53 KIWX 010810
CF6DFI
PRELIMINARY LOCAL CLIMATOLOGICAL DATA (WS FORM: F-6)
STATION: DEFIANCE MEMORIAL
MONTH: SEPTEMBER
YEAR: 2021
LATITUDE: 41 20 N
LONGITUDE: 84 26 W
TEMPERATURE IN F: :PCPN: SNOW: WIND :SUNSHINE: SKY :PK WND
================================================================================
1 2 3 4 5 6A 6B 7 8 9 10 11 12 13 14 15 16 17 18
12Z AVG MX 2MIN
DY MAX MIN AVG DEP HDD CDD WTR SNW DPTH SPD SPD DIR MIN PSBL S-S WX SPD DR
================================================================================
1 80 60 70 2 0 5 0.00 M M 9.6 22 20 M M 1 32 20
2 M M M M M M M M M M M M M M 0 M M
3 M M M M M M M M M M M M M M M M M
4 M M M M M M M M M M M M M M M M M
5 M M M M M M M M M M M M M M M M M
6 M M M M M M M M M M M M M M M M M
7 M M M M M M M M M M M M M M M M M
8 M M M M M M M M M M M M M M M M M
9 M M M M M M M M M M M M M M M M M
10 79 49 64 -2 1 0 0.00 0.0 0 1.9 9 330 M M 0 1 12 220
11 84 55 70 4 0 5 0.00 0.0 0 10.2 22 200 M M 1 33 190
12 89 70 80 15 0 15 0.00 0.0 0 8.5 16 220 M M 0 26 220
13 87 69 78 13 0 13 0.00 0.0 0 5.4 15 200 M M 2 21 190
14 91 68 80 15 0 15 T 0.0 0 11.1 23 220 M M 2 3 36 220
15 80 58 69 5 0 4 T 0.0 0 4.7 13 330 M M 4 17 350
16 83 53 68 4 0 3 0.00 M M 3.7 13 80 M M 0 1 17 120
17 89 57 73 9 0 8 0.00 M M 2.4 12 220 M M 1 1 19 240
18 84 62 73 10 0 8 0.00 M M 5.7 13 30 M M 2 1 21 40
19 89 59 74 11 0 9 0.00 M M 5.8 12 70 M M 1 19 80
20 83 67 75 13 0 10 0.04 M M 8.3 21 200 M M 5 1 29 190
21 79 61 70 8 0 5 0.02 M M 8.0 18 360 M M 8 1 27 20
22 61 51 56 -6 9 0 M M M 14.0 24 330 M M 10 1 35 330
23 59 49 54 -7 11 0 0.66 M M 10.6 25 320 M M 10 1 38 320
24 75 50 63 2 2 0 0.00 M M 7.7 15 210 M M 2 24 280
25 68 48 58 -2 7 0 M M M 6.4 17 310 M M 4 1 26 310
26 80 45 63 3 2 0 M M M 8.9 17 210 M M 2 29 190
27 87 62 75 15 0 10 M M M 8.2 18 230 M M 0 30 220
28 78 54 66 7 0 1 0.00 M M 5.3 13 50 M M 0 19 40
29 79 49 64 5 1 0 0.00 M M 1.8 8 110 M M 0 18 11 100
30 77 47 62 4 3 0 0.00 M M 2.5 9 100 M M 0 13 110
================================================================================
SM 1761 1243 36 111 0.72 0.0 150.7 M 55
================================================================================
AV 80.0 56.5 6.9 FASTST M M 2 MAX(MPH)
MISC ----> 25 320 38 320
================================================================================
NOTES:
# LAST OF SEVERAL OCCURRENCES
COLUMN 17 PEAK WIND IN M.P.H.
PRELIMINARY LOCAL CLIMATOLOGICAL DATA (WS FORM: F-6) , PAGE 2
STATION: DEFIANCE MEMORIAL
MONTH: SEPTEMBER
YEAR: 2021
LATITUDE: 41 20 N
LONGITUDE: 84 26 W
[TEMPERATURE DATA] [PRECIPITATION DATA] SYMBOLS USED IN COLUMN 16
AVERAGE MONTHLY: 68.3 TOTAL FOR MONTH: 0.72 1 = FOG OR MIST
DPTR FM NORMAL: 4.4 DPTR FM NORMAL: -1.95 2 = FOG REDUCING VISIBILITY
HIGHEST: 91 ON 14 GRTST 24HR 0.97 ON 22-23 TO 1/4 MILE OR LESS
LOWEST: 45 ON 26 3 = THUNDER
SNOW, ICE PELLETS, HAIL 4 = ICE PELLETS
TOTAL MONTH: 0.0 INCH 5 = HAIL
GRTST 24HR 0.0 6 = FREEZING RAIN OR DRIZZLE
GRTST DEPTH: 0 7 = DUSTSTORM OR SANDSTORM:
VSBY 1/2 MILE OR LESS
8 = SMOKE OR HAZE
[NO. OF DAYS WITH] [WEATHER - DAYS WITH] 9 = BLOWING SNOW
X = TORNADO
MAX 32 OR BELOW: 0 0.01 INCH OR MORE: 3
MAX 90 OR ABOVE: 1 0.10 INCH OR MORE: 1
MIN 32 OR BELOW: 0 0.50 INCH OR MORE: 1
MIN 0 OR BELOW: 0 1.00 INCH OR MORE: 0
[HDD (BASE 65) ]
TOTAL THIS MO. 36 CLEAR (SCALE 0-3) 17
DPTR FM NORMAL -72 PTCLDY (SCALE 4-7) 3
TOTAL FM JUL 1 36 CLOUDY (SCALE 8-10) 10
DPTR FM NORMAL -87
[CDD (BASE 65) ]
TOTAL THIS MO. 111
DPTR FM NORMAL 36 [PRESSURE DATA]
TOTAL FM JAN 1 1096 HIGHEST SLP 30.23 ON 30
DPTR FM NORMAL 360 LOWEST SLP 29.68 ON 7
[REMARKS]
#FINAL-09-21#