000
CXUS51 KLWX 010915
CF6DMH
PRELIMINARY LOCAL CLIMATOLOGICAL DATA (WS FORM: F-6)
STATION: BALTIMORE INNER HARBOR
MONTH: DECEMBER
YEAR: 2022
LATITUDE: 39 16 N
LONGITUDE: 76 37 W
TEMPERATURE IN F: :PCPN: SNOW: WIND :SUNSHINE: SKY :PK WND
================================================================================
1 2 3 4 5 6A 6B 7 8 9 10 11 12 13 14 15 16 17 18
12Z AVG MX 2MIN
DY MAX MIN AVG DEP HDD CDD WTR SNW DPTH SPD SPD DIR MIN PSBL S-S WX SPD DR
================================================================================
1 45 36 41 -3 24 0 0.00 M M M M M M M M M M
2 48 31 40 -4 25 0 0.00 M M M M M M M M M M
3 63 47 55 11 10 0 0.47 M M M M M M M M M M
4 48 36 42 -1 23 0 0.00 M M M M M M M 0 M M
5 50 32 41 -2 24 0 0.00 M M M M M M M 0 M M
6 51 38 45 3 20 0 0.26 M M M M M M M 0 M M
7 57 51 54 12 11 0 0.01 M M M M M M M 0 M M
8 59 48 54 12 11 0 0.00 M M M M M M M 0 M M
9 50 40 45 4 20 0 0.00 M M M M M M M 0 M M
10 46 35 41 0 24 0 0.00 M M M M M M M 0 M M
11 45 40 43 3 22 0 0.03 M M M M M M M 0 M M
12 46 37 42 2 23 0 0.00 M M M M M M M 0 M M
13 44 31 38 -2 27 0 0.00 M M M M M M M 0 M M
14 42 31 37 -3 28 0 0.00 M M M M M M M 0 M M
15 49 34 42 3 23 0 1.97 M M M M M M M 0 M M
16 53 41 47 8 18 0 0.21 M M M M M M M 0 M M
17 48 39 44 5 21 0 0.00 M M M M M M M 0 M M
18 43 33 38 0 27 0 0.00 M M M M M M M 0 M M
19 43 30 37 -1 28 0 0.00 M M M M M M M 0 M M
20 43 30 37 -1 28 0 0.00 M M M M M M M 0 M M
21 43 30 37 -1 28 0 0.00 M M M M M M M 0 M M
22 55 35 45 7 20 0 1.20 M M M M M M M 0 M M
23 55 10 33 -4 32 0 0.35 M M M M M M M 0 M M
24 19 8 14 -23 51 0 0.00 M M M M M M M 0 M M
25 M M M M M M M M M M M M M M M M M
26 M M M M M M M M M M M M M M M M M
27 44 31 38 1 27 0 0.00 0.0 0 M M M M M 0 M M
28 50 29 40 4 25 0 0.00 0.0 0 M M M M M 0 M M
29 52 32 42 6 23 0 0.00 0.0 0 M M M M M 0 M M
30 59 34 47 11 18 0 0.00 M M M M M M M 0 M M
31 54 42 48 12 17 0 0.44 M M M M M M M 0 M M
================================================================================
SM 1404 991 678 0 4.94 0.0 M M 0
================================================================================
AV 48.4 34.2 M FASTST M M 0 MAX(MPH)
MISC ----> M M M M
================================================================================
NOTES:
# LAST OF SEVERAL OCCURRENCES
COLUMN 17 PEAK WIND IN M.P.H.
PRELIMINARY LOCAL CLIMATOLOGICAL DATA (WS FORM: F-6) , PAGE 2
STATION: BALTIMORE INNER HARBOR
MONTH: DECEMBER
YEAR: 2022
LATITUDE: 39 16 N
LONGITUDE: 76 37 W
[TEMPERATURE DATA] [PRECIPITATION DATA] SYMBOLS USED IN COLUMN 16
AVERAGE MONTHLY: 41.3 TOTAL FOR MONTH: 4.94 1 = FOG OR MIST
DPTR FM NORMAL: 1.9 DPTR FM NORMAL: 1.53 2 = FOG REDUCING VISIBILITY
HIGHEST: 63 ON 3 GRTST 24HR 2.12 ON 15-16 TO 1/4 MILE OR LESS
LOWEST: 8 ON 24 3 = THUNDER
SNOW, ICE PELLETS, HAIL 4 = ICE PELLETS
TOTAL MONTH: 0.0 INCH 5 = HAIL
GRTST 24HR 0.0 6 = FREEZING RAIN OR DRIZZLE
GRTST DEPTH: 0 7 = DUSTSTORM OR SANDSTORM:
VSBY 1/2 MILE OR LESS
8 = SMOKE OR HAZE
[NO. OF DAYS WITH] [WEATHER - DAYS WITH] 9 = BLOWING SNOW
X = TORNADO
MAX 32 OR BELOW: 1 0.01 INCH OR MORE: 9
MAX 90 OR ABOVE: 0 0.10 INCH OR MORE: 7
MIN 32 OR BELOW: 12 0.50 INCH OR MORE: 2
MIN 0 OR BELOW: 0 1.00 INCH OR MORE: 2
[HDD (BASE 65) ]
TOTAL THIS MO. 678 CLEAR (SCALE 0-3) 26
DPTR FM NORMAL -114 PTCLDY (SCALE 4-7) 0
TOTAL FM JUL 1 1001 CLOUDY (SCALE 8-10) 5
DPTR FM NORMAL -442
[CDD (BASE 65) ]
TOTAL THIS MO. 0
DPTR FM NORMAL 0 [PRESSURE DATA]
TOTAL FM JAN 1 28 HIGHEST SLP 30.60 ON 2
DPTR FM NORMAL -1637 LOWEST SLP 29.20 ON 23
[REMARKS]
#FINAL-12-22#