000
CXUS51 KLWX 030238
CF6DMH
PRELIMINARY LOCAL CLIMATOLOGICAL DATA (WS FORM: F-6)
STATION: BALTIMORE INNER HARBOR MD
MONTH: APRIL
YEAR: 2020
LATITUDE: 39 16 N
LONGITUDE: 76 37 W
TEMPERATURE IN F: :PCPN: SNOW: WIND :SUNSHINE: SKY :PK WND
================================================================================
1 2 3 4 5 6A 6B 7 8 9 10 11 12 13 14 15 16 17 18
12Z AVG MX 2MIN
DY MAX MIN AVG DEP HDD CDD WTR SNW DPTH SPD SPD DIR MIN PSBL S-S WX SPD DR
================================================================================
1 55 42 49 -3 16 0 0.00 M M M M M M M M M M
2 62 42 52 0 13 0 0.00 M M M M M M M M M M
3 62 48 55 3 10 0 0.00 M M M M M M M M M M
4 58 50 54 1 11 0 0.00 M M M M M M M M M M
5 71 51 61 8 4 0 0.00 M M M M M M M M M M
6 69 55 62 9 3 0 0.00 M M M M M M M M M M
7 70 55 63 9 2 0 0.06 M M M M M M M M M M
8 77 56 67 13 0 2 0.09 M M M M M M M M M M
9 73 47 60 6 5 0 0.24 M M M M M M M M M M
10 51 42 47 -8 18 0 0.00 M M M M M M M M M M
11 62 40 51 -4 14 0 0.00 M M M M M M M M M M
12 72 45 59 4 6 0 0.24 M M M M M M M M M M
13 78 54 66 10 0 1 2.22 M M M M M M M M M M
14 60 41 51 -5 14 0 0.12 M M M M M M M M M M
15 54 40 47 -9 18 0 0.02 M M M M M M M M M M
16 53 42 48 -9 17 0 0.00 M M M M M M M M M M
17 58 39 49 -8 16 0 0.00 M M M M M M M M M M
18 53 44 49 -8 16 0 0.02 M M M M M M M M M M
19 66 40 53 -5 12 0 0.00 M M M M M M M M M M
20 63 51 57 -1 8 0 0.00 M M M M M M M M M M
21 67 44 56 -2 9 0 0.06 M M M M M M M M M M
22 59 39 49 -10 16 0 0.00 M M M M M M M M M M
23 57 48 53 -6 12 0 0.69 M M M M M M M M M M
24 56 50 53 -6 12 0 0.42 M M M M M M M M M M
25 66 47 57 -3 8 0 0.02 M M M M M M M M M M
26 55 47 51 -9 14 0 0.33 M M M M M M M M M M
27 57 44 51 -9 14 0 0.01 M M M M M M M M M M
28 62 45 54 -7 11 0 0.00 M M M M M M M M M M
29 72 51 62 1 3 0 0.00 M M M M M M M M M M
30 68 58 63 2 2 0 1.43 M M M M M M M M M M
================================================================================
SM 1886 1397 304 3 5.97 M M M M
================================================================================
AV 62.9 46.6 M FASTST M M M MAX(MPH)
MISC ----> M M M M
================================================================================
NOTES:
# LAST OF SEVERAL OCCURRENCES
COLUMN 17 PEAK WIND IN M.P.H.
PRELIMINARY LOCAL CLIMATOLOGICAL DATA (WS FORM: F-6) , PAGE 2
STATION: BALTIMORE INNER HARBOR MD
MONTH: APRIL
YEAR: 2020
LATITUDE: 39 16 N
LONGITUDE: 76 37 W
[TEMPERATURE DATA] [PRECIPITATION DATA] SYMBOLS USED IN COLUMN 16
AVERAGE MONTHLY: 54.7 TOTAL FOR MONTH: 5.97 1 = FOG OR MIST
DPTR FM NORMAL: -1.9 DPTR FM NORMAL: 2.75 2 = FOG REDUCING VISIBILITY
HIGHEST: 78 ON 13 GRTST 24HR 2.46 ON 12-13 TO 1/4 MILE OR LESS
LOWEST: 39 ON 22,17 3 = THUNDER
SNOW, ICE PELLETS, HAIL 4 = ICE PELLETS
TOTAL MONTH: M 5 = HAIL
GRTST 24HR M ON M 6 = FREEZING RAIN OR DRIZZLE
GRTST DEPTH: M ON M 7 = DUSTSTORM OR SANDSTORM:
VSBY 1/2 MILE OR LESS
8 = SMOKE OR HAZE
[NO. OF DAYS WITH] [WEATHER - DAYS WITH] 9 = BLOWING SNOW
X = TORNADO
MAX 32 OR BELOW: 0 0.01 INCH OR MORE: 15
MAX 90 OR ABOVE: 0 0.10 INCH OR MORE: 8
MIN 32 OR BELOW: 0 0.50 INCH OR MORE: 3
MIN 0 OR BELOW: 0 1.00 INCH OR MORE: 2
[HDD (BASE 65) ]
TOTAL THIS MO. 304 CLEAR (SCALE 0-3) 0
DPTR FM NORMAL 26 PTCLDY (SCALE 4-7) 0
TOTAL FM JUL 1 3401 CLOUDY (SCALE 8-10) 30
DPTR FM NORMAL -543
[CDD (BASE 65) ]
TOTAL THIS MO. 3
DPTR FM NORMAL -21 [PRESSURE DATA]
TOTAL FM JAN 1 6 HIGHEST SLP 30.39 ON 17
DPTR FM NORMAL -19 LOWEST SLP 29.28 ON 9
[REMARKS]
#FINAL-04-20#