000
CXUS51 KLWX 020755
CF6DMH
PRELIMINARY LOCAL CLIMATOLOGICAL DATA (WS FORM: F-6)
STATION: BALTIMORE INNER HARBOR MD
MONTH: DECEMBER
YEAR: 2019
LATITUDE: 39 16 N
LONGITUDE: 76 37 W
TEMPERATURE IN F: :PCPN: SNOW: WIND :SUNSHINE: SKY :PK WND
================================================================================
1 2 3 4 5 6A 6B 7 8 9 10 11 12 13 14 15 16 17 18
12Z AVG MX 2MIN
DY MAX MIN AVG DEP HDD CDD WTR SNW DPTH SPD SPD DIR MIN PSBL S-S WX SPD DR
================================================================================
1 45 38 42 -2 23 0 0.63 M M M M M M M M M M
2 43 38 41 -3 24 0 0.02 M M M M M M M M M M
3 47 39 43 -1 22 0 0.00 M M M M M M M M M M
4 47 36 42 -1 23 0 0.02 M M M M M M M M M M
5 47 38 43 0 22 0 0.00 M M M M M M M M M M
6 56 35 46 4 19 0 0.00 M M M M M M M M M M
7 45 35 40 -2 25 0 0.00 M M M M M M M M M M
8 48 32 40 -2 25 0 0.00 M M M M M M M M M M
9 52 43 48 7 17 0 0.78 M M M M M M M M M M
10 58 38 48 7 17 0 0.13 M M M M M M M M M M
11 40 33 37 -3 28 0 0.04 M M M M M M M M M M
12 39 29 34 -6 31 0 0.00 M M M M M M M M M M
13 51 34 43 3 22 0 0.30 M M M M M M M M M M
14 51 45 48 8 17 0 0.20 M M M M M M M M M M
15 53 39 46 7 19 0 0.00 M M M M M M M M M M
16 40 33 37 -2 28 0 0.24 M M M M M M M M M M
17 42 36 39 0 26 0 0.20 M M M M M M M M M M
18 40 26 33 -5 32 0 0.00 M M M M M M M M M M
19 31 22 27 -11 38 0 0.00 M M M M M M M M M M
20 39 26 33 -5 32 0 0.00 M M M M M M M M M M
21 38 29 34 -4 31 0 0.00 M M M M M M M M M M
22 51 27 39 1 26 0 0.00 M M M M M M M M M M
23 51 31 41 4 24 0 0.00 M M M M M M M M M M
24 52 35 44 7 21 0 0.00 M M M M M M M M M M
25 47 33 40 3 25 0 0.00 M M M M M M M M M M
26 51 34 43 6 22 0 0.00 M M M M M M M M M M
27 54 44 49 12 16 0 0.00 M M M M M M M M M M
28 64 41 53 17 12 0 0.00 M M M M M M M M M M
29 49 45 47 11 18 0 0.74 M M M M M M M M M M
30 61 43 52 16 13 0 0.23 M M M M M M M M M M
31 52 43 48 12 17 0 0.00 M M M M M M M M M M
================================================================================
SM 1484 1100 715 0 3.53 M M M M
================================================================================
AV 47.9 35.5 M FASTST M M 5 MAX(MPH)
MISC ----> M M M M
================================================================================
NOTES:
# LAST OF SEVERAL OCCURRENCES
COLUMN 17 PEAK WIND IN M.P.H.
PRELIMINARY LOCAL CLIMATOLOGICAL DATA (WS FORM: F-6) , PAGE 2
STATION: BALTIMORE INNER HARBOR MD
MONTH: DECEMBER
YEAR: 2019
LATITUDE: 39 16 N
LONGITUDE: 76 37 W
[TEMPERATURE DATA] [PRECIPITATION DATA] SYMBOLS USED IN COLUMN 16
AVERAGE MONTHLY: 41.7 TOTAL FOR MONTH: 3.53 1 = FOG OR MIST
DPTR FM NORMAL: 2.3 DPTR FM NORMAL: 0.12 2 = FOG REDUCING VISIBILITY
HIGHEST: 64 ON 28 GRTST 24HR 0.78 ON 9- 9 TO 1/4 MILE OR LESS
LOWEST: 22 ON 19 3 = THUNDER
SNOW, ICE PELLETS, HAIL 4 = ICE PELLETS
TOTAL MONTH: M 5 = HAIL
GRTST 24HR M ON M 6 = FREEZING RAIN OR DRIZZLE
GRTST DEPTH: M ON M 7 = DUSTSTORM OR SANDSTORM:
VSBY 1/2 MILE OR LESS
8 = SMOKE OR HAZE
[NO. OF DAYS WITH] [WEATHER - DAYS WITH] 9 = BLOWING SNOW
X = TORNADO
MAX 32 OR BELOW: 1 0.01 INCH OR MORE: 12
MAX 90 OR ABOVE: 0 0.10 INCH OR MORE: 9
MIN 32 OR BELOW: 8 0.50 INCH OR MORE: 3
MIN 0 OR BELOW: 0 1.00 INCH OR MORE: 0
[HDD (BASE 65) ]
TOTAL THIS MO. 715 CLEAR (SCALE 0-3) 0
DPTR FM NORMAL -77 PTCLDY (SCALE 4-7) 0
TOTAL FM JUL 1 1373 CLOUDY (SCALE 8-10) 0
DPTR FM NORMAL -70
[CDD (BASE 65) ]
TOTAL THIS MO. 0
DPTR FM NORMAL 0 [PRESSURE DATA]
TOTAL FM JAN 1 2050 HIGHEST SLP 30.80 ON 12
DPTR FM NORMAL 385 LOWEST SLP 29.28 ON 14
[REMARKS]
#FINAL-12-19#