000
CXUS51 KLWX 020016
CF6DMH
PRELIMINARY LOCAL CLIMATOLOGICAL DATA (WS FORM: F-6)
STATION: BALTIMORE INNER HARBOR MD
MONTH: NOVEMBER
YEAR: 2019
LATITUDE: 39 16 N
LONGITUDE: 76 37 W
TEMPERATURE IN F: :PCPN: SNOW: WIND :SUNSHINE: SKY :PK WND
================================================================================
1 2 3 4 5 6A 6B 7 8 9 10 11 12 13 14 15 16 17 18
12Z AVG MX 2MIN
DY MAX MIN AVG DEP HDD CDD WTR SNW DPTH SPD SPD DIR MIN PSBL S-S WX SPD DR
================================================================================
1 53 43 48 -7 17 0 0.00 M M M M M M M M M M
2 54 39 47 -8 18 0 0.00 M M M M M M M M M M
3 54 40 47 -8 18 0 0.00 M M M M M M M M M M
4 62 39 51 -3 14 0 0.00 M M M M M M M M M M
5 65 45 55 1 10 0 0.00 M M M M M M M M M M
6 59 45 52 -2 13 0 0.00 M M M M M M M M M M
7 60 46 53 0 12 0 0.08 M M M M M M M M M M
8 46 36 41 -12 24 0 0.00 M M M M M M M M M M
9 43 31 37 -16 28 0 0.00 M M M M M M M M M M
10 56 37 47 -5 18 0 0.00 M M M M M M M M M M
11 65 42 54 2 11 0 0.00 M M M M M M M M M M
12 60 31 46 -6 19 0 0.06 M M M M M M M M M M
13 38 25 32 -19 33 0 0.00 M M M M M M M M M M
14 45 29 37 -14 28 0 0.00 M M M M M M M M M M
15 54 35 45 -6 20 0 0.00 M M M M M M M M M M
16 46 38 42 -8 23 0 0.00 M M M M M M M M M M
17 46 35 41 -9 24 0 0.00 M M M M M M M M M M
18 53 40 47 -3 18 0 0.07 M M M M M M M M M M
19 57 42 50 1 15 0 0.02 M M M M M M M M M M
20 53 46 50 1 15 0 0.00 M M M M M M M M M M
21 58 40 49 1 16 0 0.00 M M M M M M M M M M
22 56 42 49 1 16 0 0.04 M M M M M M M M M M
23 46 35 41 -7 24 0 0.33 M M M M M M M M M M
24 52 40 46 -1 19 0 0.53 M M M M M M M M M M
25 60 37 49 2 16 0 0.00 M M M M M M M M M M
26 61 39 50 4 15 0 0.00 M M M M M M M M M M
27 59 46 53 7 12 0 0.00 M M M M M M M M M M
28 53 43 48 2 17 0 0.00 M M M M M M M M M M
29 49 38 44 -1 21 0 0.00 M M M M M M M M M M
30 46 38 42 -3 23 0 0.00 M M M M M M M M M M
================================================================================
SM 1609 1162 557 0 1.13 M M M M
================================================================================
AV 53.6 38.7 M FASTST M M 0 MAX(MPH)
MISC ----> M M M M
================================================================================
NOTES:
# LAST OF SEVERAL OCCURRENCES
COLUMN 17 PEAK WIND IN M.P.H.
PRELIMINARY LOCAL CLIMATOLOGICAL DATA (WS FORM: F-6) , PAGE 2
STATION: BALTIMORE INNER HARBOR MD
MONTH: NOVEMBER
YEAR: 2019
LATITUDE: 39 16 N
LONGITUDE: 76 37 W
[TEMPERATURE DATA] [PRECIPITATION DATA] SYMBOLS USED IN COLUMN 16
AVERAGE MONTHLY: 46.2 TOTAL FOR MONTH: 1.13 1 = FOG OR MIST
DPTR FM NORMAL: -4.1 DPTR FM NORMAL: -1.84 2 = FOG REDUCING VISIBILITY
HIGHEST: 65 ON 11, 5 GRTST 24HR 1.35 ON 31- 1 TO 1/4 MILE OR LESS
LOWEST: 25 ON 13 3 = THUNDER
SNOW, ICE PELLETS, HAIL 4 = ICE PELLETS
TOTAL MONTH: M 5 = HAIL
GRTST 24HR M ON M 6 = FREEZING RAIN OR DRIZZLE
GRTST DEPTH: M ON M 7 = DUSTSTORM OR SANDSTORM:
VSBY 1/2 MILE OR LESS
8 = SMOKE OR HAZE
[NO. OF DAYS WITH] [WEATHER - DAYS WITH] 9 = BLOWING SNOW
X = TORNADO
MAX 32 OR BELOW: 0 0.01 INCH OR MORE: 7
MAX 90 OR ABOVE: 0 0.10 INCH OR MORE: 2
MIN 32 OR BELOW: 4 0.50 INCH OR MORE: 1
MIN 0 OR BELOW: 0 1.00 INCH OR MORE: 0
[HDD (BASE 65) ]
TOTAL THIS MO. 557 CLEAR (SCALE 0-3) 0
DPTR FM NORMAL 115 PTCLDY (SCALE 4-7) 0
TOTAL FM JUL 1 658 CLOUDY (SCALE 8-10) 0
DPTR FM NORMAL 7
[CDD (BASE 65) ]
TOTAL THIS MO. 0
DPTR FM NORMAL -1 [PRESSURE DATA]
TOTAL FM JAN 1 2050 HIGHEST SLP 30.46 ON 6
DPTR FM NORMAL 385 LOWEST SLP 29.41 ON 24
[REMARKS]
#FINAL-11-19#