390
CXUS51 KLWX 020048
CF6DMH
PRELIMINARY LOCAL CLIMATOLOGICAL DATA (WS FORM: F-6)
STATION: BALTIMORE INNER HARBOR MD
MONTH: SEPTEMBER
YEAR: 2019
LATITUDE: 39 16 N
LONGITUDE: 76 37 W
TEMPERATURE IN F: :PCPN: SNOW: WIND :SUNSHINE: SKY :PK WND
================================================================================
1 2 3 4 5 6A 6B 7 8 9 10 11 12 13 14 15 16 17 18
12Z AVG MX 2MIN
DY MAX MIN AVG DEP HDD CDD WTR SNW DPTH SPD SPD DIR MIN PSBL S-S WX SPD DR
================================================================================
1 83 70 77 0 0 12 0.00 M M M M M M M M M M
2 90 73 82 5 0 17 0.00 M M M M M M M M M M
3 88 71 80 4 0 15 0.00 M M M M M M M M M M
4 95 70 83 7 0 18 0.00 M M M M M M M M M M
5 81 70 76 0 0 11 0.00 M M M M M M M M M M
6 71 65 68 -8 0 3 0.00 M M M M M M M M M M
7 84 62 73 -2 0 8 0.00 M M M M M M M M M M
8 84 65 75 0 0 10 0.00 M M M M M M M M M M
9 85 72 79 4 0 14 0.00 M M M M M M M M M M
10 86 70 78 4 0 13 0.00 M M M M M M M M M M
11 94 69 82 8 0 17 0.00 M M M M M M M M M M
12 95 73 84 10 0 19 0.00 M M M M M M M M M M
13 73 67 70 -3 0 5 0.07 M M M M M M M M M M
14 80 67 74 1 0 9 0.00 M M M M M M M M M M
15 86 71 79 6 0 14 0.00 M M M M M M M M M M
16 92 69 81 9 0 16 0.00 M M M M M M M M M M
17 84 68 76 4 0 11 0.00 M M M M M M M M M M
18 80 63 72 1 0 7 0.00 M M M M M M M M M M
19 74 59 67 -4 0 2 0.00 M M M M M M M M M M
20 82 56 69 -1 0 4 0.00 M M M M M M M M M M
21 87 60 74 4 0 9 0.00 M M M M M M M M M M
22 89 69 79 9 0 14 0.00 M M M M M M M M M M
23 95 72 84 15 0 19 0.00 M M M M M M M M M M
24 81 68 75 6 0 10 0.00 M M M M M M M M M M
25 85 62 74 6 0 9 0.00 M M M M M M M M M M
26 89 65 77 9 0 12 0.00 M M M M M M M M M M
27 82 65 74 7 0 9 0.00 M M M M M M M M M M
28 89 68 79 12 0 14 0.00 M M M M M M M M M M
29 87 73 80 14 0 15 0.00 M M M M M M M M M M
30 75 70 73 7 0 8 0.01 M M M M M M M M M M
================================================================================
SM 2546 2022 0 344 0.08 M M M M
================================================================================
AV 84.9 67.4 M FASTST M M 3 MAX(MPH)
MISC ----> M M M M
================================================================================
NOTES:
# LAST OF SEVERAL OCCURRENCES
COLUMN 17 PEAK WIND IN M.P.H.
PRELIMINARY LOCAL CLIMATOLOGICAL DATA (WS FORM: F-6) , PAGE 2
STATION: BALTIMORE INNER HARBOR MD
MONTH: SEPTEMBER
YEAR: 2019
LATITUDE: 39 16 N
LONGITUDE: 76 37 W
[TEMPERATURE DATA] [PRECIPITATION DATA] SYMBOLS USED IN COLUMN 16
AVERAGE MONTHLY: 76.1 TOTAL FOR MONTH: 0.08 1 = FOG OR MIST
DPTR FM NORMAL: 4.1 DPTR FM NORMAL: -4.01 2 = FOG REDUCING VISIBILITY
HIGHEST: 95 ON 23,12 GRTST 24HR 0.07 ON 13-13 TO 1/4 MILE OR LESS
LOWEST: 56 ON 20 3 = THUNDER
SNOW, ICE PELLETS, HAIL 4 = ICE PELLETS
TOTAL MONTH: M 5 = HAIL
GRTST 24HR M ON M 6 = FREEZING RAIN OR DRIZZLE
GRTST DEPTH: M ON M 7 = DUSTSTORM OR SANDSTORM:
VSBY 1/2 MILE OR LESS
8 = SMOKE OR HAZE
[NO. OF DAYS WITH] [WEATHER - DAYS WITH] 9 = BLOWING SNOW
X = TORNADO
MAX 32 OR BELOW: 0 0.01 INCH OR MORE: 2
MAX 90 OR ABOVE: 6 0.10 INCH OR MORE: 0
MIN 32 OR BELOW: 0 0.50 INCH OR MORE: 0
MIN 0 OR BELOW: 0 1.00 INCH OR MORE: 0
[HDD (BASE 65) ]
TOTAL THIS MO. 0 CLEAR (SCALE 0-3) 0
DPTR FM NORMAL -18 PTCLDY (SCALE 4-7) 0
TOTAL FM JUL 1 0 CLOUDY (SCALE 8-10) 0
DPTR FM NORMAL -18
[CDD (BASE 65) ]
TOTAL THIS MO. 344
DPTR FM NORMAL 115 [PRESSURE DATA]
TOTAL FM JAN 1 1989 HIGHEST SLP 30.41 ON 13
DPTR FM NORMAL 364 LOWEST SLP 29.75 ON 26
[REMARKS]
#FINAL-09-19#