915
CXUS51 KLWX 140145
CF6DMH
PRELIMINARY LOCAL CLIMATOLOGICAL DATA (WS FORM: F-6)
STATION: BALTIMORE INNER HARBOR MD
MONTH: JUNE
YEAR: 2019
LATITUDE: 39 16 N
LONGITUDE: 76 37 W
TEMPERATURE IN F: :PCPN: SNOW: WIND :SUNSHINE: SKY :PK WND
================================================================================
1 2 3 4 5 6A 6B 7 8 9 10 11 12 13 14 15 16 17 18
12Z AVG MX 2MIN
DY MAX MIN AVG DEP HDD CDD WTR SNW DPTH SPD SPD DIR MIN PSBL S-S WX SPD DR
================================================================================
1 85 71 78 7 0 13 0.00 M M M M M M M M M M
2 87 67 77 5 0 12 0.01 M M M M M M M M M M
3 75 61 68 -4 0 3 0.00 M M M M M M M M M M
4 77 56 67 -5 0 2 0.00 M M M M M M M M M M
5 83 65 74 1 0 9 0.07 M M M M M M M M M M
6 89 72 81 8 0 16 0.00 M M M M M M M M M M
7 85 72 79 6 0 14 0.00 M M M M M M M M M M
8 84 70 77 3 0 12 0.00 M M M M M M M M M M
9 80 64 72 -2 0 7 0.10 M M M M M M M M M M
10 79 63 71 -3 0 6 0.45 M M M M M M M M M M
11 80 65 73 -2 0 8 0.12 M M M M M M M M M M
12 77 65 71 -4 0 6 0.04 M M M M M M M M M M
13 75 62 69 -7 0 4 0.64 M M M M M M M M M M
14 77 59 68 -8 0 3 0.00 M M M M M M M M M M
15 85 60 73 -3 0 8 0.00 M M M M M M M M M M
16 87 71 79 3 0 14 0.11 M M M M M M M M M M
17 91 73 82 5 0 17 0.54 M M M M M M M M M M
18 87 72 80 3 0 15 0.08 M M M M M M M M M M
19 87 72 80 3 0 15 0.20 M M M M M M M M M M
20 92 73 83 5 0 18 0.04 M M M M M M M M M M
21 84 72 78 0 0 13 0.00 M M M M M M M M M M
22 83 65 74 -4 0 9 0.00 M M M M M M M M M M
23 86 67 77 -1 0 12 0.00 M M M M M M M M M M
24 88 70 79 0 0 14 0.00 M M M M M M M M M M
25 91 75 83 4 0 18 0.09 M M M M M M M M M M
26 93 72 83 4 0 18 0.00 M M M M M M M M M M
27 95 79 87 8 0 22 0.00 M M M M M M M M M M
28 96 76 86 6 0 21 0.03 M M M M M M M M M M
29 97 76 87 7 0 22 0.22 M M M M M M M M M M
30 92 75 84 4 0 19 0.00 M M M M M M M M M M
================================================================================
SM 2567 2060 0 370 2.74 M M M M
================================================================================
AV 85.6 68.7 M FASTST M M 3 MAX(MPH)
MISC ----> M M M M
================================================================================
NOTES:
# LAST OF SEVERAL OCCURRENCES
COLUMN 17 PEAK WIND IN M.P.H.
PRELIMINARY LOCAL CLIMATOLOGICAL DATA (WS FORM: F-6) , PAGE 2
STATION: BALTIMORE INNER HARBOR MD
MONTH: JUNE
YEAR: 2019
LATITUDE: 39 16 N
LONGITUDE: 76 37 W
[TEMPERATURE DATA] [PRECIPITATION DATA] SYMBOLS USED IN COLUMN 16
AVERAGE MONTHLY: 77.1 TOTAL FOR MONTH: 2.74 1 = FOG OR MIST
DPTR FM NORMAL: 1.0 DPTR FM NORMAL: -0.53 2 = FOG REDUCING VISIBILITY
HIGHEST: 97 ON 29 GRTST 24HR 0.64 ON 13-13 TO 1/4 MILE OR LESS
LOWEST: 56 ON 4 3 = THUNDER
SNOW, ICE PELLETS, HAIL 4 = ICE PELLETS
TOTAL MONTH: M 5 = HAIL
GRTST 24HR M ON M 6 = FREEZING RAIN OR DRIZZLE
GRTST DEPTH: M ON M 7 = DUSTSTORM OR SANDSTORM:
VSBY 1/2 MILE OR LESS
8 = SMOKE OR HAZE
[NO. OF DAYS WITH] [WEATHER - DAYS WITH] 9 = BLOWING SNOW
X = TORNADO
MAX 32 OR BELOW: 0 0.01 INCH OR MORE: 15
MAX 90 OR ABOVE: 8 0.10 INCH OR MORE: 8
MIN 32 OR BELOW: 0 0.50 INCH OR MORE: 2
MIN 0 OR BELOW: 0 1.00 INCH OR MORE: 0
[HDD (BASE 65) ]
TOTAL THIS MO. 0 CLEAR (SCALE 0-3) 0
DPTR FM NORMAL -5 PTCLDY (SCALE 4-7) 0
TOTAL FM JUL 1 3714 CLOUDY (SCALE 8-10) 0
DPTR FM NORMAL -317
[CDD (BASE 65) ]
TOTAL THIS MO. 370
DPTR FM NORMAL 33 [PRESSURE DATA]
TOTAL FM JAN 1 595 HIGHEST SLP 30.22 ON 12
DPTR FM NORMAL 119 LOWEST SLP 29.47 ON 20
[REMARKS]
#FINAL-06-19#