000
CXUS51 KLWX 010915
CF6DMH
PRELIMINARY LOCAL CLIMATOLOGICAL DATA (WS FORM: F-6)
STATION: BALTIMORE INNER HARBOR
MONTH: NOVEMBER
YEAR: 2023
LATITUDE: 39 16 N
LONGITUDE: 76 37 W
TEMPERATURE IN F: :PCPN: SNOW: WIND :SUNSHINE: SKY :PK WND
================================================================================
1 2 3 4 5 6A 6B 7 8 9 10 11 12 13 14 15 16 17 18
12Z AVG MX 2MIN
DY MAX MIN AVG DEP HDD CDD WTR SNW DPTH SPD SPD DIR MIN PSBL S-S WX SPD DR
================================================================================
1 52 42 47 -8 18 0 0.00 M M M M M M M 0 M M
2 54 39 47 -7 18 0 0.00 M M M M M M M 0 M M
3 63 38 51 -3 14 0 0.00 0.0 0 M M M M M 0 M M
4 67 43 55 1 10 0 0.00 0.0 0 M M M M M 0 M M
5 74 47 61 7 4 0 0.00 0.0 0 M M M M M 0 M M
6 63 49 56 3 9 0 0.00 0.0 0 M M M M M 0 M M
7 75 55 65 12 0 0 0.00 0.0 0 M M M M M 0 M M
8 64 51 58 6 7 0 0.00 0.0 0 M M M M M 0 M M
9 76 53 65 13 0 0 0.01 M M M M M M M M M M
10 59 43 51 -1 14 0 0.18 M M M M M M M 0 M M
11 63 43 53 1 12 0 0.00 M M M M M M M 0 M M
12 55 42 49 -2 16 0 0.00 M M M M M M M 0 M M
13 57 37 47 -4 18 0 0.00 M M M M M M M 0 M M
14 62 44 53 3 12 0 0.00 M M M M M M M 0 M M
15 62 42 52 2 13 0 0.00 M M M M M M M 0 M M
16 70 44 57 7 8 0 0.00 M M M M M M M M M M
17 73 48 61 11 4 0 0.01 M M M M M M M M M M
18 62 47 55 6 10 0 0.00 M M M M M M M M M M
19 62 43 53 4 12 0 0.00 M M M M M M M 0 M M
20 54 42 48 -1 17 0 0.00 M M M M M M M 0 M M
21 59 43 51 3 14 0 2.27 M M M M M M M 0 M M
22 62 52 57 9 8 0 0.06 M M M M M M M 0 M M
23 59 46 53 5 12 0 0.00 M M M M M M M 0 M M
24 57 40 49 2 16 0 0.00 M M M M M M M 0 M M
25 46 35 41 -6 24 0 0.00 M M M M M M M 0 M M
26 48 37 43 -4 22 0 0.31 M M M M M M M 0 M M
27 53 37 45 -1 20 0 0.00 M M M M M M M 0 M M
28 43 30 37 -9 28 0 0.00 M M M M M M M 0 M M
29 42 27 35 -11 30 0 0.00 M M M M M M M 0 M M
30 61 33 47 1 18 0 0.00 0.0 0 M M M M M 0 M M
================================================================================
SM 1797 1272 408 0 2.84 0.0 M M 0
================================================================================
AV 59.9 42.4 M FASTST M M 0 MAX(MPH)
MISC ----> M M M M
================================================================================
NOTES:
# LAST OF SEVERAL OCCURRENCES
COLUMN 17 PEAK WIND IN M.P.H.
PRELIMINARY LOCAL CLIMATOLOGICAL DATA (WS FORM: F-6) , PAGE 2
STATION: BALTIMORE INNER HARBOR
MONTH: NOVEMBER
YEAR: 2023
LATITUDE: 39 16 N
LONGITUDE: 76 37 W
[TEMPERATURE DATA] [PRECIPITATION DATA] SYMBOLS USED IN COLUMN 16
AVERAGE MONTHLY: 51.2 TOTAL FOR MONTH: 2.84 1 = FOG OR MIST
DPTR FM NORMAL: 1.1 DPTR FM NORMAL: -0.14 2 = FOG REDUCING VISIBILITY
HIGHEST: 76 ON 9 GRTST 24HR 2.33 ON 21-22 TO 1/4 MILE OR LESS
LOWEST: 27 ON 29 3 = THUNDER
SNOW, ICE PELLETS, HAIL 4 = ICE PELLETS
TOTAL MONTH: 0.0 INCH 5 = HAIL
GRTST 24HR 0.0 6 = FREEZING RAIN OR DRIZZLE
GRTST DEPTH: 0 7 = DUSTSTORM OR SANDSTORM:
VSBY 1/2 MILE OR LESS
8 = SMOKE OR HAZE
[NO. OF DAYS WITH] [WEATHER - DAYS WITH] 9 = BLOWING SNOW
X = TORNADO
MAX 32 OR BELOW: 0 0.01 INCH OR MORE: 6
MAX 90 OR ABOVE: 0 0.10 INCH OR MORE: 3
MIN 32 OR BELOW: 2 0.50 INCH OR MORE: 1
MIN 0 OR BELOW: 0 1.00 INCH OR MORE: 1
[HDD (BASE 65) ]
TOTAL THIS MO. 408 CLEAR (SCALE 0-3) 26
DPTR FM NORMAL -40 PTCLDY (SCALE 4-7) 0
TOTAL FM JUL 1 502 CLOUDY (SCALE 8-10) 4
DPTR FM NORMAL -140
[CDD (BASE 65) ]
TOTAL THIS MO. 0
DPTR FM NORMAL -1 [PRESSURE DATA]
TOTAL FM JAN 1 1808 HIGHEST SLP 30.54 ON 12
DPTR FM NORMAL 60 LOWEST SLP 29.69 ON 22
[REMARKS]
#FINAL-11-23#