000
CXUS51 KLWX 010815
CF6DMH
PRELIMINARY LOCAL CLIMATOLOGICAL DATA (WS FORM: F-6)
STATION: BALTIMORE INNER HARBOR
MONTH: SEPTEMBER
YEAR: 2023
LATITUDE: 39 16 N
LONGITUDE: 76 37 W
TEMPERATURE IN F: :PCPN: SNOW: WIND :SUNSHINE: SKY :PK WND
================================================================================
1 2 3 4 5 6A 6B 7 8 9 10 11 12 13 14 15 16 17 18
12Z AVG MX 2MIN
DY MAX MIN AVG DEP HDD CDD WTR SNW DPTH SPD SPD DIR MIN PSBL S-S WX SPD DR
================================================================================
1 82 64 73 -4 0 8 0.00 M M M M M M M 0 M M
2 85 64 75 -2 0 10 0.00 M M M M M M M 0 M M
3 98 71 85 9 0 20 0.00 M M M M M M M 0 M M
4 100 78 89 13 0 24 0.00 M M M M M M M 0 M M
5 100 82 91 15 0 26 0.00 M M M M M M M 0 M M
6 99 81 90 14 0 25 0.00 M M M M M M M 0 M M
7 98 79 89 14 0 24 0.00 M M M M M M M 0 M M
8 94 74 84 9 0 19 0.04 M M M M M M M 0 3 M M
9 89 72 81 6 0 16 0.21 M M M M M M M 0 M M
10 84 73 79 5 0 14 0.05 M M M M M M M 0 M M
11 87 72 80 6 0 15 0.56 M M M M M M M 0 M M
12 89 71 80 6 0 15 1.83 M M M M M M M 0 M M
13 86 71 79 5 0 14 0.00 M M M M M M M 0 M M
14 83 67 75 2 0 10 0.00 M M M M M M M 0 M M
15 81 60 71 -2 0 6 0.00 M M M M M M M M M M
16 84 62 73 0 0 8 0.00 M M M M M M M M M M
17 78 62 70 -2 0 5 0.06 0.0 0 M M M M M 0 M M
18 80 66 73 1 0 8 0.00 M M M M M M M 0 M M
19 79 62 71 -1 0 6 0.00 M M M M M M M 0 M M
20 82 61 72 1 0 7 0.00 M M M M M M M 0 M M
21 81 61 71 0 0 6 0.00 M M M M M M M 0 M M
22 75 63 69 -1 0 4 0.01 M M M M M M M 0 M M
23 66 59 63 -7 2 0 0.89 M M M M M M M 0 M M
24 70 65 68 -2 0 3 0.85 M M M M M M M M M M
25 72 62 67 -2 0 2 0.00 M M M M M M M 0 M M
26 64 60 62 -7 3 0 0.01 M M M M M M M 0 M M
27 72 60 66 -2 0 1 0.00 M M M M M M M 0 M M
28 72 58 65 -3 0 0 0.00 M M M M M M M 0 M M
29 71 63 67 -1 0 2 0.00 M M M M M M M 0 M M
30 77 64 71 4 0 6 0.00 M M M M M M M 0 M M
================================================================================
SM 2478 2007 5 304 4.51 0.0 M M 0
================================================================================
AV 82.6 66.9 M FASTST M M 0 MAX(MPH)
MISC ----> M M M M
================================================================================
NOTES:
# LAST OF SEVERAL OCCURRENCES
COLUMN 17 PEAK WIND IN M.P.H.
PRELIMINARY LOCAL CLIMATOLOGICAL DATA (WS FORM: F-6) , PAGE 2
STATION: BALTIMORE INNER HARBOR
MONTH: SEPTEMBER
YEAR: 2023
LATITUDE: 39 16 N
LONGITUDE: 76 37 W
[TEMPERATURE DATA] [PRECIPITATION DATA] SYMBOLS USED IN COLUMN 16
AVERAGE MONTHLY: 74.8 TOTAL FOR MONTH: 4.51 1 = FOG OR MIST
DPTR FM NORMAL: 2.3 DPTR FM NORMAL: 0.02 2 = FOG REDUCING VISIBILITY
HIGHEST: 100 ON 5, 4 GRTST 24HR 1.83 ON 12-12 TO 1/4 MILE OR LESS
LOWEST: 58 ON 28 3 = THUNDER
SNOW, ICE PELLETS, HAIL 4 = ICE PELLETS
TOTAL MONTH: 0.0 INCH 5 = HAIL
GRTST 24HR 0.0 6 = FREEZING RAIN OR DRIZZLE
GRTST DEPTH: 0 7 = DUSTSTORM OR SANDSTORM:
VSBY 1/2 MILE OR LESS
8 = SMOKE OR HAZE
[NO. OF DAYS WITH] [WEATHER - DAYS WITH] 9 = BLOWING SNOW
X = TORNADO
MAX 32 OR BELOW: 0 0.01 INCH OR MORE: 10
MAX 90 OR ABOVE: 6 0.10 INCH OR MORE: 5
MIN 32 OR BELOW: 0 0.50 INCH OR MORE: 4
MIN 0 OR BELOW: 0 1.00 INCH OR MORE: 1
[HDD (BASE 65) ]
TOTAL THIS MO. 5 CLEAR (SCALE 0-3) 27
DPTR FM NORMAL -9 PTCLDY (SCALE 4-7) 0
TOTAL FM JUL 1 5 CLOUDY (SCALE 8-10) 3
DPTR FM NORMAL -8
[CDD (BASE 65) ]
TOTAL THIS MO. 304
DPTR FM NORMAL 66 [PRESSURE DATA]
TOTAL FM JAN 1 1713 HIGHEST SLP 30.36 ON 27
DPTR FM NORMAL 12 LOWEST SLP 29.72 ON 7
[REMARKS]
#FINAL-09-23#