000
CXUS54 KEPZ 011030
CF6DMN
PRELIMINARY LOCAL CLIMATOLOGICAL DATA (WS FORM: F-6)
STATION: DEMING
MONTH: APRIL
YEAR: 2022
LATITUDE: 32 15 N
LONGITUDE: 107 42 W
TEMPERATURE IN F: :PCPN: SNOW: WIND :SUNSHINE: SKY :PK WND
================================================================================
1 2 3 4 5 6A 6B 7 8 9 10 11 12 13 14 15 16 17 18
12Z AVG MX 2MIN
DY MAX MIN AVG DEP HDD CDD WTR SNW DPTH SPD SPD DIR MIN PSBL S-S WX SPD DR
================================================================================
1 78 38 58 1 7 0 0.00 M M 7.9 24 280 M M 0 31 290
2 82 40 61 4 4 0 0.00 M M 6.9 17 230 M M 0 25 250
3 80 42 61 3 4 0 0.00 M M 9.3 22 270 M M 0 30 260
4 78 42 60 2 5 0 0.00 M M 9.3 23 260 M M 0 32 280
5 84 50 67 9 0 2 0.00 M M 18.7 33 280 M M 0 8 50 260
6 85 51 68 10 0 3 0.00 M M 9.3 22 280 M M 0 33 290
7 75 46 61 3 4 0 0.00 M M 11.2 25 70 M M 0 8 34 50
8 77 37 57 -2 8 0 0.00 M M 8.4 22 50 M M 0 29 80
9 86 40 63 4 2 0 0.00 M M 10.6 29 270 M M 0 8 40 250
10 82 54 68 9 0 3 0.00 M M 18.0 36 280 M M 0 8 50 270
11 81 51 66 7 0 1 0.00 M M 15.5 31 260 M M 0 8 48 270
12 79 53 66 6 0 1 0.00 M M 22.1 38 230 M M 3 8 56 210
13 69 39 54 -6 11 0 0.00 M M 14.7 26 250 M M 0 8 40 250
14 79 32 56 -4 9 0 0.00 M M 7.1 24 270 M M 0 30 280
15 83 39 61 1 4 0 0.00 M M 11.7 29 270 M M 0 8 41 290
16 86 46 66 6 0 1 0.00 M M 10.7 24 270 M M 0 36 280
17 86 43 65 5 0 0 0.00 M M 5.7 15 270 M M 0 22 240
18 90 38 64 3 1 0 0.00 M M 5.9 16 210 M M 0 23 130
19 89 49 69 8 0 4 0.00 M M 13.8 30 310 M M 0 8 49 280
20 88 53 71 10 0 6 0.00 M M 14.8 32 280 M M 0 8 44 280
21 89 46 68 7 0 3 0.00 M M 9.8 23 240 M M 0 45 220
22 88 50 69 7 0 4 0.00 M M 17.5 40 250 M M 1 8 55 250
23 75 45 60 -2 5 0 0.00 M M 13.1 29 270 M M 0 8 40 260
24 78 37 58 -4 7 0 0.00 M M 9.2 26 260 M M 0 37 280
25 79 45 62 0 3 0 0.00 M M 13.9 32 30 M M 0 8 47 20
26 81 51 66 4 0 1 0.00 M M 11.8 23 110 M M 0 8 32 110
27 90 56 73 10 0 8 0.00 M M 10.3 28 260 M M 0 8 39 220
28 86 50 68 5 0 3 0.00 M M 11.6 28 250 M M 0 8 40 260
29 83 45 64 1 1 0 0.00 M M 12.2 25 270 M M 0 38 220
30 86 43 65 2 0 0 0.00 M M 6.9 21 60 M M 0 26 60
================================================================================
SM 2472 1351 75 40 0.00 M 347.9 M 4
================================================================================
AV 82.4 45.0 11.6 FASTST M M 0 MAX(MPH)
MISC ----> 40 250 56 210
================================================================================
NOTES:
# LAST OF SEVERAL OCCURRENCES
COLUMN 17 PEAK WIND IN M.P.H.
PRELIMINARY LOCAL CLIMATOLOGICAL DATA (WS FORM: F-6) , PAGE 2
STATION: DEMING
MONTH: APRIL
YEAR: 2022
LATITUDE: 32 15 N
LONGITUDE: 107 42 W
[TEMPERATURE DATA] [PRECIPITATION DATA] SYMBOLS USED IN COLUMN 16
AVERAGE MONTHLY: 63.7 TOTAL FOR MONTH: 0.00 1 = FOG OR MIST
DPTR FM NORMAL: 3.5 DPTR FM NORMAL: -0.21 2 = FOG REDUCING VISIBILITY
HIGHEST: 90 ON 27,18 GRTST 24HR 0.00 ON 1- 1 TO 1/4 MILE OR LESS
LOWEST: 32 ON 14 3 = THUNDER
SNOW, ICE PELLETS, HAIL 4 = ICE PELLETS
TOTAL MONTH: M 5 = HAIL
GRTST 24HR M ON M 6 = FREEZING RAIN OR DRIZZLE
GRTST DEPTH: M ON M 7 = DUSTSTORM OR SANDSTORM:
VSBY 1/2 MILE OR LESS
8 = SMOKE OR HAZE
[NO. OF DAYS WITH] [WEATHER - DAYS WITH] 9 = BLOWING SNOW
X = TORNADO
MAX 32 OR BELOW: 0 0.01 INCH OR MORE: 0
MAX 90 OR ABOVE: 2 0.10 INCH OR MORE: 0
MIN 32 OR BELOW: 1 0.50 INCH OR MORE: 0
MIN 0 OR BELOW: 0 1.00 INCH OR MORE: 0
[HDD (BASE 65) ]
TOTAL THIS MO. 75 CLEAR (SCALE 0-3) 29
DPTR FM NORMAL -85 PTCLDY (SCALE 4-7) 1
TOTAL FM JUL 1 2783 CLOUDY (SCALE 8-10) 0
DPTR FM NORMAL -230
[CDD (BASE 65) ]
TOTAL THIS MO. 40
DPTR FM NORMAL 23 [PRESSURE DATA]
TOTAL FM JAN 1 40 HIGHEST SLP 30.20 ON 7
DPTR FM NORMAL 22 LOWEST SLP 29.47 ON 12
[REMARKS]
#FINAL-04-22#