000
CXUS54 KEPZ 010956
CF6DMN
PRELIMINARY LOCAL CLIMATOLOGICAL DATA (WS FORM: F-6)
STATION: DEMING
MONTH: NOVEMBER
YEAR: 2020
LATITUDE: 32 15 N
LONGITUDE: 107 42 W
TEMPERATURE IN F: :PCPN: SNOW: WIND :SUNSHINE: SKY :PK WND
================================================================================
1 2 3 4 5 6A 6B 7 8 9 10 11 12 13 14 15 16 17 18
12Z AVG MX 2MIN
DY MAX MIN AVG DEP HDD CDD WTR SNW DPTH SPD SPD DIR MIN PSBL S-S WX SPD DR
================================================================================
1 74 50 62 7 3 0 0.00 M M 10.4 22 110 M M 0 31 60
2 74 44 59 4 6 0 0.00 M M 8.1 16 80 M M 0 21 80
3 77 39 58 3 7 0 0.00 M M 4.6 10 80 M M 0 15 80
4 82 43 63 9 2 0 0.00 M M 4.6 10 240 M M 0 16 230
5 83 45 64 10 1 0 0.00 M M 7.8 23 90 M M 0 31 90
6 81 47 64 11 1 0 0.00 M M 8.8 16 120 M M 0 25 90
7 81 45 63 10 2 0 0.00 M M 8.5 40 210 M M 2 8 55 220
8 74 50 62 9 3 0 0.07 M M 11.6 36 230 M M 4 18 50 220
9 63 42 53 1 12 0 0.00 M M 14.1 29 260 M M 2 42 250
10 60 28 44 -8 21 0 0.00 M M 6.4 20 250 M M 0 27 260
11 65 26 46 -6 19 0 0.00 M M 5.1 13 230 M M 0 18 240
12 67 28 48 -3 17 0 0.00 M M 3.9 12 250 M M 0 15 240
13 72 36 54 3 11 0 0.00 M M 5.4 13 290 M M 0 18 230
14 69 34 52 2 13 0 0.00 M M 11.5 31 270 M M 0 8 41 290
15 69 30 50 0 15 0 0.00 M M 4.6 16 60 M M 0 21 70
16 75 29 52 2 13 0 0.00 M M 5.5 14 90 M M 0 19 80
17 77 37 57 8 8 0 0.00 M M 7.8 17 80 M M 0 24 70
18 80 42 61 12 4 0 0.00 M M 4.5 10 70 M M 0 13 70
19 83 40 62 14 3 0 0.00 M M 5.6 18 270 M M 0 26 270
20 81 40 61 13 4 0 0.00 M M 3.4 10 300 M M 0 13 300
21 76 45 61 13 4 0 0.00 M M 5.0 13 70 M M 0 17 40
22 77 39 58 11 7 0 0.00 M M 9.9 24 90 M M 0 32 110
23 74 47 61 14 4 0 0.00 M M 9.7 21 230 M M 0 30 210
24 62 35 49 2 16 0 0.00 M M 13.9 31 270 M M 0 8 46 270
25 65 25 45 -1 20 0 0.00 M M 6.0 18 260 M M 0 27 250
26 67 28 48 2 17 0 0.00 M M 7.1 20 260 M M 0 28 260
27 60 27 44 -2 21 0 0.00 M M 8.2 23 270 M M 0 32 260
28 55 22 39 -6 26 0 0.00 M M 3.9 12 50 M M 0 16 60
29 61 20 41 -4 24 0 0.00 M M 9.2 21 90 M M 0 31 80
30 53 25 39 -6 26 0 0.00 M M 7.9 16 80 M M 0 24 80
================================================================================
SM 2137 1088 330 0 0.07 M 223.0 M 8
================================================================================
AV 71.2 36.3 7.4 FASTST M M 0 MAX(MPH)
MISC ----> 40 210 55 220
================================================================================
NOTES:
# LAST OF SEVERAL OCCURRENCES
COLUMN 17 PEAK WIND IN M.P.H.
PRELIMINARY LOCAL CLIMATOLOGICAL DATA (WS FORM: F-6) , PAGE 2
STATION: DEMING
MONTH: NOVEMBER
YEAR: 2020
LATITUDE: 32 15 N
LONGITUDE: 107 42 W
[TEMPERATURE DATA] [PRECIPITATION DATA] SYMBOLS USED IN COLUMN 16
AVERAGE MONTHLY: 53.8 TOTAL FOR MONTH: 0.07 1 = FOG OR MIST
DPTR FM NORMAL: 3.8 DPTR FM NORMAL: -0.64 2 = FOG REDUCING VISIBILITY
HIGHEST: 83 ON 19, 5 GRTST 24HR 0.07 ON 8- 8 TO 1/4 MILE OR LESS
LOWEST: 20 ON 29 3 = THUNDER
SNOW, ICE PELLETS, HAIL 4 = ICE PELLETS
TOTAL MONTH: M 5 = HAIL
GRTST 24HR M ON M 6 = FREEZING RAIN OR DRIZZLE
GRTST DEPTH: M ON M 7 = DUSTSTORM OR SANDSTORM:
VSBY 1/2 MILE OR LESS
8 = SMOKE OR HAZE
[NO. OF DAYS WITH] [WEATHER - DAYS WITH] 9 = BLOWING SNOW
X = TORNADO
MAX 32 OR BELOW: 0 0.01 INCH OR MORE: 1
MAX 90 OR ABOVE: 0 0.10 INCH OR MORE: 0
MIN 32 OR BELOW: 11 0.50 INCH OR MORE: 0
MIN 0 OR BELOW: 0 1.00 INCH OR MORE: 0
[HDD (BASE 65) ]
TOTAL THIS MO. 330 CLEAR (SCALE 0-3) 29
DPTR FM NORMAL -123 PTCLDY (SCALE 4-7) 1
TOTAL FM JUL 1 455 CLOUDY (SCALE 8-10) 0
DPTR FM NORMAL -142
[CDD (BASE 65) ]
TOTAL THIS MO. 0
DPTR FM NORMAL 0 [PRESSURE DATA]
TOTAL FM JAN 1 2054 HIGHEST SLP 30.46 ON 30
DPTR FM NORMAL 354 LOWEST SLP 29.56 ON 8
[REMARKS]
#FINAL-11-20#