000
CXUS53 KEAX 010736
CF6DMO
PRELIMINARY LOCAL CLIMATOLOGICAL DATA (WS FORM: F-6)
STATION: SEDALIA MO
MONTH: JULY
YEAR: 2023
LATITUDE: 38 42 N
LONGITUDE: 93 6 W
TEMPERATURE IN F: :PCPN: SNOW: WIND :SUNSHINE: SKY :PK WND
================================================================================
1 2 3 4 5 6A 6B 7 8 9 10 11 12 13 14 15 16 17 18
12Z AVG MX 2MIN
DY MAX MIN AVG DEP HDD CDD WTR SNW DPTH SPD SPD DIR MIN PSBL S-S WX SPD DR
================================================================================
1 88 68 78 2 0 13 0.42 M M 8.0 23 310 M M 4 13 41 300
2 87 67 77 1 0 12 T M M 6.7 16 280 M M 4 18 23 330
3 92 65 79 2 0 14 0.00 M M 2.5 10 350 M M 1 13 360
4 97 67 82 5 0 17 0.00 M M 4.4 14 220 M M 1 18 210
5 88 71 80 3 0 15 T M M 6.5 26 300 M M 1 3 39 300
6 83 64 74 -3 0 9 0.00 M M 5.5 10 350 M M 0 16 350
7 89 61 75 -2 0 10 0.00 M M 5.4 18 20 M M 2 25 20
8 76 60 68 -9 0 3 T M M 6.2 14 30 M M 7 20 340
9 88 60 74 -3 0 9 0.00 M M 4.5 12 30 M M 1 15 40
10 93 58 76 -1 0 11 0.00 M M 4.7 14 230 M M 0 20 230
11 96 68 82 5 0 17 0.00 M M 8.2 15 220 M M 1 22 230
12 98 72 85 8 0 20 1.75 M M 9.3 39 40 M M 2 13 59 70
13 90 71 81 4 0 16 0.90 M M 4.1 12 120 M M 3 138 17 340
14 95 68 82 5 0 17 0.42 M M 5.7 28 300 M M 1 13 47 300
15 87 67 77 -1 0 12 0.00 M M 6.4 14 290 M M 2 18 19 320
16 87 69 78 0 0 13 0.01 M M 6.7 28 320 M M 1 138 47 310
17 92 69 81 3 0 16 0.02 M M 5.5 22 170 M M 2 3 31 170
18 82 68 75 -3 0 10 0.37 M M 5.8 20 160 M M 4 13 27 160
19 91 72 82 4 0 17 0.00 M M 5.9 12 100 M M 3 17 100
20 90 69 80 2 0 15 T M M 6.8 22 220 M M 1 13 30 220
21 82 65 74 -4 0 9 0.02 M M 4.4 14 10 M M 2 18 360
22 86 62 74 -4 0 9 0.00 M M 5.6 10 310 M M 0 17 320
23 93 67 80 2 0 15 0.01 M M 7.8 17 220 M M 1 3 27 220
24 91 69 80 2 0 15 0.19 M M 7.2 31 180 M M 1 13 43 290
25 95 72 84 6 0 19 T M M 10.4 20 240 M M 1 29 240
26 97 80 89 11 0 24 0.04 M M 15.4 29 230 M M 0 3 45 230
27 99 74 87 9 0 22 0.00 M M 9.4 21 230 M M 0 33 210
28 100 80 90 12 0 25 0.00 M M 13.2 22 210 M M 0 34 240
29 98 69 84 6 0 19 0.05 M M 8.5 36 330 M M 1 3 49 330
30 96 67 82 4 0 17 0.30 M M 5.9 22 170 M M 1 13 31 330
31 81 67 74 -4 0 9 0.92 M M 6.0 21 130 M M 3 13 27 140
================================================================================
SM 2807 2106 0 449 5.42 M 212.6 M 51
================================================================================
AV 90.5 67.9 6.9 FASTST M M 2 MAX(MPH)
MISC ----> 39 40 59 70
================================================================================
NOTES:
# LAST OF SEVERAL OCCURRENCES
COLUMN 17 PEAK WIND IN M.P.H.
PRELIMINARY LOCAL CLIMATOLOGICAL DATA (WS FORM: F-6) , PAGE 2
STATION: SEDALIA MO
MONTH: JULY
YEAR: 2023
LATITUDE: 38 42 N
LONGITUDE: 93 6 W
[TEMPERATURE DATA] [PRECIPITATION DATA] SYMBOLS USED IN COLUMN 16
AVERAGE MONTHLY: 79.2 TOTAL FOR MONTH: 5.42 1 = FOG OR MIST
DPTR FM NORMAL: 1.9 DPTR FM NORMAL: 0.90 2 = FOG REDUCING VISIBILITY
HIGHEST: 100 ON 28 GRTST 24HR 2.65 ON 12-13 TO 1/4 MILE OR LESS
LOWEST: 58 ON 10 3 = THUNDER
SNOW, ICE PELLETS, HAIL 4 = ICE PELLETS
TOTAL MONTH: M 5 = HAIL
GRTST 24HR M ON M 6 = FREEZING RAIN OR DRIZZLE
GRTST DEPTH: M ON M 7 = DUSTSTORM OR SANDSTORM:
VSBY 1/2 MILE OR LESS
8 = SMOKE OR HAZE
[NO. OF DAYS WITH] [WEATHER - DAYS WITH] 9 = BLOWING SNOW
X = TORNADO
MAX 32 OR BELOW: 0 0.01 INCH OR MORE: 14
MAX 90 OR ABOVE: 18 0.10 INCH OR MORE: 8
MIN 32 OR BELOW: 0 0.50 INCH OR MORE: 3
MIN 0 OR BELOW: 0 1.00 INCH OR MORE: 1
[HDD (BASE 65) ]
TOTAL THIS MO. 0 CLEAR (SCALE 0-3) 26
DPTR FM NORMAL -1 PTCLDY (SCALE 4-7) 5
TOTAL FM JUL 1 0 CLOUDY (SCALE 8-10) 0
DPTR FM NORMAL 0
[CDD (BASE 65) ]
TOTAL THIS MO. 449
DPTR FM NORMAL 66 [PRESSURE DATA]
TOTAL FM JAN 1 942 HIGHEST SLP M ON M
DPTR FM NORMAL 186 LOWEST SLP 29.65 ON 14
[REMARKS]
#FINAL-07-23#