000
CXUS53 KEAX 010902
CLSDMO
CLIMATE REPORT
NATIONAL WEATHER SERVICE
256 AM CST WED DEC 01 2021
...................................
...THE SEDALIA MO CLIMATE SUMMARY FOR THE SEASON, FROM
9/1/2021 TO 11/30/2021...
CLIMATE NORMAL PERIOD: 1991 TO 2020
CLIMATE RECORD PERIOD: 9999 TO 9999
WEATHER OBSERVED NORMAL DEPART LAST YEAR`S
VALUE DATE(S) VALUE FROM VALUE DATE(S)
NORMAL
................................................................
TEMPERATURE (F)
HIGHEST 92 09/17 92 0 91 09/07
LOWEST 20 11/26 17 3 22 11/30
AVG. MAXIMUM 71.3 66.5 4.8 68.3
AVG. MINIMUM 50.1 45.8 4.3 47.1
MEAN 60.7 56.2 4.5 57.7
DAYS MAX >= 90 5 4.1 0.9 3
DAYS MAX <= 32 0 0.8 -0.8 0
DAYS MIN <= 32 10 12.3 -2.3 12
DAYS MIN <= 0 0 0.0 0.0 0
PRECIPITATION (INCHES)
TOTALS 6.86 8.55 -1.69 6.63
DAILY AVG. 0.07 0.09 -0.02 0.07
DAYS >= .01 22 25.0 -3.0 21
DAYS >= .10 13 14.2 -1.2 13
DAYS >= .50 5 5.8 -0.8 4
DAYS >= 1.00 2 2.3 -0.3 1
GREATEST
24 HR. TOTAL 1.47
DEGREE DAYS
HEATING TOTAL 703 972 -269 829
COOLING TOTAL 332 170 162 184
................................................................
WIND (MPH)
AVERAGE WIND SPEED 9.1
HIGHEST WIND SPEED/DIRECTION 33/330 DATE 09/20
HIGHEST GUST SPEED/DIRECTION 50/310 DATE 09/20
SKY COVER
POSSIBLE SUNSHINE (PERCENT) MM
AVERAGE SKY COVER 0.27
NUMBER OF DAYS FAIR 65
NUMBER OF DAYS PC 14
NUMBER OF DAYS CLOUDY 12
AVERAGE RH (PERCENT) 66
WEATHER CONDITIONS. NUMBER OF DAYS WITH
THUNDERSTORM 8 MIXED PRECIP 0
HEAVY RAIN 9 RAIN 10
LIGHT RAIN 28 FREEZING RAIN 0
LT FREEZING RAIN 0 HAIL 0
HEAVY SNOW 0 SNOW 0
LIGHT SNOW 0 SLEET 0
FOG 22 FOG W/VIS <= 1/4 MILE 4
HAZE 10
- INDICATES NEGATIVE NUMBERS.
R INDICATES RECORD WAS SET OR TIED.
MM INDICATES DATA IS MISSING.
T INDICATES TRACE AMOUNT.
$$