000
CXUS55 KGJT 010910
CF6DRO
PRELIMINARY LOCAL CLIMATOLOGICAL DATA (WS FORM: F-6)
STATION: DURANGO AIRPORT CO
MONTH: MAY
YEAR: 2022
LATITUDE: 37 9 N
LONGITUDE: 107 45 W
TEMPERATURE IN F: :PCPN: SNOW: WIND :SUNSHINE: SKY :PK WND
================================================================================
1 2 3 4 5 6A 6B 7 8 9 10 11 12 13 14 15 16 17 18
12Z AVG MX 2MIN
DY MAX MIN AVG DEP HDD CDD WTR SNW DPTH SPD SPD DIR MIN PSBL S-S WX SPD DR
================================================================================
1 74 28 51 3 14 0 0.00 M M 12.2 32 250 M M 2 47 180
2 69 36 53 4 12 0 0.00 M M 11.0 28 310 M M 1 39 300
3 71 32 52 3 13 0 T M M 12.0 31 260 M M 1 44 260
4 57 29 43 -6 22 0 0.00 M M 9.7 29 300 M M 2 38 300
5 74 22 48 -2 17 0 0.00 M M 9.7 29 270 M M 0 38 270
6 80 31 56 6 9 0 0.00 M M 9.1 28 260 M M 0 37 260
7 81 34 58 8 7 0 0.00 M M 13.9 32 250 M M 0 47 250
8 77 47 62 12 3 0 0.00 M M 15.9 38 250 M M 3 8 56 260
9 73 40 57 6 8 0 0.00 M M 13.4 30 260 M M 3 8 45 230
10 77 32 55 4 10 0 0.00 M M 10.7 29 200 M M 0 44 180
11 77 33 55 4 10 0 0.00 M M 11.9 30 230 M M 1 41 230
12 65 33 49 -3 16 0 0.00 M M 9.9 24 230 M M 0 35 230
13 74 25 50 -2 15 0 0.00 M M 8.3 23 250 M M 0 37 220
14 81 29 55 3 10 0 0.00 M M 7.0 24 270 M M 0 36 250
15 84 33 59 7 6 0 0.00 M M 6.1 20 230 M M 0 24 230
16 84 40 62 9 3 0 0.00 M M 6.7 22 260 M M 0 30 270
17 84 34 59 6 6 0 0.00 M M 8.4 24 270 M M 0 37 280
18 84 38 61 8 4 0 0.00 M M 7.4 25 310 M M 1 39 330
19 82 37 60 6 5 0 0.00 M M 11.7 32 250 M M 0 50 270
20 75 47 61 7 4 0 0.00 M M 13.8 30 260 M M 3 8 43 220
21 69 46 58 4 7 0 T M M 9.2 25 250 M M 6 38 220
22 73 46 60 5 5 0 0.00 M M 8.8 24 260 M M 5 33 260
23 67 45 56 1 9 0 0.00 M M 10.4 28 310 M M 5 39 290
24 68 33 51 -4 14 0 0.00 M M 8.0 29 290 M M 1 44 290
25 79 30 55 -1 10 0 0.00 M M 8.5 24 320 M M 0 39 320
26 86 37 62 6 3 0 0.00 M M 7.6 20 260 M M 0 30 210
27 86 38 62 6 3 0 0.00 M M 8.8 26 270 M M 0 36 260
28 81 42 62 5 3 0 0.00 M M 10.6 30 260 M M 0 41 220
29 75 41 58 1 7 0 0.03 M M 11.4 45 270 M M 5 67 270
30 66 33 50 -7 15 0 0.00 M M 9.8 32 270 M M 1 46 270
31 72 31 52 -6 13 0 0.00 M M 6.4 22 270 M M 0 8 31 260
================================================================================
SM 2345 1102 283 0 0.03 M 308.3 M 40
================================================================================
AV 75.6 35.5 9.9 FASTST M M 1 MAX(MPH)
MISC ----> 45 270 67 270
================================================================================
NOTES:
# LAST OF SEVERAL OCCURRENCES
COLUMN 17 PEAK WIND IN M.P.H.
PRELIMINARY LOCAL CLIMATOLOGICAL DATA (WS FORM: F-6) , PAGE 2
STATION: DURANGO AIRPORT CO
MONTH: MAY
YEAR: 2022
LATITUDE: 37 9 N
LONGITUDE: 107 45 W
[TEMPERATURE DATA] [PRECIPITATION DATA] SYMBOLS USED IN COLUMN 16
AVERAGE MONTHLY: 55.6 TOTAL FOR MONTH: 0.03 1 = FOG OR MIST
DPTR FM NORMAL: 2.8 DPTR FM NORMAL: -0.71 2 = FOG REDUCING VISIBILITY
HIGHEST: 86 ON 27,26 GRTST 24HR 0.03 ON 29-29 TO 1/4 MILE OR LESS
LOWEST: 22 ON 5 3 = THUNDER
SNOW, ICE PELLETS, HAIL 4 = ICE PELLETS
TOTAL MONTH: M 5 = HAIL
GRTST 24HR M ON M 6 = FREEZING RAIN OR DRIZZLE
GRTST DEPTH: M ON M 7 = DUSTSTORM OR SANDSTORM:
VSBY 1/2 MILE OR LESS
8 = SMOKE OR HAZE
[NO. OF DAYS WITH] [WEATHER - DAYS WITH] 9 = BLOWING SNOW
X = TORNADO
MAX 32 OR BELOW: 0 0.01 INCH OR MORE: 1
MAX 90 OR ABOVE: 0 0.10 INCH OR MORE: 0
MIN 32 OR BELOW: 10 0.50 INCH OR MORE: 0
MIN 0 OR BELOW: 0 1.00 INCH OR MORE: 0
[HDD (BASE 65) ]
TOTAL THIS MO. 283 CLEAR (SCALE 0-3) 26
DPTR FM NORMAL -95 PTCLDY (SCALE 4-7) 5
TOTAL FM JUL 1 6430 CLOUDY (SCALE 8-10) 0
DPTR FM NORMAL -495
[CDD (BASE 65) ]
TOTAL THIS MO. 0
DPTR FM NORMAL -1 [PRESSURE DATA]
TOTAL FM JAN 1 0 HIGHEST SLP M ON M
DPTR FM NORMAL -1 LOWEST SLP 29.31 ON 29
[REMARKS]
#FINAL-05-22#