000
CXUS53 KGID 031911 CCA
CF6EAR
PRELIMINARY LOCAL CLIMATOLOGICAL DATA (WS FORM: F-6)
STATION: KEARNEY
MONTH: FEBRUARY
YEAR: 2020
LATITUDE: 40 43 N
LONGITUDE: 99 0 W
TEMPERATURE IN F: :PCPN: SNOW: WIND :SUNSHINE: SKY :PK WND
================================================================================
1 2 3 4 5 6A 6B 7 8 9 10 11 12 13 14 15 16 17 18
12Z AVG MX 2MIN
DY MAX MIN AVG DEP HDD CDD WTR SNW DPTH SPD SPD DIR MIN PSBL S-S WX SPD DR
================================================================================
1 58 29 44 19 21 0 0.00 M M 9.9 18 270 M M 0 22 270
2 65 33 49 23 16 0 0.00 M M 10.3 24 40 M M 0 28 50
3 33 24 29 3 36 0 0.00 M M 26.2 38 30 M M 9 43 40
4 30 21 26 0 39 0 T M M 19.4 29 360 M M 8 35 360
5 35 14 25 -1 40 0 T M M 6.8 14 250 M M 5 16 250
6 42 13 28 2 37 0 T M M 5.9 12 340 M M 1 15 360
7 33 19 26 0 39 0 T M M 9.2 17 350 M M 7 21 360
8 48 17 33 7 32 0 0.00 M M 12.5 25 170 M M 2 30 170
9 35 22 29 2 36 0 0.00 M M 16.0 37 360 M M 4 46 360
10 43 19 31 4 34 0 0.00 M M 8.7 22 10 M M 1 24 360
11 44 19 32 5 33 0 0.00 M M 11.7 21 220 M M 1 25 230
12 44 4 24 -3 41 0 T M M 16.1 40 350 M M 3 46 350
13 18 -1 9 -19 56 0 0.00 M M 9.5 23 360 M M 0 28 350
14 38 9 24 -4 41 0 0.00 M M 19.3 33 190 M M 2 39 180
15 49 17 33 5 32 0 0.00 M M 8.2 21 360 M M 0 24 360
16 54 30 42 14 23 0 0.00 M M 9.3 16 180 M M 5 18 220
17 48 26 37 9 28 0 T M M 15.6 30 350 M M 4 33 340
18 43 18 31 2 34 0 0.00 M M 6.0 16 20 M M 1 20 10
19 21 8 15 -14 50 0 M M M 14.5 22 30 M M 9 1 24 30
20 34 -6 14 -15 51 0 0.00 M M 8.8 15 210 M M 0 17 210
21 52 19 36 6 29 0 0.00 M M 14.8 25 210 M M 0 30 220
22 65 22 44 14 21 0 0.00 M M 7.6 17 300 M M 0 21 300
23 51 29 40 10 25 0 0.00 M M 8.5 17 40 M M 1 22 40
24 50 24 37 6 28 0 0.00 M M 7.6 13 80 M M 4 15 80
25 34 23 29 -2 36 0 M M M 19.7 35 360 M M 8 39 350
26 35 13 24 -7 41 0 0.00 M M 10.5 16 240 M M 1 22 250
27 40 24 32 0 33 0 0.03 M M 8.7 18 320 M M 4 1 23 320
28 54 27 41 9 24 0 0.00 M M 11.6 25 320 M M 0 31 320
29 65 27 46 14 19 0 0.00 M M 11.7 25 180 M M 0 29 200
================================================================================
SM 1261 543 975 0 M M 344.6 M 80
================================================================================
AV 43.5 18.7 11.9 FASTST M M 3 MAX(MPH)
MISC ----> # 40 350 # 46 360
================================================================================
NOTES:
# LAST OF SEVERAL OCCURRENCES
COLUMN 17 PEAK WIND IN M.P.H.
PRELIMINARY LOCAL CLIMATOLOGICAL DATA (WS FORM: F-6) , PAGE 2
STATION: KEARNEY
MONTH: FEBRUARY
YEAR: 2020
LATITUDE: 40 43 N
LONGITUDE: 99 0 W
[TEMPERATURE DATA] [PRECIPITATION DATA] SYMBOLS USED IN COLUMN 16
AVERAGE MONTHLY: 31.1 TOTAL FOR MONTH: M 1 = FOG OR MIST
DPTR FM NORMAL: 3.0 DPTR FM NORMAL: M 2 = FOG REDUCING VISIBILITY
HIGHEST: 65 ON 29,22 GRTST 24HR M ON M TO 1/4 MILE OR LESS
LOWEST: -6 ON 20 3 = THUNDER
SNOW, ICE PELLETS, HAIL 4 = ICE PELLETS
TOTAL MONTH: M 5 = HAIL
GRTST 24HR M ON M 6 = FREEZING RAIN OR DRIZZLE
GRTST DEPTH: M ON M 7 = DUSTSTORM OR SANDSTORM:
VSBY 1/2 MILE OR LESS
8 = SMOKE OR HAZE
[NO. OF DAYS WITH] [WEATHER - DAYS WITH] 9 = BLOWING SNOW
X = TORNADO
MAX 32 OR BELOW: 3 0.01 INCH OR MORE: M
MAX 90 OR ABOVE: 0 0.10 INCH OR MORE: M
MIN 32 OR BELOW: 28 0.50 INCH OR MORE: M
MIN 0 OR BELOW: 2 1.00 INCH OR MORE: M
[HDD (BASE 65) ]
TOTAL THIS MO. 975 CLEAR (SCALE 0-3) 17
DPTR FM NORMAL -57 PTCLDY (SCALE 4-7) 9
TOTAL FM JUL 1 4604 CLOUDY (SCALE 8-10) 3
DPTR FM NORMAL -355
[CDD (BASE 65) ]
TOTAL THIS MO. 0
DPTR FM NORMAL 0 [PRESSURE DATA]
TOTAL FM JAN 1 0 HIGHEST SLP 30.89 ON 20
DPTR FM NORMAL 0 LOWEST SLP 29.56 ON 6
[REMARKS]
#FINAL-02-20#