000
CXUS56 KOTX 011010
CF6EAT
PRELIMINARY LOCAL CLIMATOLOGICAL DATA (WS FORM: F-6)
STATION: WENATCHEE WA PANGBORN FIELD
MONTH: JANUARY
YEAR: 2021
LATITUDE: 47 23 N
LONGITUDE: 120 12 W
TEMPERATURE IN F: :PCPN: SNOW: WIND :SUNSHINE: SKY :PK WND
================================================================================
1 2 3 4 5 6A 6B 7 8 9 10 11 12 13 14 15 16 17 18
12Z AVG MX 2MIN
DY MAX MIN AVG DEP HDD CDD WTR SNW DPTH SPD SPD DIR MIN PSBL S-S WX SPD DR
================================================================================
1 33 28 31 4 34 0 T M M 2.2 9 330 M M 10 1 10 330
2 45 26 36 9 29 0 0.00 M M 6.4 25 140 M M 8 12 32 140
3 45 33 39 12 26 0 0.02 M M 8.5 18 300 M M 3 22 330
4 39 31 35 8 30 0 0.28 M M 2.3 14 300 M M 7 126 16 350
5 38 30 34 6 31 0 0.03 M M 4.3 13 90 M M 6 1 20 90
6 38 31 35 7 30 0 0.00 M M 4.6 10 320 M M 5 1 13 290
7 35 31 33 5 32 0 0.08 M M 2.6 10 290 M M 9 12 13 310
8 37 33 35 7 30 0 0.05 M M 2.5 13 300 M M 10 12 15 330
9 35 32 34 6 31 0 T M M 2.0 7 290 M M 10 9 280
10 38 32 35 7 30 0 0.00 M M 1.5 6 280 M M 10 7 240
11 36 31 34 5 31 0 0.37 M M 0.6 7 280 M M 10 12 8 280
12 35 31 33 4 32 0 0.24 M M 2.2 9 260 M M 9 126 10 260
13 45 32 39 10 26 0 0.04 M M 11.8 48 260 M M 3 1 62 260
14 41 29 35 6 30 0 0.00 M M 3.4 13 300 M M 3 16 300
15 39 28 34 5 31 0 0.00 M M 2.5 10 320 M M 3 11 300
16 37 27 32 2 33 0 T M M 2.0 7 300 M M 2 8 330
17 46 27 37 7 28 0 0.00 M M 3.8 17 270 M M 1 1 18 270
18 46 30 38 8 27 0 0.00 M M 6.7 15 300 M M 0 16 300
19 37 26 32 2 33 0 0.00 M M 3.6 13 130 M M 0 15 120
20 34 25 30 0 35 0 0.00 M M 2.0 7 320 M M 1 9 320
21 37 30 34 4 31 0 0.00 M M 3.0 8 270 M M 10 9 270
22 38 24 31 0 34 0 0.00 M M 4.3 9 270 M M 4 11 270
23 35 19 27 -4 38 0 0.00 M M 3.1 12 120 M M 0 14 130
24 28 23 26 -5 39 0 0.02 M M 1.1 7 280 M M 9 1 9 290
25 32 23 28 -3 37 0 T M M 2.5 7 290 M M 8 1 8 290
26 31 28 30 -1 35 0 0.07 M M 3.5 9 290 M M 10 1 12 290
27 34 28 31 0 34 0 0.36 M M 1.5 7 330 M M 10 1 8 320
28 35 30 33 1 32 0 0.05 M M 4.7 9 280 M M 10 12 10 280
29 38 30 34 2 31 0 0.00 M M 3.5 9 300 M M 10 12 10 300
30 35 32 34 2 31 0 0.02 M M 2.5 7 130 M M 10 12 9 120
31 39 32 36 4 29 0 T M M 0.9 8 240 M M 9 12 9 250
================================================================================
SM 1161 892 980 0 1.63 M 106.1 M 200
================================================================================
AV 37.5 28.8 3.4 FASTST M M 6 MAX(MPH)
MISC ----> 48 260 62 260
================================================================================
NOTES:
# LAST OF SEVERAL OCCURRENCES
COLUMN 17 PEAK WIND IN M.P.H.
PRELIMINARY LOCAL CLIMATOLOGICAL DATA (WS FORM: F-6) , PAGE 2
STATION: WENATCHEE WA PANGBORN FIELD
MONTH: JANUARY
YEAR: 2021
LATITUDE: 47 23 N
LONGITUDE: 120 12 W
[TEMPERATURE DATA] [PRECIPITATION DATA] SYMBOLS USED IN COLUMN 16
AVERAGE MONTHLY: 33.1 TOTAL FOR MONTH: 1.63 1 = FOG OR MIST
DPTR FM NORMAL: 3.6 DPTR FM NORMAL: 0.57 2 = FOG REDUCING VISIBILITY
HIGHEST: 46 ON 18,17 GRTST 24HR 0.96 ON 11-12 TO 1/4 MILE OR LESS
LOWEST: 19 ON 23 3 = THUNDER
SNOW, ICE PELLETS, HAIL 4 = ICE PELLETS
TOTAL MONTH: M 5 = HAIL
GRTST 24HR M ON M 6 = FREEZING RAIN OR DRIZZLE
GRTST DEPTH: M ON M 7 = DUSTSTORM OR SANDSTORM:
VSBY 1/2 MILE OR LESS
8 = SMOKE OR HAZE
[NO. OF DAYS WITH] [WEATHER - DAYS WITH] 9 = BLOWING SNOW
X = TORNADO
MAX 32 OR BELOW: 3 0.01 INCH OR MORE: 13
MAX 90 OR ABOVE: 0 0.10 INCH OR MORE: 4
MIN 32 OR BELOW: 29 0.50 INCH OR MORE: 0
MIN 0 OR BELOW: 0 1.00 INCH OR MORE: 0
[HDD (BASE 65) ]
TOTAL THIS MO. 980 CLEAR (SCALE 0-3) 9
DPTR FM NORMAL -120 PTCLDY (SCALE 4-7) 6
TOTAL FM JUL 1 3315 CLOUDY (SCALE 8-10) 16
DPTR FM NORMAL -305
[CDD (BASE 65) ]
TOTAL THIS MO. 0
DPTR FM NORMAL 0 [PRESSURE DATA]
TOTAL FM JAN 1 0 HIGHEST SLP M ON M
DPTR FM NORMAL 0 LOWEST SLP 29.50 ON 13
[REMARKS]
#FINAL-01-21#