000
CXUS56 KOTX 011010
CF6EAT
PRELIMINARY LOCAL CLIMATOLOGICAL DATA (WS FORM: F-6)
STATION: WENATCHEE WA PANGBORN FIELD
MONTH: DECEMBER
YEAR: 2020
LATITUDE: 47 23 N
LONGITUDE: 120 12 W
TEMPERATURE IN F: :PCPN: SNOW: WIND :SUNSHINE: SKY :PK WND
================================================================================
1 2 3 4 5 6A 6B 7 8 9 10 11 12 13 14 15 16 17 18
12Z AVG MX 2MIN
DY MAX MIN AVG DEP HDD CDD WTR SNW DPTH SPD SPD DIR MIN PSBL S-S WX SPD DR
================================================================================
1 41 28 35 4 30 0 0.00 M M 5.0 10 280 M M 0 13 310
2 39 24 32 1 33 0 0.00 M M 2.3 7 290 M M 0 8 290
3 35 22 29 -2 36 0 T M M 3.4 7 280 M M 0 M M
4 38 24 31 1 34 0 0.00 M M 2.3 9 290 M M 0 11 300
5 29 23 26 -4 39 0 0.00 M M 2.1 8 270 M M 8 10 260
6 30 27 29 -1 36 0 0.00 M M 5.2 13 100 M M 10 1 16 90
7 31 27 29 0 36 0 0.00 M M 1.7 8 100 M M 9 1 10 110
8 34 28 31 2 34 0 T M M 2.9 9 120 M M 9 12 90
9 38 29 34 5 31 0 0.00 M M 6.1 18 90 M M 4 12 22 90
10 33 29 31 3 34 0 0.08 M M 4.3 9 110 M M 10 12 11 120
11 36 31 34 6 31 0 T M M 2.4 9 320 M M 10 1 10 320
12 36 26 31 3 34 0 0.00 M M 7.4 12 130 M M 5 14 310
13 33 29 31 3 34 0 0.03 M M 1.0 9 130 M M 10 1 10 130
14 31 26 29 1 36 0 0.00 M M 1.3 7 190 M M 9 7 140
15 33 28 31 4 34 0 0.02 M M 1.7 7 90 M M 10 1 9 270
16 31 27 29 2 36 0 0.28 M M 1.5 7 300 M M 10 12 8 300
17 39 26 33 6 32 0 0.00 M M 2.0 10 70 M M 5 12 11 80
18 38 29 34 7 31 0 T M M 6.0 14 90 M M 5 17 90
19 48 29 39 12 26 0 0.02 M M 6.7 29 280 M M 4 35 280
20 51 35 43 16 22 0 T M M 5.0 14 330 M M 1 17 330
21 44 35 40 13 25 0 0.25 M M 6.2 32 300 M M 9 12 39 300
22 44 29 37 10 28 0 0.00 M M 10.9 28 300 M M 0 35 300
23 32 22 27 0 38 0 0.00 M M 3.4 9 270 M M 0 10 270
24 31 20 26 -1 39 0 0.00 M M 4.9 12 290 M M 0 13 290
25 29 22 26 -1 39 0 0.12 M M 4.5 10 310 M M 6 1 12 310
26 30 22 26 -1 39 0 T M M 2.0 9 260 M M 8 12 10 260
27 32 26 29 2 36 0 T M M 0.3 5 40 M M 10 12 6 80
28 35 30 33 6 32 0 T M M 4.8 9 320 M M 10 1 12 320
29 32 30 31 4 34 0 T M M 4.2 9 130 M M 10 1 13 330
30 32 24 28 1 37 0 0.05 M M 3.3 12 90 M M 10 12 14 90
31 33 24 29 2 36 0 0.01 M M 3.4 10 280 M M 5 12 11 280
================================================================================
SM 1098 831 1042 0 0.86 M 118.2 M 187
================================================================================
AV 35.4 26.8 3.8 FASTST M M 6 MAX(MPH)
MISC ----> 32 300 39 300
================================================================================
NOTES:
# LAST OF SEVERAL OCCURRENCES
COLUMN 17 PEAK WIND IN M.P.H.
PRELIMINARY LOCAL CLIMATOLOGICAL DATA (WS FORM: F-6) , PAGE 2
STATION: WENATCHEE WA PANGBORN FIELD
MONTH: DECEMBER
YEAR: 2020
LATITUDE: 47 23 N
LONGITUDE: 120 12 W
[TEMPERATURE DATA] [PRECIPITATION DATA] SYMBOLS USED IN COLUMN 16
AVERAGE MONTHLY: 31.1 TOTAL FOR MONTH: 0.86 1 = FOG OR MIST
DPTR FM NORMAL: 3.2 DPTR FM NORMAL: -0.54 2 = FOG REDUCING VISIBILITY
HIGHEST: 51 ON 20 GRTST 24HR 0.28 ON 16-16 TO 1/4 MILE OR LESS
LOWEST: 20 ON 24 3 = THUNDER
SNOW, ICE PELLETS, HAIL 4 = ICE PELLETS
TOTAL MONTH: M 5 = HAIL
GRTST 24HR M ON M 6 = FREEZING RAIN OR DRIZZLE
GRTST DEPTH: M ON M 7 = DUSTSTORM OR SANDSTORM:
VSBY 1/2 MILE OR LESS
8 = SMOKE OR HAZE
[NO. OF DAYS WITH] [WEATHER - DAYS WITH] 9 = BLOWING SNOW
X = TORNADO
MAX 32 OR BELOW: 12 0.01 INCH OR MORE: 9
MAX 90 OR ABOVE: 0 0.10 INCH OR MORE: 3
MIN 32 OR BELOW: 29 0.50 INCH OR MORE: 0
MIN 0 OR BELOW: 0 1.00 INCH OR MORE: 0
[HDD (BASE 65) ]
TOTAL THIS MO. 1042 CLEAR (SCALE 0-3) 8
DPTR FM NORMAL -106 PTCLDY (SCALE 4-7) 9
TOTAL FM JUL 1 2335 CLOUDY (SCALE 8-10) 14
DPTR FM NORMAL -182
[CDD (BASE 65) ]
TOTAL THIS MO. 0
DPTR FM NORMAL 0 [PRESSURE DATA]
TOTAL FM JAN 1 912 HIGHEST SLP M ON M
DPTR FM NORMAL 122 LOWEST SLP 29.43 ON 21
[REMARKS]
#FINAL-12-20#