000
CXUS53 KMPX 050014
CF6EAU
PRELIMINARY LOCAL CLIMATOLOGICAL DATA (WS FORM: F-6)
STATION: EAU CLAIRE WI
MONTH: DECEMBER
YEAR: 2020
LATITUDE: 44 52 N
LONGITUDE: 91 29 W
TEMPERATURE IN F: :PCPN: SNOW: WIND :SUNSHINE: SKY :PK WND
================================================================================
1 2 3 4 5 6A 6B 7 8 9 10 11 12 13 14 15 16 17 18
12Z AVG MX 2MIN
DY MAX MIN AVG DEP HDD CDD WTR SNW DPTH SPD SPD DIR MIN PSBL S-S WX SPD DR
================================================================================
1 35 6 21 -3 44 0 0.00 0.0 0 0.4 5 180 M M 0 7 180
2 45 8 27 3 38 0 0.00 0.0 0 5.0 15 270 M M 1 1 22 300
3 42 27 35 12 30 0 0.00 0.0 0 9.1 17 250 M M 4 24 250
4 41 16 29 6 36 0 0.00 0.0 0 3.7 9 20 M M 0 13 20
5 37 14 26 4 39 0 0.00 0.0 0 3.1 7 60 M M 4 1 9 160
6 34 14 24 2 41 0 0.00 0.0 0 4.2 10 290 M M 6 18 16 290
7 34 30 32 10 33 0 0.00 0.0 0 2.5 8 180 M M 10 12 70
8 37 29 33 12 32 0 0.00 0.0 0 7.3 14 210 M M 7 18 18 210
9 51 22 37 16 28 0 0.00 0.0 0 4.0 12 300 M M 0 1 17 300
10 54 22 38 18 27 0 0.00 0.0 0 6.6 18 240 M M 0 1 24 240
11 39 26 33 13 32 0 0.00 0.0 0 8.7 15 50 M M 1 21 40
12 34 24 29 9 36 0 0.00 0.0 0 10.0 15 360 M M 5 24 360
13 27 20 24 5 41 0 0.03 0.6 0 7.5 18 270 M M 10 1 25 260
14 24 6 15 -4 50 0 T T 1 8.3 18 310 M M 3 29 320
15 21 2 12 -7 53 0 0.00 0.0 T 4.5 9 120 M M 7 12 140
16 31 12 22 4 43 0 0.00 0.0 T 3.2 10 150 M M 3 13 150
17 34 13 24 6 41 0 0.00 0.0 0 2.8 12 160 M M 4 1 16 140
18 37 17 27 9 38 0 T T 0 7.4 18 160 M M 8 18 26 170
19 33 29 31 13 34 0 T T T 4.1 16 200 M M 10 1 20 200
20 35 20 28 11 37 0 T T 0 6.5 14 260 M M 4 17 260
21 38 28 33 16 32 0 0.05 T 0 11.3 22 300 M M 9 18 32 300
22 37 24 31 14 34 0 0.00 0.0 0 10.0 21 160 M M 7 33 140
23 47 11 29 13 36 0 0.15 1.5 0 12.0 28 330 M M 8 16 42 330
24 11 0 6 -10 59 0 0.01 0.3 2 11.1 25 330 M M 6 8 36 340
25 15 0 8 -8 57 0 0.00 0.0 1 6.4 13 240 M M 5 16 240
26 24 5 15 -1 50 0 0.00 0.0 1 3.7 8 240 M M 5 1 12 270
27 28 16 22 6 43 0 T 0.1 1 7.7 15 350 M M 8 1 21 340
28 23 6 15 -1 50 0 T T 1 6.4 13 280 M M 7 M M
29 23 -2 11 -4 54 0 0.11 1.1 1 5.3 13 130 M M 4 18 18 80
30 26 21 24 9 41 0 0.02 0.1 2 10.6 22 280 M M 10 18 32 270
31 21 11 16 1 49 0 T T 2 6.4 12 150 M M 9 18 15 210
================================================================================
SM 1018 477 1258 0 0.37 3.7 199.8 M 165
================================================================================
AV 32.8 15.4 6.4 FASTST M M 5 MAX(MPH)
MISC ----> 28 330 42 330
================================================================================
NOTES:
# LAST OF SEVERAL OCCURRENCES
COLUMN 17 PEAK WIND IN M.P.H.
PRELIMINARY LOCAL CLIMATOLOGICAL DATA (WS FORM: F-6) , PAGE 2
STATION: EAU CLAIRE WI
MONTH: DECEMBER
YEAR: 2020
LATITUDE: 44 52 N
LONGITUDE: 91 29 W
[TEMPERATURE DATA] [PRECIPITATION DATA] SYMBOLS USED IN COLUMN 16
AVERAGE MONTHLY: 24.1 TOTAL FOR MONTH: 0.37 1 = FOG OR MIST
DPTR FM NORMAL: 5.3 DPTR FM NORMAL: -0.63 2 = FOG REDUCING VISIBILITY
HIGHEST: 54 ON 10 GRTST 24HR 0.15 ON 23-23 TO 1/4 MILE OR LESS
LOWEST: -2 ON 29 3 = THUNDER
SNOW, ICE PELLETS, HAIL 4 = ICE PELLETS
TOTAL MONTH: 3.7 INCHES 5 = HAIL
GRTST 24HR 1.5 ON 23-23 6 = FREEZING RAIN OR DRIZZLE
GRTST DEPTH: 2 ON 31,30 7 = DUSTSTORM OR SANDSTORM:
VSBY 1/2 MILE OR LESS
8 = SMOKE OR HAZE
[NO. OF DAYS WITH] [WEATHER - DAYS WITH] 9 = BLOWING SNOW
X = TORNADO
MAX 32 OR BELOW: 12 0.01 INCH OR MORE: 6
MAX 90 OR ABOVE: 0 0.10 INCH OR MORE: 2
MIN 32 OR BELOW: 31 0.50 INCH OR MORE: 0
MIN 0 OR BELOW: 3 1.00 INCH OR MORE: 0
[HDD (BASE 65) ]
TOTAL THIS MO. 1258 CLEAR (SCALE 0-3) 7
DPTR FM NORMAL -172 PTCLDY (SCALE 4-7) 18
TOTAL FM JUL 1 3009 CLOUDY (SCALE 8-10) 6
DPTR FM NORMAL -168
[CDD (BASE 65) ]
TOTAL THIS MO. 0
DPTR FM NORMAL 0 [PRESSURE DATA]
TOTAL FM JAN 1 672 HIGHEST SLP 30.53 ON 29
DPTR FM NORMAL 93 LOWEST SLP 29.09 ON 23
[REMARKS]
#FINAL-12-20#
THE PRECIPITATION VALUES ON THE 13TH, 21ST, 23RD, 24TH, 29TH,
30TH, AND 31ST, ARE FROM THE 8 INCH RAIN GAUGE AT THE SNOW
OBSERVING SITE.