000
CXUS53 KMPX 012135
CLMEAU
CLIMATE REPORT
NATIONAL WEATHER SERVICE TWIN CITIES/CHANHASSEN MN
335 PM CST FRI MAR 01 2024
...................................
...THE EAU CLAIRE WI CLIMATE SUMMARY FOR THE MONTH OF FEBRUARY 2024...
CLIMATE NORMAL PERIOD 1991 TO 2020
CLIMATE RECORD PERIOD 1893 TO 2024
WEATHER OBSERVED NORMAL DEPART LAST YEAR`S
VALUE DATE(S) VALUE FROM VALUE DATE(S)
NORMAL
................................................................
TEMPERATURE (F)
RECORD
HIGH 63 02/29/2000
LOW -40 02/10/1899
HIGHEST 62 02/27 44 18 44 02/08
LOWEST 2 02/29 -10 12 -17 02/03
AVG. MAXIMUM 43.4 28.4 15.0 30.3
AVG. MINIMUM 20.3 9.1 11.2 10.8
MEAN 31.8 18.8 13.0 20.5
DAYS MAX >= 90 0 0.0 0.0 0
DAYS MAX <= 32 4 17.6 -13.6 13
DAYS MIN <= 32 27 27.1 -0.1 28
DAYS MIN <= 0 0 7.8 -7.8 5
PRECIPITATION (INCHES)
RECORD
MAXIMUM 3.87 2019
MINIMUM 0.02 1958
TOTALS 0.64 1.10 -0.46 2.02
DAILY AVG. 0.02 NAN NAN 0.07
DAYS >= .01 5 8.2 -3.2 10
DAYS >= .10 4 3.0 1.0 6
DAYS >= .50 0 0.5 -0.5 1
DAYS >= 1.00 0 0.0 0.0 0
GREATEST
24 HR. TOTAL 0.22 02/14 TO 02/14
SNOWFALL (INCHES)
RECORDS
TOTAL 53.7 2019
TOTALS 4.5 11.2 -6.7 14.5
SINCE 7/1 16.4 41.1 -24.7 MM
SNOWDEPTH AVG. 1 6
DAYS >= 1.0 3 3.0 0.0 3
GREATEST
SNOW DEPTH 4 02/15 10 02/02
02/16
02/17
02/03
02/04
24 HR TOTAL 2.5 02/15 TO 02/15
DEGREE DAYS
HEATING TOTAL 955 1295 -340 1237
SINCE 7/1 4726 6030 -1304 MM
COOLING TOTAL 0 0 0 0
SINCE 1/1 0 0 0 MM
................................................................
WIND (MPH)
AVERAGE WIND SPEED 7.5
HIGHEST WIND SPEED/DIRECTION 26/230 DATE 02/08
26/230 02/17
26/320 02/27
HIGHEST GUST SPEED/DIRECTION 39/290 DATE 02/27
39/330 02/28
SKY COVER
POSSIBLE SUNSHINE (PERCENT) MM
AVERAGE SKY COVER 0.28
NUMBER OF DAYS FAIR 20
NUMBER OF DAYS PC 6
NUMBER OF DAYS CLOUDY 3
AVERAGE RH (PERCENT) 64
WEATHER CONDITIONS. NUMBER OF DAYS WITH
THUNDERSTORM 0 MIXED PRECIP 0
HEAVY RAIN 0 RAIN 0
LIGHT RAIN 2 FREEZING RAIN 0
LT FREEZING RAIN 0 HAIL 0
HEAVY SNOW 0 SNOW 1
LIGHT SNOW 4 SLEET 0
FOG 11 FOG W/VIS <= 1/4 MILE 2
HAZE 5
- INDICATES NEGATIVE NUMBERS.
R INDICATES RECORD WAS SET OR TIED.
MM INDICATES DATA IS MISSING.
T INDICATES TRACE AMOUNT.
$$