000
CXUS51 KAKQ 010810
CF6ECG
PRELIMINARY LOCAL CLIMATOLOGICAL DATA (WS FORM: F-6)
STATION: ELIZABETH CITY NC
MONTH: JANUARY
YEAR: 2023
LATITUDE: 36 16 N
LONGITUDE: 76 11 W
TEMPERATURE IN F: :PCPN: SNOW: WIND :SUNSHINE: SKY :PK WND
================================================================================
1 2 3 4 5 6A 6B 7 8 9 10 11 12 13 14 15 16 17 18
12Z AVG MX 2MIN
DY MAX MIN AVG DEP HDD CDD WTR SNW DPTH SPD SPD DIR MIN PSBL S-S WX SPD DR
================================================================================
1 66 45 56 13 9 0 0.00 0.0 0 4.9 18 210 M M 2 12 20 30
2 69 42 56 13 9 0 0.00 0.0 0 4.1 12 290 M M 0 12 13 250
3 71 50 61 18 4 0 0.00 0.0 0 9.1 18 200 M M 0 1 26 200
4 74 63 69 26 0 4 0.19 0.0 0 12.9 22 200 M M 4 13 28 120
5 67 54 61 18 4 0 0.00 0.0 0 8.5 15 240 M M 3 19 290
6 59 39 49 6 16 0 0.00 0.0 0 8.2 16 270 M M 0 27 300
7 50 32 41 -2 24 0 0.00 0.0 0 5.0 10 10 M M 0 15 130
8 49 31 40 -3 25 0 0.05 0.0 0 6.1 10 60 M M 6 14 20
9 53 32 43 0 22 0 0.25 0.0 0 8.2 17 330 M M 5 12 38 90
10 52 28 40 -2 25 0 0.00 0.0 0 2.7 10 190 M M 0 15 220
11 53 29 41 -1 24 0 0.00 0.0 0 4.4 12 70 M M 2 1 15 90
12 69 48 59 17 6 0 0.00 0.0 0 8.2 21 140 M M 3 35 110
13 62 44 53 11 12 0 0.21 0.0 0 10.5 21 350 M M 7 24 360
14 44 36 40 -2 25 0 0.00 0.0 0 17.4 28 340 M M 10 35 340
15 45 31 38 -4 27 0 0.00 0.0 0 13.9 26 320 M M 4 33 330
16 55 27 41 -1 24 0 0.00 0.0 0 9.1 18 280 M M 0 21 300
17 55 36 46 4 19 0 0.13 0.0 0 9.8 18 240 M M 10 27 220
18 68 45 57 15 8 0 0.00 0.0 0 7.7 23 250 M M 1 35 260
19 70 42 56 14 9 0 0.00 0.0 0 9.3 21 200 M M 1 28 200
20 64 38 51 9 14 0 0.00 0.0 0 12.0 23 280 M M 1 29 300
21 51 31 41 -1 24 0 0.00 0.0 0 6.7 18 350 M M 0 24 350
22 61 35 48 6 17 0 0.92 0.0 0 7.7 18 130 M M 6 1 26 130
23 60 38 49 6 16 0 0.03 0.0 0 13.2 25 290 M M 7 1 33 280
24 52 30 41 -2 24 0 0.00 0.0 0 5.2 13 220 M M 0 27 90
25 66 32 49 6 16 0 1.25 0.0 0 10.2 36 230 M M 5 128 43 220
26 64 39 52 9 13 0 0.05 0.0 0 13.3 24 280 M M 3 1 31 280
27 50 31 41 -2 24 0 0.00 0.0 0 6.2 16 270 M M 3 21 290
28 59 30 45 2 20 0 0.00 0.0 0 6.2 14 210 M M 0 23 320
29 64 34 49 6 16 0 0.00 0.0 0 6.8 17 270 M M 2 22 220
30 55 50 53 10 12 0 0.93 0.0 0 4.9 12 220 M M 10 1 13 70
31 56 46 51 8 14 0 0.01 0.0 0 7.6 18 30 M M 10 12 21 30
================================================================================
SM 1833 1188 502 4 4.02 0.0 260.0 M 105
================================================================================
AV 59.1 38.3 8.4 FASTST M M 3 MAX(MPH)
MISC ----> 36 230 43 220
================================================================================
NOTES:
# LAST OF SEVERAL OCCURRENCES
COLUMN 17 PEAK WIND IN M.P.H.
PRELIMINARY LOCAL CLIMATOLOGICAL DATA (WS FORM: F-6) , PAGE 2
STATION: ELIZABETH CITY NC
MONTH: JANUARY
YEAR: 2023
LATITUDE: 36 16 N
LONGITUDE: 76 11 W
[TEMPERATURE DATA] [PRECIPITATION DATA] SYMBOLS USED IN COLUMN 16
AVERAGE MONTHLY: 48.7 TOTAL FOR MONTH: 4.02 1 = FOG OR MIST
DPTR FM NORMAL: 6.0 DPTR FM NORMAL: 0.72 2 = FOG REDUCING VISIBILITY
HIGHEST: 74 ON 4 GRTST 24HR 1.37 ON 25-26 TO 1/4 MILE OR LESS
LOWEST: 27 ON 16 3 = THUNDER
SNOW, ICE PELLETS, HAIL 4 = ICE PELLETS
TOTAL MONTH: 0.0 INCH 5 = HAIL
GRTST 24HR 0.0 6 = FREEZING RAIN OR DRIZZLE
GRTST DEPTH: 0 7 = DUSTSTORM OR SANDSTORM:
VSBY 1/2 MILE OR LESS
8 = SMOKE OR HAZE
[NO. OF DAYS WITH] [WEATHER - DAYS WITH] 9 = BLOWING SNOW
X = TORNADO
MAX 32 OR BELOW: 0 0.01 INCH OR MORE: 11
MAX 90 OR ABOVE: 0 0.10 INCH OR MORE: 7
MIN 32 OR BELOW: 12 0.50 INCH OR MORE: 3
MIN 0 OR BELOW: 0 1.00 INCH OR MORE: 1
[HDD (BASE 65) ]
TOTAL THIS MO. 502 CLEAR (SCALE 0-3) 18
DPTR FM NORMAL -190 PTCLDY (SCALE 4-7) 9
TOTAL FM JUL 1 1595 CLOUDY (SCALE 8-10) 4
DPTR FM NORMAL -199
[CDD (BASE 65) ]
TOTAL THIS MO. 4
DPTR FM NORMAL 3 [PRESSURE DATA]
TOTAL FM JAN 1 4 HIGHEST SLP 30.42 ON 28
DPTR FM NORMAL 3 LOWEST SLP 29.59 ON 23
[REMARKS]
#FINAL-01-23#