000
CXUS54 KEPZ 011030
CF6ELP
PRELIMINARY LOCAL CLIMATOLOGICAL DATA (WS FORM: F-6)
STATION: EL PASO
MONTH: JULY
YEAR: 2023
LATITUDE: 31 47 N
LONGITUDE: 106 24 W
TEMPERATURE IN F: :PCPN: SNOW: WIND :SUNSHINE: SKY :PK WND
================================================================================
1 2 3 4 5 6A 6B 7 8 9 10 11 12 13 14 15 16 17 18
12Z AVG MX 2MIN
DY MAX MIN AVG DEP HDD CDD WTR SNW DPTH SPD SPD DIR MIN PSBL S-S WX SPD DR
================================================================================
1 104 73 89 4 0 24 0.00 0.0 0 7.6 21 150 M M 2 27 150
2 103 75 89 4 0 24 T 0.0 0 8.6 33 80 M M 5 378 45 70
3 102 72 87 2 0 22 0.00 0.0 0 6.7 36 10 M M 3 8 50 110
4 103 73 88 3 0 23 0.00 0.0 0 4.8 16 120 M M 2 23 120
5 107 78 93 8 0 28 0.00 0.0 0 7.4 23 110 M M 2 30 100
6 106 80 93 8 0 28 0.00 0.0 0 8.5 18 120 M M 3 30 140
7 109 82 96 11 0 31 0.00 0.0 0 10.2 17 230 M M 2 24 250
8 108 83 96 11 0 31 0.00 0.0 0 9.2 22 20 M M 4 32 80
9 107 78 93 8 0 28 0.00 0.0 0 6.9 30 110 M M 3 40 120
10 107 77 92 7 0 27 0.22 0.0 0 6.5 30 290 M M 4 3 40 290
11 105 79 92 7 0 27 0.05 0.0 0 9.8 33 270 M M 6 3 44 260
12 104 78 91 6 0 26 0.00 0.0 0 11.4 30 270 M M 3 40 280
13 105 81 93 9 0 28 0.03 0.0 0 9.6 31 240 M M 6 3 44 300
14 107 80 94 10 0 29 0.00 0.0 0 7.4 17 250 M M 4 30 250
15 103 85 94 10 0 29 0.00 0.0 0 7.7 32 10 M M 8 42 10
16 105 80 93 9 0 28 0.00 0.0 0 6.4 15 120 M M 5 24 120
17 109 79 94 10 0 29 0.00 0.0 0 5.9 16 140 M M 3 23 150
18 109 76 93 9 0 28 0.00 0.0 0 5.8 14 70 M M 1 21 80
19 111 76 94 10 0 29 0.00 0.0 0 5.0 15 120 M M 1 21 130
20 109 82 96 12 0 31 0.00 0.0 0 8.1 22 130 M M 3 30 130
21 107 80 94 10 0 29 0.00 0.0 0 9.6 24 100 M M 3 34 110
22 101 82 92 8 0 27 T 0.0 0 11.0 31 360 M M 6 8 37 360
23 100 79 90 6 0 25 T 0.0 0 5.6 23 60 M M 7 3 33 70
24 104 74 89 5 0 24 0.00 0.0 0 5.1 17 110 M M 1 24 150
25 105 78 92 8 0 27 0.00 0.0 0 5.3 16 120 M M 1 23 180
26 108 75 92 8 0 27 0.00 0.0 0 6.6 18 120 M M 1 25 130
27 106 77 92 8 0 27 0.00 0.0 0 8.8 20 100 M M 2 28 100
28 105 75 90 6 0 25 0.00 0.0 0 8.4 20 100 M M 2 30 110
29 102 81 92 8 0 27 0.00 0.0 0 10.2 22 100 M M 4 34 110
30 97 77 87 3 0 22 0.00 0.0 0 10.8 22 110 M M 3 33 110
31 100 78 89 5 0 24 T 0.0 0 6.9 23 150 M M 6 3 31 160
================================================================================
SM 3258 2423 0 834 0.30 0.0 241.8 M 106
================================================================================
AV105.1 78.2 7.8 FASTST M M 3 MAX(MPH)
MISC ----> 36 10 50 110
================================================================================
NOTES:
# LAST OF SEVERAL OCCURRENCES
COLUMN 17 PEAK WIND IN M.P.H.
PRELIMINARY LOCAL CLIMATOLOGICAL DATA (WS FORM: F-6) , PAGE 2
STATION: EL PASO
MONTH: JULY
YEAR: 2023
LATITUDE: 31 47 N
LONGITUDE: 106 24 W
[TEMPERATURE DATA] [PRECIPITATION DATA] SYMBOLS USED IN COLUMN 16
AVERAGE MONTHLY: 91.6 TOTAL FOR MONTH: 0.30 1 = FOG OR MIST
DPTR FM NORMAL: 7.2 DPTR FM NORMAL: -1.28 2 = FOG REDUCING VISIBILITY
HIGHEST: 111 ON 19 GRTST 24HR 0.22 ON 10-10 TO 1/4 MILE OR LESS
LOWEST: 72 ON 3 3 = THUNDER
SNOW, ICE PELLETS, HAIL 4 = ICE PELLETS
TOTAL MONTH: 0.0 INCH 5 = HAIL
GRTST 24HR 0.0 6 = FREEZING RAIN OR DRIZZLE
GRTST DEPTH: 0 7 = DUSTSTORM OR SANDSTORM:
VSBY 1/2 MILE OR LESS
8 = SMOKE OR HAZE
[NO. OF DAYS WITH] [WEATHER - DAYS WITH] 9 = BLOWING SNOW
X = TORNADO
MAX 32 OR BELOW: 0 0.01 INCH OR MORE: 3
MAX 90 OR ABOVE: 31 0.10 INCH OR MORE: 1
MIN 32 OR BELOW: 0 0.50 INCH OR MORE: 0
MIN 0 OR BELOW: 0 1.00 INCH OR MORE: 0
[HDD (BASE 65) ]
TOTAL THIS MO. 0 CLEAR (SCALE 0-3) 15
DPTR FM NORMAL 0 PTCLDY (SCALE 4-7) 16
TOTAL FM JUL 1 0 CLOUDY (SCALE 8-10) 0
DPTR FM NORMAL 0
[CDD (BASE 65) ]
TOTAL THIS MO. 834
DPTR FM NORMAL 233 [PRESSURE DATA]
TOTAL FM JAN 1 2020 HIGHEST SLP 30.01 ON 24
DPTR FM NORMAL 392 LOWEST SLP 29.54 ON 7
[REMARKS]
#FINAL-07-23#