000
CXUS56 KLKN 011210
CF6ELY
PRELIMINARY LOCAL CLIMATOLOGICAL DATA (WS FORM: F-6)
STATION: ELY AIRPORT NV
MONTH: APRIL
YEAR: 2022
LATITUDE: 39 16 N
LONGITUDE: 114 51 W
TEMPERATURE IN F: :PCPN: SNOW: WIND :SUNSHINE: SKY :PK WND
================================================================================
1 2 3 4 5 6A 6B 7 8 9 10 11 12 13 14 15 16 17 18
12Z AVG MX 2MIN
DY MAX MIN AVG DEP HDD CDD WTR SNW DPTH SPD SPD DIR MIN PSBL S-S WX SPD DR
================================================================================
1 61 19 40 -1 25 0 0.00 0.0 0 6.4 13 200 M M 0 18 280
2 64 28 46 5 19 0 0.00 0.0 0 8.7 23 10 M M 5 32 10
3 61 28 45 4 20 0 0.00 0.0 0 7.7 18 30 M M 2 24 30
4 63 24 44 3 21 0 0.00 0.0 0 12.5 30 280 M M 1 43 280
5 55 28 42 1 23 0 0.00 0.0 0 11.4 24 320 M M 3 41 320
6 56 12 34 -7 31 0 0.00 0.0 0 9.6 22 20 M M 0 30 20
7 68 20 44 2 21 0 0.00 0.0 0 8.2 18 40 M M 0 25 30
8 74 26 50 8 15 0 0.00 0.0 0 9.8 15 250 M M 0 23 230
9 64 25 45 3 20 0 0.00 0.0 0 12.7 29 320 M M 0 43 340
10 49 18 34 -8 31 0 0.00 0.0 0 6.9 16 20 M M 4 20 10
11 61 17 39 -3 26 0 0.02 0.2 0 19.3 43 250 M M 4 18 73 250
12 33 7 20 -22 45 0 0.05 1.0 1 10.1 26 340 M M 5 18 35 330
13 45 11 28 -14 37 0 0.00 0.0 0 9.2 24 240 M M 7 37 220
14 56 29 43 0 22 0 T 0.0 0 9.6 25 210 M M 8 36 200
15 62 29 46 3 19 0 T 0.0 0 7.0 23 210 M M 5 33 220
16 59 30 45 2 20 0 T T 0 9.5 31 270 M M 4 58 44 260
17 67 24 46 3 19 0 0.00 0.0 0 8.0 20 210 M M 2 8 31 220
18 72 23 48 5 17 0 0.00 0.0 0 11.8 28 200 M M 0 36 190
19 67 25 46 2 19 0 0.00 0.0 0 12.3 26 260 M M 2 38 270
20 67 20 44 0 21 0 0.00 0.0 0 12.2 25 160 M M 0 36 190
21 65 39 52 8 13 0 0.01 0.0 0 19.3 36 200 M M 3 56 190
22 43 30 37 -7 28 0 0.54 4.2 T 10.5 32 320 M M 9 12 46 330
23 47 26 37 -8 28 0 T T T 8.0 22 320 M M 4 30 330
24 52 21 37 -8 28 0 0.00 0.0 0 7.7 16 360 M M 0 21 40
25 63 22 43 -2 22 0 0.00 0.0 0 10.8 20 190 M M 0 26 190
26 69 42 56 11 9 0 0.00 0.0 0 10.4 21 200 M M 3 36 190
27 70 36 53 7 12 0 T 0.0 0 9.7 28 220 M M 5 41 220
28 68 30 49 3 16 0 0.00 0.0 0 13.5 31 210 M M 0 50 190
29 59 27 43 -3 22 0 0.00 0.0 0 8.6 17 340 M M 1 27 350
30 68 25 47 1 18 0 T 0.0 0 11.6 25 230 M M 1 36 220
================================================================================
SM 1808 741 667 0 0.62 5.4 313.0 M 78
================================================================================
AV 60.3 24.7 10.4 FASTST M M 3 MAX(MPH)
MISC ----> 43 250 73 250
================================================================================
NOTES:
# LAST OF SEVERAL OCCURRENCES
COLUMN 17 PEAK WIND IN M.P.H.
PRELIMINARY LOCAL CLIMATOLOGICAL DATA (WS FORM: F-6) , PAGE 2
STATION: ELY AIRPORT NV
MONTH: APRIL
YEAR: 2022
LATITUDE: 39 16 N
LONGITUDE: 114 51 W
[TEMPERATURE DATA] [PRECIPITATION DATA] SYMBOLS USED IN COLUMN 16
AVERAGE MONTHLY: 42.5 TOTAL FOR MONTH: 0.62 1 = FOG OR MIST
DPTR FM NORMAL: -0.7 DPTR FM NORMAL: -0.45 2 = FOG REDUCING VISIBILITY
HIGHEST: 74 ON 8 GRTST 24HR 0.54 ON 22-22 TO 1/4 MILE OR LESS
LOWEST: 7 ON 12 3 = THUNDER
SNOW, ICE PELLETS, HAIL 4 = ICE PELLETS
TOTAL MONTH: 5.4 INCHES 5 = HAIL
GRTST 24HR 4.2 ON 22-22 6 = FREEZING RAIN OR DRIZZLE
GRTST DEPTH: 1 ON 12 7 = DUSTSTORM OR SANDSTORM:
VSBY 1/2 MILE OR LESS
8 = SMOKE OR HAZE
[NO. OF DAYS WITH] [WEATHER - DAYS WITH] 9 = BLOWING SNOW
X = TORNADO
MAX 32 OR BELOW: 0 0.01 INCH OR MORE: 4
MAX 90 OR ABOVE: 0 0.10 INCH OR MORE: 1
MIN 32 OR BELOW: 27 0.50 INCH OR MORE: 1
MIN 0 OR BELOW: 0 1.00 INCH OR MORE: 0
[HDD (BASE 65) ]
TOTAL THIS MO. 667 CLEAR (SCALE 0-3) 17
DPTR FM NORMAL 13 PTCLDY (SCALE 4-7) 12
TOTAL FM JUL 1 6444 CLOUDY (SCALE 8-10) 1
DPTR FM NORMAL -152
[CDD (BASE 65) ]
TOTAL THIS MO. 0
DPTR FM NORMAL 0 [PRESSURE DATA]
TOTAL FM JAN 1 0 HIGHEST SLP 30.51 ON 7
DPTR FM NORMAL 0 LOWEST SLP 29.14 ON 11
[REMARKS]
#FINAL-04-22#