000
CXUS53 KMKX 010810
CF6ENW
PRELIMINARY LOCAL CLIMATOLOGICAL DATA (WS FORM: F-6)
STATION: KENOSHA WI
MONTH: AUGUST
YEAR: 2021
LATITUDE: 42 35 N
LONGITUDE: 87 56 W
TEMPERATURE IN F: :PCPN: SNOW: WIND :SUNSHINE: SKY :PK WND
================================================================================
1 2 3 4 5 6A 6B 7 8 9 10 11 12 13 14 15 16 17 18
12Z AVG MX 2MIN
DY MAX MIN AVG DEP HDD CDD WTR SNW DPTH SPD SPD DIR MIN PSBL S-S WX SPD DR
================================================================================
1 78 55 67 -6 0 2 0.00 0.0 0 6.9 15 60 M M 2 18 24 60
2 79 51 65 -8 0 0 0.00 M M 4.9 14 70 M M 4 18 19 80
3 84 55 70 -3 0 5 0.00 M M 5.4 13 140 M M 1 18 19 130
4 86 58 72 -1 0 7 0.00 M M 4.2 13 120 M M 1 18 21 110
5 90 60 75 3 0 10 0.00 M M 7.6 16 210 M M 3 18 23 240
6 88 65 77 5 0 12 0.55 M M 8.6 22 10 M M 6 138 35 20
7 84 65 75 3 0 10 0.22 M M 4.9 17 10 M M 2 138 23 10
8 93 70 82 10 0 17 0.01 M M 11.9 26 190 M M 2 18 36 190
9 81 71 76 4 0 11 0.88 M M 8.0 18 170 M M 5 13 26 180
10 95 66 81 9 0 16 M M M 7.9 21 280 M M 3 1 43 280
11 95 66 81 9 0 16 0.02 M M 12.1 48 250 M M 4 138 66 240
12 90 67 79 7 0 14 0.00 M M 8.4 20 230 M M 2 26 210
13 84 61 73 1 0 8 0.00 M M 5.8 14 300 M M 2 20 290
14 80 54 67 -5 0 2 0.00 M M 4.2 13 140 M M 0 17 120
15 80 54 67 -5 0 2 0.00 M M 3.9 13 130 M M 0 18 18 120
16 81 55 68 -3 0 3 0.00 M M 3.6 13 70 M M 1 1 17 120
17 82 56 69 -2 0 4 M M M 3.9 14 120 M M 0 1 20 90
18 85 64 75 4 0 10 0.00 M M 5.1 14 100 M M 1 12 18 120
19 87 66 77 6 0 12 0.00 M M 4.7 13 90 M M 4 128 17 70
20 88 66 77 6 0 12 0.00 M M 5.7 14 110 M M 2 128 17 120
21 91 72 82 11 0 17 0.31 M M 7.8 25 250 M M 3 138 34 250
22 81 62 72 2 0 7 0.00 M M 6.4 16 70 M M 4 22 60
23 90 59 75 5 0 10 0.00 M M 4.5 17 240 M M 1 1 27 260
24 97 68 83 13 0 18 M M M 5.5 20 30 M M 4 13 31 30
25 91 69 80 10 0 15 M M M 6.7 14 290 M M 3 20 240
26 85 67 76 6 0 11 0.00 M M 5.6 12 110 M M 1 16 110
27 87 72 80 10 0 15 0.00 M M 6.5 14 150 M M 2 12 18 140
28 95 75 85 16 0 20 0.01 M M 7.6 16 240 M M 1 3 23 240
29 90 64 77 8 0 12 0.12 M M 9.2 25 280 M M 1 13 39 280
30 85 60 73 4 0 8 0.00 M M 4.5 14 100 M M 1 18 90
31 81 58 70 1 0 5 T M M 5.9 16 50 M M 3 1 23 30
================================================================================
SM 2683 1951 0 311 2.12 0.0 197.9 M 69
================================================================================
AV 86.5 62.9 6.4 FASTST M M 2 MAX(MPH)
MISC ----> 48 250 66 240
================================================================================
NOTES:
# LAST OF SEVERAL OCCURRENCES
COLUMN 17 PEAK WIND IN M.P.H.
PRELIMINARY LOCAL CLIMATOLOGICAL DATA (WS FORM: F-6) , PAGE 2
STATION: KENOSHA WI
MONTH: AUGUST
YEAR: 2021
LATITUDE: 42 35 N
LONGITUDE: 87 56 W
[TEMPERATURE DATA] [PRECIPITATION DATA] SYMBOLS USED IN COLUMN 16
AVERAGE MONTHLY: 74.7 TOTAL FOR MONTH: 2.12 1 = FOG OR MIST
DPTR FM NORMAL: 3.5 DPTR FM NORMAL: -1.44 2 = FOG REDUCING VISIBILITY
HIGHEST: 97 ON 24 GRTST 24HR 0.88 ON 8- 9 TO 1/4 MILE OR LESS
LOWEST: 51 ON 2 3 = THUNDER
SNOW, ICE PELLETS, HAIL 4 = ICE PELLETS
TOTAL MONTH: 0.0 INCH 5 = HAIL
GRTST 24HR 0.0 6 = FREEZING RAIN OR DRIZZLE
GRTST DEPTH: 0 7 = DUSTSTORM OR SANDSTORM:
VSBY 1/2 MILE OR LESS
8 = SMOKE OR HAZE
[NO. OF DAYS WITH] [WEATHER - DAYS WITH] 9 = BLOWING SNOW
X = TORNADO
MAX 32 OR BELOW: 0 0.01 INCH OR MORE: 8
MAX 90 OR ABOVE: 11 0.10 INCH OR MORE: 5
MIN 32 OR BELOW: 0 0.50 INCH OR MORE: 2
MIN 0 OR BELOW: 0 1.00 INCH OR MORE: 0
[HDD (BASE 65) ]
TOTAL THIS MO. 0 CLEAR (SCALE 0-3) 23
DPTR FM NORMAL -10 PTCLDY (SCALE 4-7) 8
TOTAL FM JUL 1 5 CLOUDY (SCALE 8-10) 0
DPTR FM NORMAL -9
[CDD (BASE 65) ]
TOTAL THIS MO. 311
DPTR FM NORMAL 110 [PRESSURE DATA]
TOTAL FM JAN 1 894 HIGHEST SLP M ON M
DPTR FM NORMAL 263 LOWEST SLP 29.69 ON 11
[REMARKS]
#FINAL-08-21#