000
CXUS53 KDMX 020542
CF6EST
PRELIMINARY LOCAL CLIMATOLOGICAL DATA (WS FORM: F-6)
STATION: ESTHERVILLE IA
MONTH: OCTOBER
YEAR: 2021
LATITUDE: 43 24 N
LONGITUDE: 94 45 W
TEMPERATURE IN F: :PCPN: SNOW: WIND :SUNSHINE: SKY :PK WND
================================================================================
1 2 3 4 5 6A 6B 7 8 9 10 11 12 13 14 15 16 17 18
12Z AVG MX 2MIN
DY MAX MIN AVG DEP HDD CDD WTR SNW DPTH SPD SPD DIR MIN PSBL S-S WX SPD DR
================================================================================
1 76 64 70 16 0 5 1.66 0.0 0 8.8 25 170 M M 7 13 32 170
2 66 60 63 9 2 0 0.01 0.0 0 6.8 14 330 M M 9 1 20 330
3 75 50 63 9 2 0 0.00 0.0 0 8.9 18 350 M M 1 26 320
4 78 46 62 9 3 0 0.00 0.0 0 4.9 10 340 M M 0 8 14 40
5 75 45 60 7 5 0 0.00 0.0 0 4.6 15 140 M M 2 12 18 120
6 72 57 65 13 0 0 0.00 0.0 0 5.8 12 120 M M 9 16 140
7 73 61 67 15 0 2 0.00 0.0 0 5.4 13 120 M M 8 1 17 120
8 81 58 70 19 0 5 0.00 0.0 0 5.9 16 170 M M 4 12 23 180
9 79 59 69 18 0 4 0.00 0.0 0 14.9 31 130 M M 0 8 39 130
10 64 47 56 6 9 0 0.00 0.0 0 10.7 23 240 M M 3 1 34 230
11 73 43 58 8 7 0 0.00 0.0 0 7.3 17 30 M M 0 1 23 30
12 69 44 57 8 8 0 0.00 0.0 0 7.3 13 340 M M 0 19 30
13 71 47 59 10 6 0 0.52 0.0 0 20.4 39 130 M M 4 13 52 130
14 58 43 51 3 14 0 0.00 0.0 0 12.0 22 250 M M 5 31 240
15 59 36 48 0 17 0 0.00 0.0 0 10.4 23 270 M M 2 34 300
16 65 34 50 3 15 0 0.00 0.0 0 9.7 20 270 M M 0 29 280
17 73 38 56 9 9 0 0.00 0.0 0 7.4 15 210 M M 0 21 220
18 77 41 59 13 6 0 0.00 0.0 0 11.6 26 180 M M 0 33 170
19 75 49 62 16 3 0 0.00 0.0 0 10.4 18 170 M M 0 8 24 190
20 59 46 53 8 12 0 0.44 0.0 0 8.6 20 290 M M 7 13 32 280
21 49 32 41 -4 24 0 0.01 0.0 0 12.6 24 340 M M 6 1 36 330
22 51 30 41 -3 24 0 0.01 0.0 0 3.6 8 300 M M 2 128 11 290
23 52 27 40 -4 25 0 0.00 0.0 0 7.7 16 100 M M 0 22 120
24 45 37 41 -3 24 0 0.18 0.0 0 13.3 21 70 M M 6 1 26 70
25 52 33 43 0 22 0 0.00 0.0 0 8.6 16 60 M M 2 19 60
26 57 36 47 5 18 0 0.00 0.0 0 20.7 33 140 M M 4 43 140
27 52 46 49 7 16 0 1.12 0.0 0 14.9 26 130 M M 10 13 35 140
28 49 47 48 6 17 0 0.49 0.0 0 14.1 25 360 M M 10 1 36 360
29 56 33 45 4 20 0 0.00 0.0 0 13.7 25 350 M M 5 1 34 340
30 63 30 47 7 18 0 0.00 0.0 0 11.4 29 330 M M 2 39 330
31 48 24 36 -4 29 0 0.00 0.0 0 14.1 28 300 M M 2 36 330
================================================================================
SM 1992 1343 355 16 4.44 0.0 316.5 M 110
================================================================================
AV 64.3 43.3 10.2 FASTST M M 4 MAX(MPH)
MISC ----> 39 130 52 130
================================================================================
NOTES:
# LAST OF SEVERAL OCCURRENCES
COLUMN 17 PEAK WIND IN M.P.H.
PRELIMINARY LOCAL CLIMATOLOGICAL DATA (WS FORM: F-6) , PAGE 2
STATION: ESTHERVILLE IA
MONTH: OCTOBER
YEAR: 2021
LATITUDE: 43 24 N
LONGITUDE: 94 45 W
[TEMPERATURE DATA] [PRECIPITATION DATA] SYMBOLS USED IN COLUMN 16
AVERAGE MONTHLY: 53.8 TOTAL FOR MONTH: 4.44 1 = FOG OR MIST
DPTR FM NORMAL: 6.5 DPTR FM NORMAL: 1.97 2 = FOG REDUCING VISIBILITY
HIGHEST: 81 ON 8 GRTST 24HR 3.04 ON 30- 1 TO 1/4 MILE OR LESS
LOWEST: 24 ON 31 3 = THUNDER
SNOW, ICE PELLETS, HAIL 4 = ICE PELLETS
TOTAL MONTH: 0.0 INCH 5 = HAIL
GRTST 24HR 0.0 6 = FREEZING RAIN OR DRIZZLE
GRTST DEPTH: 0 7 = DUSTSTORM OR SANDSTORM:
VSBY 1/2 MILE OR LESS
8 = SMOKE OR HAZE
[NO. OF DAYS WITH] [WEATHER - DAYS WITH] 9 = BLOWING SNOW
X = TORNADO
MAX 32 OR BELOW: 0 0.01 INCH OR MORE: 9
MAX 90 OR ABOVE: 0 0.10 INCH OR MORE: 6
MIN 32 OR BELOW: 5 0.50 INCH OR MORE: 3
MIN 0 OR BELOW: 0 1.00 INCH OR MORE: 2
[HDD (BASE 65) ]
TOTAL THIS MO. 355 CLEAR (SCALE 0-3) 16
DPTR FM NORMAL -197 PTCLDY (SCALE 4-7) 10
TOTAL FM JUL 1 433 CLOUDY (SCALE 8-10) 5
DPTR FM NORMAL -344
[CDD (BASE 65) ]
TOTAL THIS MO. 16
DPTR FM NORMAL 11 [PRESSURE DATA]
TOTAL FM JAN 1 759 HIGHEST SLP 30.32 ON 31
DPTR FM NORMAL 232 LOWEST SLP 29.43 ON 13
[REMARKS]
#FINAL-10-21#