000
CXUS53 KPAH 022222
CF6EVV
PRELIMINARY LOCAL CLIMATOLOGICAL DATA (WS FORM: F-6)
STATION: EVANSVILLE IN
MONTH: AUGUST
YEAR: 2022
LATITUDE: 38 2 N
LONGITUDE: 87 32 W
TEMPERATURE IN F: :PCPN: SNOW: WIND :SUNSHINE: SKY :PK WND
================================================================================
1 2 3 4 5 6A 6B 7 8 9 10 11 12 13 14 15 16 17 18
12Z AVG MX 2MIN
DY MAX MIN AVG DEP HDD CDD WTR SNW DPTH SPD SPD DIR MIN PSBL S-S WX SPD DR
================================================================================
1 88 66 77 -1 0 12 0.62 0.0 0 11.0 52 330 M M 8 123 68 320
2 84 68 76 -2 0 11 0.83 0.0 0 8.2 22 250 M M 4 13 30 240
3 92 70 81 3 0 16 0.00 0.0 0 6.8 18 220 M M 1 1 28 200
4 82 72 77 -1 0 12 0.80 0.0 0 4.1 24 250 M M 7 13 32 280
5 M 72 M M M M 0.06 0.0 0 3.3 8 190 M M 8 1 11 190
6 91 73 82 4 0 17 0.00 0.0 0 5.5 17 240 M M 4 38 25 220
7 92 73 83 5 0 18 0.00 0.0 0 5.2 15 200 M M 2 3 20 250
8 92 74 83 5 0 18 0.00 0.0 0 8.0 17 220 M M 1 23 220
9 88 72 80 2 0 15 0.00 0.0 0 6.9 14 340 M M 5 22 330
10 84 72 78 0 0 13 0.02 0.0 0 4.7 13 330 M M 7 18 20 340
11 86 68 77 -1 0 12 0.00 0.0 0 5.9 12 360 M M 2 16 20
12 82 63 73 -5 0 8 0.00 0.0 0 6.9 14 40 M M 0 20 20
13 84 59 72 -6 0 7 0.00 0.0 0 2.7 9 150 M M 0 13 100
14 87 68 78 0 0 13 0.02 0.0 0 6.8 18 240 M M 4 3 27 260
15 82 71 77 -1 0 12 0.00 0.0 0 7.8 15 350 M M 5 22 360
16 84 67 76 -2 0 11 T 0.0 0 4.6 10 50 M M 3 16 60
17 84 62 73 -5 0 8 0.00 0.0 0 6.0 13 360 M M 2 19 40
18 86 63 75 -2 0 10 0.00 0.0 0 4.0 10 20 M M 1 14 330
19 87 62 75 -2 0 10 0.00 0.0 0 1.5 8 160 M M 2 11 110
20 88 67 78 1 0 13 0.00 0.0 0 4.6 14 270 M M 1 1 21 270
21 86 71 79 2 0 14 0.01 0.0 0 6.4 14 280 M M 5 1 21 260
22 86 66 76 -1 0 11 0.00 0.0 0 4.3 12 360 M M 2 18 20
23 87 62 75 -2 0 10 0.00 0.0 0 2.2 12 30 M M 4 1 15 30
24 88 62 75 -1 0 10 0.00 0.0 0 4.0 10 10 M M 2 15 100
25 90 65 78 2 0 13 0.00 0.0 0 2.1 10 310 M M 2 18 340
26 91 68 80 4 0 15 0.00 0.0 0 2.9 13 350 M M 2 1 18 350
27 92 68 80 4 0 15 0.00 0.0 0 3.5 8 240 M M 2 13 110
28 94 70 82 6 0 17 0.00 0.0 0 5.9 17 140 M M 1 13 30 130
29 94 75 85 9 0 20 0.00 0.0 0 8.5 20 180 M M 3 3 29 160
30 90 63 77 2 0 12 0.10 0.0 0 5.4 14 310 M M 4 13 22 330
31 85 58 72 -3 0 7 0.00 0.0 0 2.7 12 350 M M 0 23 310
================================================================================
SM 2626 2090 0 380 2.46 0.0 162.4 M 94
================================================================================
AV 87.5 67.4 5.2 FASTST M M 3 MAX(MPH)
MISC ----> 52 330 68 320
================================================================================
NOTES:
# LAST OF SEVERAL OCCURRENCES
COLUMN 17 PEAK WIND IN M.P.H.
PRELIMINARY LOCAL CLIMATOLOGICAL DATA (WS FORM: F-6) , PAGE 2
STATION: EVANSVILLE IN
MONTH: AUGUST
YEAR: 2022
LATITUDE: 38 2 N
LONGITUDE: 87 32 W
[TEMPERATURE DATA] [PRECIPITATION DATA] SYMBOLS USED IN COLUMN 16
AVERAGE MONTHLY: 77.5 TOTAL FOR MONTH: 2.46 1 = FOG OR MIST
DPTR FM NORMAL: 0.2 DPTR FM NORMAL: -0.61 2 = FOG REDUCING VISIBILITY
HIGHEST: 94 ON 29,28 GRTST 24HR 1.45 ON 1- 2 TO 1/4 MILE OR LESS
LOWEST: 58 ON 31 3 = THUNDER
SNOW, ICE PELLETS, HAIL 4 = ICE PELLETS
TOTAL MONTH: 0.0 INCH 5 = HAIL
GRTST 24HR 0.0 6 = FREEZING RAIN OR DRIZZLE
GRTST DEPTH: 0 7 = DUSTSTORM OR SANDSTORM:
VSBY 1/2 MILE OR LESS
8 = SMOKE OR HAZE
[NO. OF DAYS WITH] [WEATHER - DAYS WITH] 9 = BLOWING SNOW
X = TORNADO
MAX 32 OR BELOW: 0 0.01 INCH OR MORE: 8
MAX 90 OR ABOVE: 10 0.10 INCH OR MORE: 4
MIN 32 OR BELOW: 0 0.50 INCH OR MORE: 3
MIN 0 OR BELOW: 0 1.00 INCH OR MORE: 0
[HDD (BASE 65) ]
TOTAL THIS MO. 0 CLEAR (SCALE 0-3) 19
DPTR FM NORMAL 0 PTCLDY (SCALE 4-7) 12
TOTAL FM JUL 1 0 CLOUDY (SCALE 8-10) 0
DPTR FM NORMAL 0
[CDD (BASE 65) ]
TOTAL THIS MO. 380
DPTR FM NORMAL -2 [PRESSURE DATA]
TOTAL FM JAN 1 1426 HIGHEST SLP 30.18 ON 12
DPTR FM NORMAL 133 LOWEST SLP 29.85 ON 28
[REMARKS]
#FINAL-08-22#