000
CXUS51 KOKX 010910
CF6EWR
PRELIMINARY LOCAL CLIMATOLOGICAL DATA (WS FORM: F-6)
STATION: NEWARK NJ
MONTH: APRIL
YEAR: 2022
LATITUDE: 40 42 N
LONGITUDE: 74 10 W
TEMPERATURE IN F: :PCPN: SNOW: WIND :SUNSHINE: SKY :PK WND
================================================================================
1 2 3 4 5 6A 6B 7 8 9 10 11 12 13 14 15 16 17 18
12Z AVG MX 2MIN
DY MAX MIN AVG DEP HDD CDD WTR SNW DPTH SPD SPD DIR MIN PSBL S-S WX SPD DR
================================================================================
1 60 43 52 4 13 0 0.21 0.0 0 17.3 36 260 M M 8 1 43 290
2 55 39 47 -1 18 0 0.00 0.0 0 11.5 29 290 M M 7 37 300
3 48 40 44 -5 21 0 0.13 0.0 0 7.3 24 300 M M 9 1 32 290
4 54 39 47 -2 18 0 0.00 0.0 0 11.0 21 290 M M 5 28 300
5 54 42 48 -1 17 0 0.07 0.0 0 5.3 13 100 M M 9 1 17 140
6 53 45 49 -1 16 0 0.67 0.0 0 12.8 24 40 M M 10 1 35 30
7 53 46 50 0 15 0 1.10 0.0 0 11.9 32 110 M M 10 13 45 110
8 64 49 57 7 8 0 0.01 0.0 0 12.2 23 240 M M 5 1 29 250
9 58 47 53 2 12 0 0.13 0.0 0 8.2 30 240 M M 9 3 36 240
10 53 43 48 -3 17 0 T 0.0 0 16.9 29 320 M M 8 39 320
11 62 40 51 -1 14 0 0.00 0.0 0 8.1 16 330 M M 5 22 360
12 73 49 61 9 4 0 0.04 0.0 0 7.3 20 330 M M 6 34 340
13 67 50 59 7 6 0 0.00 0.0 0 5.4 16 140 M M 7 22 110
14 88 56 72 19 0 7 0.06 0.0 0 11.3 30 290 M M 7 38 40 290
15 71 51 61 8 4 0 0.00 0.0 0 11.8 24 200 M M 4 33 210
16 73 46 60 6 5 0 0.12 0.0 0 12.0 28 350 M M 8 3 35 320
17 54 42 48 -6 17 0 0.00 0.0 0 14.5 26 320 M M 5 36 330
18 53 36 45 -9 20 0 0.88 0.0 0 11.3 25 70 M M 7 1 36 50
19 53 40 47 -8 18 0 0.93 0.0 0 19.6 44 270 M M 8 1 53 280
20 62 43 53 -2 12 0 0.00 0.0 0 10.6 23 320 M M 4 33 280
21 64 47 56 0 9 0 T 0.0 0 8.2 20 160 M M 7 25 150
22 72 48 60 4 5 0 0.00 0.0 0 12.8 24 330 M M 4 30 300
23 64 49 57 1 8 0 0.00 0.0 0 6.9 13 10 M M 8 16 150
24 63 50 57 0 8 0 0.00 0.0 0 8.0 20 140 M M 6 25 130
25 58 50 54 -3 11 0 0.00 0.0 0 6.8 12 120 M M 9 16 130
26 66 54 60 3 5 0 0.01 0.0 0 5.8 14 270 M M 10 16 270
27 60 42 51 -7 14 0 0.00 0.0 0 18.0 30 310 M M 7 38 310
28 60 41 51 -7 14 0 0.00 0.0 0 19.3 32 310 M M 3 43 310
29 66 42 54 -4 11 0 0.00 0.0 0 16.8 30 330 M M 1 37 320
30 70 45 58 -1 7 0 0.00 0.0 0 8.6 20 320 M M 1 28 310
================================================================================
SM 1851 1354 347 7 4.36 0.0 337.5 M 197
================================================================================
AV 61.7 45.1 11.2 FASTST M M 7 MAX(MPH)
MISC ----> 44 270 53 280
================================================================================
NOTES:
# LAST OF SEVERAL OCCURRENCES
COLUMN 17 PEAK WIND IN M.P.H.
PRELIMINARY LOCAL CLIMATOLOGICAL DATA (WS FORM: F-6) , PAGE 2
STATION: NEWARK NJ
MONTH: APRIL
YEAR: 2022
LATITUDE: 40 42 N
LONGITUDE: 74 10 W
[TEMPERATURE DATA] [PRECIPITATION DATA] SYMBOLS USED IN COLUMN 16
AVERAGE MONTHLY: 53.4 TOTAL FOR MONTH: 4.36 1 = FOG OR MIST
DPTR FM NORMAL: 0.1 DPTR FM NORMAL: 0.49 2 = FOG REDUCING VISIBILITY
HIGHEST: 88 ON 14 GRTST 24HR 1.80 ON 18-19 TO 1/4 MILE OR LESS
LOWEST: 36 ON 18 3 = THUNDER
SNOW, ICE PELLETS, HAIL 4 = ICE PELLETS
TOTAL MONTH: 0.0 INCH 5 = HAIL
GRTST 24HR 0.0 6 = FREEZING RAIN OR DRIZZLE
GRTST DEPTH: 0 7 = DUSTSTORM OR SANDSTORM:
VSBY 1/2 MILE OR LESS
8 = SMOKE OR HAZE
[NO. OF DAYS WITH] [WEATHER - DAYS WITH] 9 = BLOWING SNOW
X = TORNADO
MAX 32 OR BELOW: 0 0.01 INCH OR MORE: 13
MAX 90 OR ABOVE: 0 0.10 INCH OR MORE: 8
MIN 32 OR BELOW: 0 0.50 INCH OR MORE: 4
MIN 0 OR BELOW: 0 1.00 INCH OR MORE: 1
[HDD (BASE 65) ]
TOTAL THIS MO. 347 CLEAR (SCALE 0-3) 3
DPTR FM NORMAL -16 PTCLDY (SCALE 4-7) 20
TOTAL FM JUL 1 4115 CLOUDY (SCALE 8-10) 7
DPTR FM NORMAL -448
[CDD (BASE 65) ]
TOTAL THIS MO. 7
DPTR FM NORMAL -7 [PRESSURE DATA]
TOTAL FM JAN 1 7 HIGHEST SLP M ON M
DPTR FM NORMAL -8 LOWEST SLP 29.42 ON 1
[REMARKS]
#FINAL-04-22#